000
CXUS55 KCYS 101856
CLMDGW


CLIMATE REPORT
NATIONAL WEATHER SERVICE CHEYENNE WY
1256 PM MDT TUE MAY 10 2016

...................................

...THE DOUGLAS WY AIRPORT CLIMATE SUMMARY FOR THE MONTH OF APRIL 2016...

CLIMATE NORMAL PERIOD 1981 TO 2010
CLIMATE RECORD PERIOD 1998 TO 2016

WEATHER         OBSERVED          NORMAL  DEPART  LAST YEAR`S
                 VALUE   DATE(S)  VALUE   FROM    VALUE
                                          NORMAL
.............................................................
TEMPERATURE (F)
RECORD
 HIGH              87   04/24/2012
 LOW                4   04/10/2013
HIGHEST            79   04/23        MM      MM       81
                        04/22
LOWEST             24   04/06        MM      MM       17
                        04/01
AVG. MAXIMUM     56.5              57.8    -1.3     59.4
AVG. MINIMUM     31.6              29.6     2.0     29.7
MEAN             44.0              43.7     0.3     44.5
DAYS MAX >= 90      0               0.0                0
DAYS MAX <= 32      0               0.6                0
DAYS MIN <= 32     22              18.8               18
DAYS MIN <= 0       0               0.0                0

PRECIPITATION (INCHES)
RECORD
 MAXIMUM         4.22   2011
 MINIMUM            T   2011
TOTALS           2.52              1.51    1.01     3.25
DAYS >= .01        12                MM      MM        8
DAYS >= .10         5                MM      MM        6
DAYS >= .50         1                MM      MM        3
DAYS >= 1.00        0                MM      MM        0
GREATEST
 24 HR. TOTAL    1.08   04/25 TO 04/26

DEGREE_DAYS
HEATING TOTAL     623               639     -16      606
 SINCE 7/1       6260              6957    -697     6365
COOLING TOTAL       0                 0       0        0
 SINCE 1/1          0                 0       0        1
..............................................................

WIND (MPH)
AVERAGE WIND SPEED              10.4
HIGHEST WIND SPEED/DIRECTION    48/280    DATE  04/05
HIGHEST GUST SPEED/DIRECTION    57/280    DATE  04/05

SKY COVER
POSSIBLE SUNSHINE (PERCENT)   MM
AVERAGE SKY COVER           0.50
NUMBER OF DAYS FAIR           12
NUMBER OF DAYS PC              6
NUMBER OF DAYS CLOUDY         12

AVERAGE RH (PERCENT)     66

WEATHER CONDITIONS. NUMBER OF DAYS WITH
THUNDERSTORM              0     MIXED PRECIP               0
HEAVY RAIN                0     RAIN                       4
LIGHT RAIN               11     FREEZING RAIN              0
LT FREEZING RAIN          0     HAIL                       0
HEAVY SNOW                1     SNOW                       4
LIGHT SNOW                9     SLEET                      0
FOG                      12     FOG W/VIS <= 1/4 MILE      2
HAZE                      1

-  INDICATES NEGATIVE NUMBERS.
R  INDICATES RECORD WAS SET OR TIED.
MM INDICATES DATA IS MISSING.
T  INDICATES TRACE AMOUNT.

$$
