000
CXUS55 KCYS 082117
CLMDGW


CLIMATE REPORT
NATIONAL WEATHER SERVICE CHEYENNE WY
216 PM MST MON DEC 8 2014

...................................

...THE DOUGLAS WY AIRPORT CLIMATE SUMMARY FOR THE MONTH OF NOVEMBER 2014...

CLIMATE NORMAL PERIOD 1981 TO 2010
CLIMATE RECORD PERIOD 1998 TO 2014

WEATHER         OBSERVED          NORMAL  DEPART  LAST YEAR`S
                 VALUE   DATE(S)  VALUE   FROM    VALUE
                                          NORMAL
.............................................................
TEMPERATURE (F)
RECORD
 HIGH              76   11/07/1999
 LOW              -25   11/13/2014
HIGHEST            73   11/01        MM      MM       67
LOWEST            -25R  11/13        MM      MM      -12
AVG. MAXIMUM     44.2              46.7    -2.5     49.2
AVG. MINIMUM     14.2              19.6    -5.4     19.0
MEAN             29.2              33.2    -4.0     34.1
DAYS MAX >= 90      0               0.0                0
DAYS MAX <= 32      9               4.9                3
DAYS MIN <= 32     27              27.0               30
DAYS MIN <= 0       5               1.4                2

PRECIPITATION (INCHES)
RECORD
 MAXIMUM           MM   MM
 MINIMUM           MM   MM
TOTALS           0.35              0.65   -0.30     0.22
DAYS >= .01         7                MM      MM        3
DAYS >= .10         1                MM      MM        1
DAYS >= .50         0                MM      MM        0
DAYS >= 1.00        0                MM      MM        0
GREATEST
 24 HR. TOTAL    0.13   11/14 TO 11/15

DEGREE_DAYS
HEATING TOTAL    1066               955     111      919
 SINCE 7/1       1724              1822     -98     1737
COOLING TOTAL       0                 0       0        0
 SINCE 1/1        401               486     -85      739
..............................................................

WIND (MPH)
AVERAGE WIND SPEED              10.7
HIGHEST WIND SPEED/DIRECTION    45/240    DATE  11/29
HIGHEST GUST SPEED/DIRECTION    56/250    DATE  11/22

SKY COVER
POSSIBLE SUNSHINE (PERCENT)   MM
AVERAGE SKY COVER           0.30
NUMBER OF DAYS FAIR           16
NUMBER OF DAYS PC              6
NUMBER OF DAYS CLOUDY          3

AVERAGE RH (PERCENT)     58

WEATHER CONDITIONS. NUMBER OF DAYS WITH
THUNDERSTORM              0     MIXED PRECIP               0
HEAVY RAIN                0     RAIN                       0
LIGHT RAIN                4     FREEZING RAIN              0
LT FREEZING RAIN          1     HAIL                       0
HEAVY SNOW                0     SNOW                       2
LIGHT SNOW               10     SLEET                      0
FOG                       6     FOG W/VIS <= 1/4 MILE      1
HAZE                      7

-  INDICATES NEGATIVE NUMBERS.
R  INDICATES RECORD WAS SET OR TIED.
MM INDICATES DATA IS MISSING.
T  INDICATES TRACE AMOUNT.

$$
