000
CXUS55 KCYS 022121
CLMDGW


CLIMATE REPORT
NATIONAL WEATHER SERVICE CHEYENNE WY
221 PM MST WED MAR 2 2016

...................................

...THE DOUGLAS WY AIRPORT CLIMATE SUMMARY FOR THE MONTH OF FEBRUARY 2016...

CLIMATE NORMAL PERIOD 1981 TO 2010
CLIMATE RECORD PERIOD 1998 TO 2016

WEATHER         OBSERVED          NORMAL  DEPART  LAST YEAR`S
                 VALUE   DATE(S)  VALUE   FROM    VALUE
                                          NORMAL
.............................................................
TEMPERATURE (F)
RECORD
 HIGH              99   02/10/2016
 LOW              -33   02/18/2006
HIGHEST            65   02/27        MM      MM       66
LOWEST              1   02/04        MM      MM       -4
AVG. MAXIMUM     46.5              40.1     6.4     44.0
AVG. MINIMUM     21.4              13.5     7.9     18.3
MEAN             33.9              26.8     7.1     31.1
DAYS MAX >= 90      0               0.0                0
DAYS MAX <= 32      6               6.8                9
DAYS MIN <= 32     26              27.4               25
DAYS MIN <= 0       0               3.9                1

PRECIPITATION (INCHES)
RECORD
 MAXIMUM         0.97   2014
 MINIMUM         0.11   2007
TOTALS           0.57              0.41    0.16     0.52
DAYS >= .01         4                MM      MM        7
DAYS >= .10         1                MM      MM        3
DAYS >= .50         0                MM      MM        0
DAYS >= 1.00        0                MM      MM        0
GREATEST
 24 HR. TOTAL    0.43   02/01 TO 02/02

DEGREE_DAYS
HEATING TOTAL     891              1069    -178      941
 SINCE 7/1       4811              5435    -624     5003
COOLING TOTAL       0                 0       0        0
 SINCE 1/1          0                 0       0        0
..............................................................

WIND (MPH)
AVERAGE WIND SPEED              11.5
HIGHEST WIND SPEED/DIRECTION    52/240    DATE  02/18
HIGHEST GUST SPEED/DIRECTION    67/250    DATE  02/18

SKY COVER
POSSIBLE SUNSHINE (PERCENT)   MM
AVERAGE SKY COVER           0.30
NUMBER OF DAYS FAIR           20
NUMBER OF DAYS PC              7
NUMBER OF DAYS CLOUDY          2

AVERAGE RH (PERCENT)     54

WEATHER CONDITIONS. NUMBER OF DAYS WITH
THUNDERSTORM              0     MIXED PRECIP               0
HEAVY RAIN                0     RAIN                       0
LIGHT RAIN                3     FREEZING RAIN              0
LT FREEZING RAIN          0     HAIL                       0
HEAVY SNOW                0     SNOW                       2
LIGHT SNOW                8     SLEET                      0
FOG                       9     FOG W/VIS <= 1/4 MILE      1
HAZE                      2

-  INDICATES NEGATIVE NUMBERS.
R  INDICATES RECORD WAS SET OR TIED.
MM INDICATES DATA IS MISSING.
T  INDICATES TRACE AMOUNT.

$$
