000
CXUS54 KAMA 011738
CLMDHT


CLIMATE REPORT
NATIONAL WEATHER SERVICE AMARILLO TX
1238 PM CDT SAT APR 1 2017

...................................

...THE DALHART CLIMATE SUMMARY FOR THE MONTH OF MARCH 2017...

CLIMATE NORMAL PERIOD 1981 TO 2010
CLIMATE RECORD PERIOD 1948 TO 2017

WEATHER         OBSERVED          NORMAL  DEPART  LAST YEAR`S
                 VALUE   DATE(S)  VALUE   FROM    VALUE  DATE(S)
                                          NORMAL
................................................................
TEMPERATURE (F)
RECORD
 HIGH              92   03/19/2017
 LOW                0   03/03/1960
HIGHEST            92R  03/19                         85  03/22
LOWEST             16   03/01                         15  03/20
AVG. MAXIMUM     70.0              61.2     8.8     68.0
AVG. MINIMUM     33.2              29.4     3.8     31.2
MEAN             51.6              45.3     6.3     49.6
DAYS MAX >= 90      1               0.0     1.0        0
DAYS MAX <= 32      0               0.6    -0.6        0
DAYS MIN <= 32     13              19.1    -6.1       20
DAYS MIN <= 0       0               0.0     0.0        0

PRECIPITATION (INCHES)
TOTALS           1.42              1.17    0.25     0.30
DAILY AVG.       0.05              0.04    0.01     0.01
DAYS >= .01         5               4.9     0.1        1
DAYS >= .10         4               2.5     1.5        1
DAYS >= .50         1               0.6     0.4        0
DAYS >= 1.00        0               0.3    -0.3        0
GREATEST
 24 HR. TOTAL    0.91   03/28 TO 03/28

SNOWFALL (INCHES)
TOTALS            0.0               4.2    -4.2      6.0
SINCE 7/1         1.3              17.7   -16.4     12.7
DAYS >= TRACE       0               2.4    -2.4
DAYS >= 1.0         0               1.4    -1.4        1
GREATEST
 SNOW DEPTH         0   MM
 24 HR TOTAL      0.0   03/31 TO 03/31

DEGREE_DAYS
HEATING TOTAL     415               611    -196      471
 SINCE 7/1       3232              4254   -1022     3416
COOLING TOTAL       6                 0       6        0
 SINCE 1/1          6                 0       6        0
.................................................................

WIND (MPH)
AVERAGE WIND SPEED              13.3
HIGHEST WIND SPEED/DIRECTION    51/330    DATE  03/24
HIGHEST GUST SPEED/DIRECTION    64/330    DATE  03/24

SKY COVER
POSSIBLE SUNSHINE (PERCENT)   MM
NUMBER OF DAYS FAIR           25
NUMBER OF DAYS PC              5
NUMBER OF DAYS CLOUDY          1

AVERAGE RH (PERCENT)     52

WEATHER CONDITIONS. NUMBER OF DAYS WITH
THUNDERSTORM              0     MIXED PRECIP               0
HEAVY RAIN                2     RAIN                       2
LIGHT RAIN                5     FREEZING RAIN              0
LT FREEZING RAIN          0     HEAVY SNOW                 0
SNOW                      0     LIGHT SNOW                 0
SLEET                     0     FOG                        6
FOG W/VIS <= 1/4 MILE     1     HAZE                      14

-  INDICATES NEGATIVE NUMBERS.
R  INDICATES RECORD WAS SET OR TIED.
MM INDICATES DATA IS MISSING.
T  INDICATES TRACE AMOUNT.

$$
