702
CXUS54 KAMA 011635
CLMDHT


CLIMATE REPORT
NATIONAL WEATHER SERVICE AMARILLO TX
1134 AM CDT THU SEP 1 2016

...................................

...THE DALHART CLIMATE SUMMARY FOR THE MONTH OF AUGUST 2016...

CLIMATE NORMAL PERIOD 1981 TO 2010
CLIMATE RECORD PERIOD 1948 TO 2016

WEATHER         OBSERVED          NORMAL  DEPART  LAST YEAR`S
                 VALUE   DATE(S)  VALUE   FROM    VALUE  DATE(S)
                                          NORMAL
................................................................
TEMPERATURE (F)
RECORD
 HIGH             106   08/11/2012
                        08/20/2007
 LOW               43   08/29/1988
HIGHEST           100   08/04                        103  08/06
                        08/01
LOWEST             51   08/15                         52  08/30
                                                          08/20
AVG. MAXIMUM     89.5              89.2     0.3     91.2
AVG. MINIMUM     62.3              61.3     1.0     63.3
MEAN             75.9              75.3     0.6     77.2
DAYS MAX >= 90     16              15.6     0.4       22
DAYS MAX <= 32      0               0.0     0.0        0
DAYS MIN <= 32      0               0.0     0.0        0
DAYS MIN <= 0       0               0.0     0.0        0

PRECIPITATION (INCHES)
TOTALS           2.89              2.85    0.04     1.72
DAILY AVG.       0.09              0.09    0.00     0.06
DAYS >= .01        12               8.3     3.7        6
DAYS >= .10         6               5.1     0.9        3
DAYS >= .50         2               1.7     0.3        1
DAYS >= 1.00        0               0.8    -0.8        0
GREATEST
 24 HR. TOTAL    0.74   08/08 TO 08/08

SNOWFALL (INCHES)
TOTALS            0.0               0.0     0.0      0.0
SINCE 7/1         0.0               0.0     0.0      0.0
DAYS >= TRACE       0               0.0     0.0
DAYS >= 1.0         0               0.0     0.0        0
GREATEST
 SNOW DEPTH         0   MM
 24 HR TOTAL      0.0   08/31 TO 08/31

DEGREE_DAYS
HEATING TOTAL       0                 2      -2        0
 SINCE 7/1          0                 3      -3        0
COOLING TOTAL     347               319      28      388
 SINCE 1/1       1275               996     279     1209
.................................................................

WIND (MPH)
AVERAGE WIND SPEED              10.1
HIGHEST WIND SPEED/DIRECTION    44/190    DATE  08/02
HIGHEST GUST SPEED/DIRECTION    61/180    DATE  08/02

SKY COVER
POSSIBLE SUNSHINE (PERCENT)   MM
NUMBER OF DAYS FAIR           27
NUMBER OF DAYS PC              4
NUMBER OF DAYS CLOUDY          0

AVERAGE RH (PERCENT)     58

WEATHER CONDITIONS. NUMBER OF DAYS WITH
THUNDERSTORM             15      MIXED PRECIP               0
HEAVY RAIN                5     RAIN                       6
LIGHT RAIN               16     FREEZING RAIN              0
LT FREEZING RAIN          0     HEAVY SNOW                 0
SNOW                      0     LIGHT SNOW                 0
SLEET                     0     FOG                        9
FOG W/VIS <= 1/4 MILE     1     HAZE                      12

-  INDICATES NEGATIVE NUMBERS.
R  INDICATES RECORD WAS SET OR TIED.
MM INDICATES DATA IS MISSING.
T  INDICATES TRACE AMOUNT.

$$
