000
CXUS54 KAMA 011741
CLMDHT


CLIMATE REPORT
NATIONAL WEATHER SERVICE AMARILLO TX
1241 PM CDT MON MAY 1 2017

...................................

...THE DALHART CLIMATE SUMMARY FOR THE MONTH OF APRIL 2017...

CLIMATE NORMAL PERIOD 1981 TO 2010
CLIMATE RECORD PERIOD 1948 TO 2017

WEATHER         OBSERVED          NORMAL  DEPART  LAST YEAR`S
                 VALUE   DATE(S)  VALUE   FROM    VALUE  DATE(S)
                                          NORMAL
................................................................
TEMPERATURE (F)
RECORD
 HIGH              96   04/30/2013
                        04/25/2012
                        54/01/2206
 LOW               16   04/04/1979
HIGHEST            88   04/24                         87  04/05
                        04/19
                        04/18
LOWEST             31   04/23                         27  04/03
                                                          04/02
AVG. MAXIMUM     70.2              69.5     0.7     70.8
AVG. MINIMUM     42.3              37.7     4.6     39.4
MEAN             56.2              53.6     2.6     55.1
DAYS MAX >= 90      0               0.3    -0.3        0
DAYS MAX <= 32      0               0.1    -0.1        0
DAYS MIN <= 32      2               6.8    -4.8        5
DAYS MIN <= 0       0               0.0     0.0        0

PRECIPITATION (INCHES)
TOTALS           4.19              1.08    3.11     4.18
DAILY AVG.       0.14              0.04    0.10     0.14
DAYS >= .01         9               5.1     3.9        8
DAYS >= .10         9               2.5     6.5        5
DAYS >= .50         4               0.7     3.3        3
DAYS >= 1.00        1               0.2     0.8        1
GREATEST
 24 HR. TOTAL    1.25   04/30 TO 04/30

SNOWFALL (INCHES)
TOTALS           10.0               1.2     8.8      0.0
SINCE 7/1        11.3              18.9    -7.6      2.5
DAYS >= TRACE       4               1.0     3.0
DAYS >= 1.0         2               0.6     1.4        0
GREATEST
 SNOW DEPTH         5   04/30
 24 HR TOTAL      9.0   04/30 TO 04/30

DEGREE_DAYS
HEATING TOTAL     284               348     -64      290
 SINCE 7/1       3516              4602   -1086     3706
COOLING TOTAL      29                 6      23        2
 SINCE 1/1         35                 6      29        2
.................................................................

WIND (MPH)
AVERAGE WIND SPEED              13.7
HIGHEST WIND SPEED/DIRECTION    41/160    DATE  04/14
HIGHEST GUST SPEED/DIRECTION    54/240    DATE  04/27

SKY COVER
POSSIBLE SUNSHINE (PERCENT)   MM
NUMBER OF DAYS FAIR           18
NUMBER OF DAYS PC              9
NUMBER OF DAYS CLOUDY          3

AVERAGE RH (PERCENT)     60

WEATHER CONDITIONS. NUMBER OF DAYS WITH
THUNDERSTORM              0     MIXED PRECIP               0
HEAVY RAIN                6     RAIN                       8
LIGHT RAIN                9     FREEZING RAIN              0
LT FREEZING RAIN          0     HEAVY SNOW                 1
SNOW                      3     LIGHT SNOW                 4
SLEET                     0     FOG                       15
FOG W/VIS <= 1/4 MILE     4     HAZE                       5

-  INDICATES NEGATIVE NUMBERS.
R  INDICATES RECORD WAS SET OR TIED.
MM INDICATES DATA IS MISSING.
T  INDICATES TRACE AMOUNT.

$$
