000
CXUS54 KAMA 021650
CLMDHT


CLIMATE REPORT
NATIONAL WEATHER SERVICE AMARILLO TX
1149 AM CDT TUE JUN 2 2015

...................................

...THE DALHART CLIMATE SUMMARY FOR THE MONTH OF MAY 2015...

CLIMATE NORMAL PERIOD 1981 TO 2010
CLIMATE RECORD PERIOD 1894 TO 2015

WEATHER         OBSERVED          NORMAL  DEPART  LAST YEAR`S
                 VALUE   DATE(S)  VALUE   FROM    VALUE  DATE(S)
                                          NORMAL
................................................................
TEMPERATURE (F)
RECORD
 HIGH             102   05/29/2011
                        05/26/2006
                        05/15/1996
 LOW               25   05/03/2013
HIGHEST            86   05/03                         96  05/19
                                                          05/04
LOWEST             38   05/12                         32  05/02
                        05/11
AVG. MAXIMUM     74.0              78.4    -4.4     82.0
AVG. MINIMUM     48.5              48.4     0.1     48.2
MEAN             61.3              63.4    -2.1     65.1
DAYS MAX >= 90      0               3.5    -3.5        9
DAYS MAX <= 32      0               0.0     0.0        0
DAYS MIN <= 32      0               0.3    -0.3        1
DAYS MIN <= 0       0               0.0     0.0        0

PRECIPITATION (INCHES)
TOTALS           2.02              2.24   -0.22     1.55
DAILY AVG.       0.07              0.07    0.00     0.05
DAYS >= .01        12               6.4     5.6        8
DAYS >= .10         7               3.9     3.1        5
DAYS >= .50         1               1.4    -0.4        1
DAYS >= 1.00        0               0.7    -0.7        0
GREATEST
 24 HR. TOTAL    0.53   05/19 TO 05/19

SNOWFALL (INCHES)
TOTALS            0.0                 T     0.0      0.0
SINCE 7/1        34.1              18.9    15.2     17.4
DAYS >= TRACE       0               0.1    -0.1
DAYS >= 1.0         0               0.0     0.0        0
GREATEST
 SNOW DEPTH         0   MM
 24 HR TOTAL      0.0   05/30 TO 05/30

DEGREE_DAYS
HEATING TOTAL     131               115      16       92
 SINCE 7/1       4158              4717    -559     4593
COOLING TOTAL      21                66     -45      104
 SINCE 1/1         22                72     -50      120
.................................................................

WIND (MPH)
AVERAGE WIND SPEED              12.4
HIGHEST WIND SPEED/DIRECTION    41/220    DATE  05/16
HIGHEST GUST SPEED/DIRECTION    54/220    DATE  05/16

SKY COVER
POSSIBLE SUNSHINE (PERCENT)   MM
NUMBER OF DAYS FAIR           19
NUMBER OF DAYS PC              8
NUMBER OF DAYS CLOUDY          4

AVERAGE RH (PERCENT)     64

WEATHER CONDITIONS. NUMBER OF DAYS WITH
THUNDERSTORM             13     MIXED PRECIP               0
HEAVY RAIN                5     RAIN                       9
LIGHT RAIN               16     FREEZING RAIN              0
LT FREEZING RAIN          0     HEAVY SNOW                 0
SNOW                      0     LIGHT SNOW                 0
SLEET                     0     FOG                       14
FOG W/VIS <= 1/4 MILE     2     HAZE                       2

-  INDICATES NEGATIVE NUMBERS.
R  INDICATES RECORD WAS SET OR TIED.
MM INDICATES DATA IS MISSING.
T  INDICATES TRACE AMOUNT.

$$
