000
CXUS54 KAMA 021211
CLMDHT


CLIMATE REPORT
NATIONAL WEATHER SERVICE AMARILLO TX
710 AM CDT SAT JUL 2 2016

...................................

...THE DALHART CLIMATE SUMMARY FOR THE MONTH OF JUNE 2016...

CLIMATE NORMAL PERIOD 1981 TO 2010
CLIMATE RECORD PERIOD 1948 TO 2016

WEATHER         OBSERVED          NORMAL  DEPART  LAST YEAR`S
                 VALUE   DATE(S)  VALUE   FROM    VALUE  DATE(S)
                                          NORMAL
................................................................
TEMPERATURE (F)
RECORD
 HIGH             110   06/26/2011
 LOW               40   06/10/1955
HIGHEST           101   06/22                        100  06/22
                        06/17
LOWEST             49   06/17                         55  06/02
AVG. MAXIMUM     92.4              87.4     5.0     90.6
AVG. MINIMUM     60.5              57.8     2.7     61.1
MEAN             76.4              72.6     3.8     75.8
DAYS MAX >= 90     21              12.3     8.7       18
DAYS MAX <= 32      0               0.0     0.0        0
DAYS MIN <= 32      0               0.0     0.0        0
DAYS MIN <= 0       0               0.0     0.0        0

PRECIPITATION (INCHES)
TOTALS           2.01              2.30   -0.29     0.85
DAILY AVG.       0.07              0.08   -0.01     0.03
DAYS >= .01        10               8.0     2.0        6
DAYS >= .10         6               4.7     1.3        2
DAYS >= .50         1               1.4    -0.4        0
DAYS >= 1.00        0               0.4    -0.4        0
GREATEST
 24 HR. TOTAL    0.83   06/06 TO 06/07

SNOWFALL (INCHES)
TOTALS            0.0               0.0     0.0      0.0
SINCE 7/1        12.7              18.9    -6.2     34.1
DAYS >= TRACE       0               0.0     0.0
DAYS >= 1.0         0               0.0     0.0        0
GREATEST
 SNOW DEPTH         0   MM
 24 HR TOTAL      0.0   06/30 TO 06/30

DEGREE_DAYS
HEATING TOTAL       0                12     -12        0
 SINCE 7/1       3851              4729    -878     4158
COOLING TOTAL     350               240     110      333
 SINCE 1/1        396               312      84      355
.................................................................

WIND (MPH)
AVERAGE WIND SPEED              10.7
HIGHEST WIND SPEED/DIRECTION    48/300    DATE  06/22
HIGHEST GUST SPEED/DIRECTION    58/300    DATE  06/22

SKY COVER
POSSIBLE SUNSHINE (PERCENT)   MM
NUMBER OF DAYS FAIR           26
NUMBER OF DAYS PC              4
NUMBER OF DAYS CLOUDY          0

AVERAGE RH (PERCENT)     55

WEATHER CONDITIONS. NUMBER OF DAYS WITH
THUNDERSTORM              7     MIXED PRECIP               0
HEAVY RAIN                5     RAIN                       2
LIGHT RAIN               16     FREEZING RAIN              0
LT FREEZING RAIN          0     HEAVY SNOW                 0
SNOW                      0     LIGHT SNOW                 0
SLEET                     0     FOG                       14
FOG W/VIS <= 1/4 MILE     3     HAZE                      12

-  INDICATES NEGATIVE NUMBERS.
R  INDICATES RECORD WAS SET OR TIED.
MM INDICATES DATA IS MISSING.
T  INDICATES TRACE AMOUNT.

$$
