000
CXUS54 KAMA 161002
CLMDHT


CLIMATE REPORT
NATIONAL WEATHER SERVICE AMARILLO TX
456 AM CDT MON MAY 16 2016

...................................

...THE DALHART CLIMATE SUMMARY FOR THE MONTH OF NOVEMBER 2015...

CLIMATE NORMAL PERIOD 1981 TO 2010
CLIMATE RECORD PERIOD 1948 TO 2016

WEATHER         OBSERVED          NORMAL  DEPART  LAST YEAR`S
                 VALUE   DATE(S)  VALUE   FROM    VALUE  DATE(S)
                                          NORMAL
................................................................
TEMPERATURE (F)
RECORD
 HIGH              89   11/08/1980
 LOW               -5   11/28/1976
HIGHEST            82   11/03                         84  11/10
                        11/02
LOWEST             18   11/22                          5  11/17
AVG. MAXIMUM     62.1              59.6     2.5     59.1
AVG. MINIMUM     30.1              28.1     2.0     26.3
MEAN             46.1              43.9     2.2     42.7
DAYS MAX >= 90      0               0.0     0.0        0
DAYS MAX <= 32      2               0.5     1.5        3
DAYS MIN <= 32     20              20.6    -0.6       22
DAYS MIN <= 0       0               0.0     0.0        0

PRECIPITATION (INCHES)
TOTALS           1.02              0.58    0.44     0.15
DAILY AVG.       0.03              0.02    0.01     0.01
DAYS >= .01         6               3.3     2.7        3
DAYS >= .10         2               1.3     0.7        0
DAYS >= .50         1               0.4     0.6        0
DAYS >= 1.00        0               0.1    -0.1        0
GREATEST
 24 HR. TOTAL    0.66   11/26 TO 11/27

SNOWFALL (INCHES)
TOTALS            0.5               1.3    -0.8      1.5
SINCE 7/1         0.5               1.9    -1.4      1.5
DAYS >= TRACE       3               1.1     1.9
DAYS >= 1.0         0               0.4    -0.4        1
GREATEST
 SNOW DEPTH         1   11/28
 24 HR TOTAL      0.5   11/27

DEGREE_DAYS
HEATING TOTAL     558               635     -77      661
 SINCE 7/1        710               995    -285      853
COOLING TOTAL       0                 0       0        0
 SINCE 1/1       1538              1138     400     1411
.................................................................

WIND (MPH)
AVERAGE WIND SPEED              12.0
HIGHEST WIND SPEED/DIRECTION    54/190    DATE  11/16
HIGHEST GUST SPEED/DIRECTION    68/200    DATE  11/16

SKY COVER
POSSIBLE SUNSHINE (PERCENT)   MM
NUMBER OF DAYS FAIR           24
NUMBER OF DAYS PC              2
NUMBER OF DAYS CLOUDY          4

AVERAGE RH (PERCENT)     57

WEATHER CONDITIONS. NUMBER OF DAYS WITH
THUNDERSTORM              1     MIXED PRECIP               0
HEAVY RAIN                1     RAIN                       5
LIGHT RAIN                4     FREEZING RAIN              1
LT FREEZING RAIN          1     HEAVY SNOW                 0
SNOW                      1     LIGHT SNOW                 2
SLEET                     2     FOG                        9
FOG W/VIS <= 1/4 MILE     2     HAZE                       2

-  INDICATES NEGATIVE NUMBERS.
R  INDICATES RECORD WAS SET OR TIED.
MM INDICATES DATA IS MISSING.
T  INDICATES TRACE AMOUNT.

$$

NF
