486
CXUS53 KDLH 021346
CLMDLH


CLIMATE REPORT
NATIONAL WEATHER SERVICE DULUTH MN
845 AM CDT SAT JUL 2 2016

...................................

...THE DULUTH MN CLIMATE SUMMARY FOR THE MONTH OF JUNE 2016...

CLIMATE NORMAL PERIOD 1981 TO 2010
CLIMATE RECORD PERIOD 1870 TO 2016

WEATHER         OBSERVED          NORMAL  DEPART  LAST YEAR`S
                 VALUE   DATE(S)  VALUE   FROM    VALUE  DATE(S)
                                          NORMAL
................................................................
TEMPERATURE (F)
RECORD
 HIGH              97   06/28/1910
 LOW               18   06/25/2015
HIGHEST            89   06/19        MM      MM       84  06/09
LOWEST             37   06/08        MM      MM       36  06/01
AVG. MAXIMUM     72.0              70.8     1.2     72.5
AVG. MINIMUM     50.9              49.3     1.6     50.3
MEAN             61.5              60.1     1.4     61.4
DAYS MAX >= 90      0               0.3    -0.3        0
DAYS MAX <= 32      0               0.0     0.0        0
DAYS MIN <= 32      0               0.2    -0.2        0
DAYS MIN <= 0       0               0.0     0.0        0

PRECIPITATION (INCHES)
RECORD
 MAXIMUM        10.89   1874
 MINIMUM         0.11   1910
TOTALS           4.46              4.23    0.23     3.64
DAILY AVG.       0.15              0.14    0.01     0.12
DAYS >= .01        13              12.6     0.4       12
DAYS >= .10        12               8.2     3.8        7
DAYS >= .50         2               3.0    -1.0        2
DAYS >= 1.00        0               0.9    -0.9        1
GREATEST
 24 HR. TOTAL    1.39                            06/22 TO 06/22

DEGREE_DAYS
HEATING TOTAL     142               179     -37      121
 SINCE 7/1       8186              9444   -1258     9103
COOLING TOTAL      43                30      13       22
 SINCE 1/1         52                34      18       26
...................................................

WIND (MPH)
AVERAGE WIND SPEED              9.8
HIGHEST WIND SPEED/DIRECTION    40/270    DATE  06/19
HIGHEST GUST SPEED/DIRECTION    51/280    DATE  06/19

SKY COVER
POSSIBLE SUNSHINE (PERCENT)   MM
AVERAGE SKY COVER           0.50
NUMBER OF DAYS FAIR           13
NUMBER OF DAYS PC             11
NUMBER OF DAYS CLOUDY          6

AVERAGE RH (PERCENT)     72

WEATHER CONDITIONS. NUMBER OF DAYS WITH
THUNDERSTORM              0     MIXED PRECIP               0
HEAVY RAIN                5     RAIN                       8
LIGHT RAIN               18     FREEZING RAIN              0
LT FREEZING RAIN          0     HAIL                       1
HEAVY SNOW                0     SNOW                       0
LIGHT SNOW                0     SLEET                      0
FOG                      17     FOG W/VIS <= 1/4 MILE      7
HAZE                      7

-  INDICATES NEGATIVE NUMBERS.
R  INDICATES RECORD WAS SET OR TIED.
MM INDICATES DATA IS MISSING.
T  INDICATES TRACE AMOUNT.

$$

.JUNE 2016 WAS WARMER WITH ABOVE NORMAL PRECIPITATION AT DULUTH MN...

THE AVERAGE TEMPERATURE FOR JUNE WAS 61.5 DEGREES WHICH WAS 1.4
DEGREES ABOVE THE NORMAL OF 60.1 DEGREES MAKING THIS THE 18TH
WARMEST JUNE IN STATION HISTORY. THE HIGHEST TEMPERATURE FOR THE
MONTH WAS 89 DEGREES ON THE 19TH. THE LOWEST TEMPERATURE WAS 37
DEGREES ON THE 8TH. NO DAILY TEMPERATURE RECORDS WERE BROKEN FOR THE
MONTH. TEN DAYS HAD AVERAGE TEMPERATURES BELOW NORMAL.

JUNE 2016 WAS BELOW NORMAL FOR PRECIPITATION WITH A TOTAL OF 4.46
INCHES OF PRECIPITATION RECORDED FOR THE MONTH. THIS WAS 0.23 INCHES
ABOVE THE NORMAL OF 4.23 INCHES. THE GREATEST AMOUNT OF
PRECIPITATION IN A 24 HOUR PERIOD OCCURRED ON THE 14TH TO 15TH WHEN
1.39 INCHES WAS RECORDED. AT LEAST A TRACE OF PRECIPITATION WAS
RECORDED ON 20 DAYS. AT LEAST 0.01 INCHES OF PRECIPITATION FELL ON
12 DAYS. AT LEAST 0.10 INCHES FELL ON 12 DAYS. AT LEAST 0.50 INCHES
FELL ON 2 DAYS. NO DAILY PRECIPITATION RECORDS WERE BROKEN FOR THE
MONTH.

THE AVERAGE WIND SPEED FOR THE MONTH WAS 9.8 MPH. THE WINDIEST DAY
OF THE MONTH WAS ON THE 26TH WITH AN AVERAGE WIND OF 16.1 MPH. THE
HIGHEST SUSTAINED WIND OCCURRED ON THE 19TH WITH A WIND FROM THE
WEST AT 40 MPH. A PEAK WIND GUST OF 51 MPH WAS RECORDED ON THE 19TH.
THERE WERE 142 HEATING DEGREE DAYS FOR THE MONTH WHICH WAS 37 BELOW
THE NORMAL OF 179. THIS BROUGHT THE SEASONAL TOTAL TO 8186 WHICH WAS
1258 BELOW THE NORMAL OF 9444. THERE WERE 43 COOLING DEGREE DAYS FOR
THE MONTH WHICH WAS 13 ABOVE THE NORMAL  OF 30. THE SEASONAL TOTAL
COOLING DEGREE DAYS STANDS AT 52 WHICH WAS 18 ABOVE THE NORMAL OF
34. THE HIGHEST SEA LEVEL PRESSURE FOR THE MONTH WAS 30.31 INCHES
REACHED ON THE 12TH AND THE LOWEST SEA LEVEL PRESSURE READING WAS
29.60 INCHES REACHED ON THE 5TH.

THE OUTLOOK FOR JULY...NORMAL HIGHS ARE IN THE MID 70S. NORMAL LOWS
FOR THE MONTH ARE IN THE MID 50S. NORMAL PRECIPITATION FOR JULY IS
3.85 INCHES. THE LATEST CPC OUTLOOK INDICATES THAT THERE IS A CHANCE
OF ABOVE NORMAL TEMPERATURES FOR JULY...WITH NO CLEAR INDICATION FOR
ABOVE OR BELOW NORMAL PRECIPITATION.

$$
