000
CXUS53 KDLH 010644
CLMDLH


CLIMATE REPORT
NATIONAL WEATHER SERVICE DULUTH MN
1238 AM CST WED FEB 1 2017

...................................

...THE DULUTH MN CLIMATE SUMMARY FOR THE MONTH OF JANUARY 2017...

CLIMATE NORMAL PERIOD 1981 TO 2010
CLIMATE RECORD PERIOD 1870 TO 2017

WEATHER         OBSERVED          NORMAL  DEPART  LAST YEAR`S
                 VALUE   DATE(S)  VALUE   FROM    VALUE  DATE(S)
                                          NORMAL
................................................................
TEMPERATURE (F)
RECORD
 HIGH              55   01/23/1942
                        01/22/1942
 LOW              -41   01/02/1885
HIGHEST            45   01/19        MM      MM       41  01/30
LOWEST            -22   01/13        MM      MM      -21  01/17
                                                          01/11
AVG. MAXIMUM     23.3              18.9     4.4     20.7
AVG. MINIMUM      8.8               1.5     7.3      4.9
MEAN             16.0              10.2     5.8     12.8
DAYS MAX >= 90      0               0.0     0.0        0
DAYS MAX <= 32     23              27.2    -4.2       27
DAYS MIN <= 32     28              30.9    -2.9       31
DAYS MIN <= 0      10              14.2    -4.2       11

PRECIPITATION (INCHES)
RECORD
 MAXIMUM         4.70   1969
 MINIMUM         0.13   2008
TOTALS           1.16              0.96    0.20     1.05
DAILY AVG.       0.04              0.03    0.01     0.03
DAYS >= .01        13              10.3     2.7       12
DAYS >= .10         5               2.4     2.6        4
DAYS >= .50         0               0.4    -0.4        0
DAYS >= 1.00        0               0.0     0.0        0
GREATEST
 24 HR. TOTAL    0.33                            01/30 TO 01/31

SNOWFALL (INCHES)
RECORDS
 TOTAL           46.8   1969

TOTALS           15.5              19.4    -3.9     13.0
SINCE 7/1        44.9              53.2    -8.3     42.0
SNOWDEPTH AVG.     10                13      -3       10
DAYS >= 1.0         5               4.5     0.5        5
GREATEST
 SNOW DEPTH        13   01/13                         13  01/30
                        01/12                             01/27
                        01/11                             01/26
 24 HR TOTAL      4.5   01/30 TO 01/31

DEGREE_DAYS
HEATING TOTAL    1511              1699    -188     1611
 SINCE 7/1       4505              5468    -963     4461
COOLING TOTAL       0                 0       0        0
 SINCE 1/1          0                 0       0        0
.......................................................

WIND (MPH)
AVERAGE WIND SPEED              10.3
HIGHEST WIND SPEED/DIRECTION    35/270    DATE  01/12
HIGHEST GUST SPEED/DIRECTION    44/280    DATE  01/12

SKY COVER
POSSIBLE SUNSHINE (PERCENT)   MM
AVERAGE SKY COVER           0.60
NUMBER OF DAYS FAIR            9
NUMBER OF DAYS PC              7
NUMBER OF DAYS CLOUDY         15

AVERAGE RH (PERCENT)     78

WEATHER CONDITIONS. NUMBER OF DAYS WITH
THUNDERSTORM              0     MIXED PRECIP               0
HEAVY RAIN                0     RAIN                       1
LIGHT RAIN                4     FREEZING RAIN              0
LT FREEZING RAIN          2     HAIL                       0
HEAVY SNOW                1     SNOW                       3
LIGHT SNOW               18     SLEET                      0
FOG                      20     FOG W/VIS <= 1/4 MILE      7
HAZE                     10

-  INDICATES NEGATIVE NUMBERS.
R  INDICATES RECORD WAS SET OR TIED.
MM INDICATES DATA IS MISSING.
T  INDICATES TRACE AMOUNT.

$$

.JANUARY 2017 WAS WARMER AND WETTER THAN NORMAL AT DULUTH MN...

THE AVERAGE TEMPERATURE FOR JANUARY WAS 16.0 DEGREES WHICH WAS 5.8
DEGREES ABOVE THE NORMAL OF 10.2 DEGREES. THE HIGHEST TEMPERATURE
FOR THE MONTH WAS 45 DEGREES ON THE 19TH. THE LOWEST TEMPERATURE WAS
-22 DEGREES ON THE 13TH. FIVE DAILY TEMPERATURE RECORDS WERE BROKEN
FOR THE MONTH AND ONE WAS TIED. A RECORD HIGH OF 45 DEGREES WAS SET
ON JANUARY 19TH BREAKING THE PREVIOUS RECORD OF 44 DEGREES SET IN
1900. ALSO ON THE 19TH...THE RECORD WARMEST MINIMUM TEMPERATURE WAS
SET WITH A READING OF 31 DEGREES BREAKING THE PREVIOUS RECORD OF 28
DEGREES SET IN 1988. A RECORD WARMEST MINIMUM TEMPERATURE OF 33
DEGREES WAS SET ON THE 20TH BREAKING THE PREVIOUS RECORD OF 31
DEGREES SET IN 1891 AND 1919. A RECORD WARMEST MINIMUM TEMPERATURE
OF 34 DEGREES WAS SET ON THE 21ST BREAKING THE PREVIOUS RECORD OF 32
DEGREES SET IN 1919. A RECORD WARMEST MINIMUM TEMPERATURE OF 34
DEGREES WAS SET ON THE 22ND BREAKING THE PREVIOUS RECORD OF 33
DEGREES SET IN 1900. ON THE 23RD THE WARMEST MINIMUM TEMPERATURE OF
32 DEGREES WAS TIED...WHICH WAS SET IN 1909. EIGHT DAYS HAD AVERAGE
TEMPERATURES BELOW NORMAL.

JANUARY 2017 WAS ABOVE NORMAL FOR PRECIPITATION WITH A TOTAL OF 1.16
INCHES OF PRECIPITATION RECORDED FOR THE MONTH. THIS WAS 0.20 INCHES
ABOVE THE NORMAL OF 0.96 INCHES. THE GREATEST AMOUNT OF
PRECIPITATION IN A 24 HOUR PERIOD OCCURRED FROM THE 30TH THROUGH THE
31ST WHEN 0.33 INCHES WAS RECORDED. AT LEAST A TRACE OF PRECIPITATION
WAS RECORDED ON 20 DAYS. AT LEAST 0.01 INCHES OF PRECIPITATION FELL
ON 13 DAYS. AT LEAST 0.10 INCHES FELL ON 5 DAYS. THERE WAS 15.5
INCHES OF SNOW FOR THE MONTH WHICH IS 3.9 INCHES BELOW THE NORMAL OF
19.4 INCHES. THE GREATEST AMOUNT OF SNOWFALL IN A 24 HOUR PERIOD
OCCURRED ON THE 30TH THROUGH THE 31ST WHERE 4.5 INCHES OF SNOW WAS
RECORDED. NO DAILY PRECIPITATION RECORDS WERE BROKEN FOR THE MONTH.

THE AVERAGE WIND SPEED FOR THE MONTH WAS 10.3 MPH. THE WINDIEST DAY
OF THE MONTH WAS ON THE 3RD WITH AN AVERAGE WIND OF 16.9 MPH. THE
HIGHEST SUSTAINED WIND OCCURRED ON THE 12TH WITH A WIND FROM THE
WEST AT 35 MPH. A PEAK WIND GUST OF 44 MPH FROM THE WEST WAS ALSO
RECORDED ON THE 12TH. THERE WERE 1511 HEATING DEGREE DAYS FOR THE
MONTH WHICH WAS 188 BELOW THE NORMAL OF 1699. THIS BROUGHT THE
SEASONAL TOTAL TO 4505 WHICH WAS 963 BELOW THE NORMAL OF 5468.
THERE WERE 0 COOLING DEGREE DAYS FOR THE MONTH WHICH WAS NORMAL. THE
SEASONAL TOTAL COOLING DEGREE DAYS STANDS AT 0 WHICH WAS NORMAL. THE
HIGHEST SEA LEVEL PRESSURE FOR THE MONTH WAS 30.89 INCHES REACHED ON
THE 13TH AND THE LOWEST SEA LEVEL PRESSURE READING WAS 29.28 INCHES
REACHED ON THE 10TH.

THE OUTLOOK FOR FEBRUARY...NORMAL HIGHS START IN THE LOW 20S AND
WARM TO THE UPPER 20S AT THE END OF THE MONTH. NORMAL LOWS FOR THE
MONTH START IN THE SINGLE DIGITS ABOVE ZERO AND WARM TO THE LOW TEENS
AT THE END OF THE MONTH. NORMAL PRECIPITATION FOR FEBRUARY IS 0.81
INCHES.  NORMAL SNOWFALL FOR FEBRUARY IS 12.4 INCHES. THE LATEST
CLIMATE PREDICTION CENTER OUTLOOK INDICATES THAT THERE IS A CHANCE
OF ABOVE NORMAL TEMPERATURES AND ABOVE NORMAL PRECIPITATION FOR
FEBRUARY.

$$
