000
CXUS53 KEAX 010750
CLMDMO

CLIMATE REPORT
NATIONAL WEATHER SERVICE KANSAS CITY/PLEASANT HILL MO
244 AM CDT SAT JUL 1 2017

...................................

...THE SEDALIA CLIMATE SUMMARY FOR THE MONTH OF JUNE 2017...

CLIMATE NORMAL PERIOD 1981 TO 2010
CLIMATE RECORD PERIOD 9999 TO 9999

WEATHER         OBSERVED          NORMAL  DEPART  LAST YEAR`S
                 VALUE   DATE(S)  VALUE   FROM    VALUE  DATE(S)
                                          NORMAL
................................................................
TEMPERATURE (F)
HIGHEST            93   06/12        92       1       99  06/15
                        06/05
LOWEST             53   06/26        49       4       58  06/08
AVG. MAXIMUM     86.0              84.8     1.2     89.4
AVG. MINIMUM     64.4              65.1    -0.7     67.9
MEAN             75.2              74.9     0.3     78.7
DAYS MAX >= 90      8               4.9     3.1       20
DAYS MAX <= 32      0               0.0     0.0        0
DAYS MIN <= 32      0               0.0     0.0        0
DAYS MIN <= 0       0               0.0     0.0        0

PRECIPITATION (INCHES)
TOTALS           4.52              5.09   -0.57     4.18
DAILY AVG.       0.15              0.17   -0.02     0.14
DAYS >= .01         8              10.3    -2.3        7
DAYS >= .10         6               7.2    -1.2        5
DAYS >= .50         3               3.6    -0.6        1
DAYS >= 1.00        1               1.7    -0.7        1
GREATEST
 24 HR. TOTAL    1.89   06/30 TO 06/30

DEGREE_DAYS
HEATING TOTAL       0                 6      -6        0
 SINCE 7/1       3604              4571    -967     3680
COOLING TOTAL     313               304       9      418
 SINCE 1/1        476               443      33      540
.................................................................

WIND (MPH)
AVERAGE WIND SPEED              8.9
HIGHEST WIND SPEED/DIRECTION    37/340    DATE  06/17
HIGHEST GUST SPEED/DIRECTION    49/330    DATE  06/17

SKY COVER
POSSIBLE SUNSHINE (PERCENT)   MM
AVERAGE SKY COVER           0.20
NUMBER OF DAYS FAIR           25
NUMBER OF DAYS PC              5
NUMBER OF DAYS CLOUDY          0

AVERAGE RH (PERCENT)     72

WEATHER CONDITIONS. NUMBER OF DAYS WITH
THUNDERSTORM              7     MIXED PRECIP               0
HEAVY RAIN                5     RAIN                       6
LIGHT RAIN               11     FREEZING RAIN              0
LT FREEZING RAIN          0     HAIL                       0
HEAVY SNOW                0     SNOW                       0
LIGHT SNOW                0     SLEET                      0
FOG                       9     FOG W/VIS <= 1/4 MILE      0
HAZE                      3

-  INDICATES NEGATIVE NUMBERS.
R  INDICATES RECORD WAS SET OR TIED.
MM INDICATES DATA IS MISSING.
T  INDICATES TRACE AMOUNT.

$$
