000
CXUS53 KEAX 040342 RRA
CLMDMO

CLIMATE REPORT
NATIONAL WEATHER SERVICE KANSAS CITY/PLEASANT HILL MO
936 PM CST FRI MAR 3 2017

...................................

...THE SEDALIA CLIMATE SUMMARY FOR THE SEASON, FROM
12/1/2016 TO 2/28/2017...

CLIMATE NORMAL PERIOD 1981 TO 2010
CLIMATE RECORD PERIOD 9999 TO 9999

WEATHER         OBSERVED          NORMAL  DEPART  LAST YEAR`S
                 VALUE   DATE(S)  VALUE   FROM    VALUE  DATE(S)
                                          NORMAL
................................................................
TEMPERATURE (F)
HIGHEST            79   02/19        70       9       76  02/20
LOWEST             -4   12/19                -3        2  01/18
                        12/18                             01/17
AVG. MAXIMUM     48.6              43.1     5.5     48.0
AVG. MINIMUM     28.6              25.3     3.3     29.5
MEAN             38.6              34.2     4.4     38.7
DAYS MAX >= 90      0               0.0     0.0        0
DAYS MAX <= 32     15              21.3    -6.3       10
DAYS MIN <= 32     61              75.5   -14.5       55
DAYS MIN <= 0       2               5.0    -3.0        0

PRECIPITATION (INCHES)
TOTALS           2.20              5.92   -3.72     6.35
DAILY AVG.       0.03              0.07   -0.04     0.07
DAYS >= .01        13              20.1    -7.1       14
DAYS >= .10         6              11.1    -5.1        8
DAYS >= .50         0               3.5    -3.5        5
DAYS >= 1.00        0               1.1    -1.1        2
GREATEST
 24 HR. TOTAL    0.57   MM

DEGREE_DAYS
HEATING TOTAL    2376              2772    -396     2343
COOLING TOTAL       0                 0       0        0
.................................................................

WIND (MPH)
AVERAGE WIND SPEED              10.1
HIGHEST WIND SPEED/DIRECTION    41/230    DATE  01/10
HIGHEST GUST SPEED/DIRECTION    55/220    DATE  01/10

SKY COVER
POSSIBLE SUNSHINE (PERCENT)   MM
AVERAGE SKY COVER           0.40
NUMBER OF DAYS FAIR           48
NUMBER OF DAYS PC             21
NUMBER OF DAYS CLOUDY         21

AVERAGE RH (PERCENT)     65

WEATHER CONDITIONS. NUMBER OF DAYS WITH
THUNDERSTORM              0     MIXED PRECIP               0
HEAVY RAIN                2     RAIN                       2
LIGHT RAIN               13     FREEZING RAIN              1
LT FREEZING RAIN          3     HAIL                       0
HEAVY SNOW                0     SNOW                       1
LIGHT SNOW                8     SLEET                      0
FOG                      35     FOG W/VIS <= 1/4 MILE      9
HAZE                      9

-  INDICATES NEGATIVE NUMBERS.
R  INDICATES RECORD WAS SET OR TIED.
MM INDICATES DATA IS MISSING.
T  INDICATES TRACE AMOUNT.

$$
