749
CXUS53 KEAX 011256
CLMDMO

CLIMATE REPORT
NATIONAL WEATHER SERVICE KANSAS CITY/PLEASANT HILL MO
740 AM CDT SUN MAY 1 2016

...................................

...THE SEDALIA CLIMATE SUMMARY FOR THE MONTH OF APRIL 2016...

CLIMATE NORMAL PERIOD 1981 TO 2010
CLIMATE RECORD PERIOD 9999 TO 9999

WEATHER         OBSERVED          NORMAL  DEPART  LAST YEAR`S
                 VALUE   DATE(S)  VALUE   FROM    VALUE  DATE(S)
                                          NORMAL
................................................................
TEMPERATURE (F)
HIGHEST            80   04/24        84      -4       84  04/08
LOWEST             29   04/09        27       2       31  04/04
AVG. MAXIMUM     69.7              67.3     2.4     70.2
AVG. MINIMUM     47.2              46.1     1.1     47.9
MEAN             58.4              56.7     1.7     59.0
DAYS MAX >= 90      0               0.1    -0.1        0
DAYS MAX <= 32      0               0.0     0.0        0
DAYS MIN <= 32      3               5.0    -2.0        1
DAYS MIN <= 0       0               0.0     0.0        0

PRECIPITATION (INCHES)
TOTALS             MM              4.25      MM     3.82
DAILY AVG.         MM              0.14      MM     0.13
DAYS >= .01         9              10.6    -1.6       13
DAYS >= .10         5               6.8    -1.8        9
DAYS >= .50         1               2.5    -1.5        2
DAYS >= 1.00        0               1.1    -1.1        1
GREATEST
 24 HR. TOTAL    0.44   04/29 TO 04/30

DEGREE_DAYS
HEATING TOTAL     195               280     -85      187
 SINCE 7/1       3570              4482    -912     4575
COOLING TOTAL      20                31     -11       16
 SINCE 1/1         24                34     -10       17
.................................................................

WIND (MPH)
AVERAGE WIND SPEED              10.8
HIGHEST WIND SPEED/DIRECTION    35/280    DATE  04/07
HIGHEST GUST SPEED/DIRECTION    43/260    DATE  04/26

SKY COVER
POSSIBLE SUNSHINE (PERCENT)   MM
AVERAGE SKY COVER           0.30
NUMBER OF DAYS FAIR           19
NUMBER OF DAYS PC              7
NUMBER OF DAYS CLOUDY          3

AVERAGE RH (PERCENT)     61

WEATHER CONDITIONS. NUMBER OF DAYS WITH
THUNDERSTORM              6     MIXED PRECIP               0
HEAVY RAIN                1     RAIN                       5
LIGHT RAIN               12     FREEZING RAIN              0
LT FREEZING RAIN          0     HAIL                       0
HEAVY SNOW                0     SNOW                       0
LIGHT SNOW                0     SLEET                      0
FOG                       9     FOG W/VIS <= 1/4 MILE      0
HAZE                      2

-  INDICATES NEGATIVE NUMBERS.
R  INDICATES RECORD WAS SET OR TIED.
MM INDICATES DATA IS MISSING.
T  INDICATES TRACE AMOUNT.

$$
