000
CXUS52 KCAE 012250
CLMDNL


CLIMATE REPORT
NATIONAL WEATHER SERVICE COLUMBIA SC
545 PM EST MON DEC 1 2014

...................................

...THE AUGUSTA DANIEL FIELD GA CLIMATE SUMMARY FOR THE MONTH OF NOVEMBER 2014...

CLIMATE NORMAL PERIOD 1981 TO 2010
CLIMATE RECORD PERIOD 9999 TO 9999

WEATHER         OBSERVED          NORMAL  DEPART
                 VALUE   DATE(S)  VALUE   FROM
                                          NORMAL
................................................
TEMPERATURE (F)
RECORD
 HIGH              MM   MM
 LOW               24   11/19/2014
HIGHEST            79   11/12        MM      MM
LOWEST             24R  11/19        MM      MM
AVG. MAXIMUM     63.6              67.0    -3.4
AVG. MINIMUM     42.1              47.2    -5.1
MEAN             52.9              57.1    -4.2
DAYS MAX >= 90      0               0.0     0.0
DAYS MAX <= 32      0               0.0     0.0
DAYS MIN <= 32      4               1.0     3.0
DAYS MIN <= 0       0               0.0     0.0

PRECIPITATION (INCHES)
RECORD
 MAXIMUM           MM   MM
 MINIMUM           MM   MM
TOTALS           3.53              3.17    0.36
DAYS >= .01         7                MM      MM
DAYS >= .10         4                MM      MM
DAYS >= .50         2                MM      MM
DAYS >= 1.00        2                MM      MM
GREATEST
 24 HR. TOTAL    1.74   11/22 TO 11/23

SNOWFALL (INCHES)
DAYS >= TRACE       0

DEGREE_DAYS
HEATING TOTAL     366               256     110
 SINCE 7/1        400               334      66
COOLING TOTAL       9                19     -10
 SINCE 1/1       2634              2256     378
.................................................

WIND (MPH)
AVERAGE WIND SPEED              6.0
RESULTANT WIND SPEED/DIRECTION   2/320
HIGHEST WIND SPEED/DIRECTION    31/190    DATE  11/23
HIGHEST GUST SPEED/DIRECTION    43/210    DATE  11/23

SKY COVER
POSSIBLE SUNSHINE (PERCENT)   MM
AVERAGE SKY COVER           0.20
NUMBER OF DAYS FAIR           22
NUMBER OF DAYS PC              3
NUMBER OF DAYS CLOUDY          5

AVERAGE RH (PERCENT)     59

WEATHER CONDITIONS. NUMBER OF DAYS WITH
THUNDERSTORM              2     MIXED PRECIP               0
HEAVY RAIN                2     RAIN                       3
LIGHT RAIN                8     FREEZING RAIN              0
LT FREEZING RAIN          0     HAIL                       0
HEAVY SNOW                0     SNOW                       0
LIGHT SNOW                0     SLEET                      0
FOG                       7     FOG W/VIS <= 1/4 MILE      1
HAZE                      1

-  INDICATES NEGATIVE NUMBERS.
R  INDICATES RECORD WAS SET OR TIED.
MM INDICATES DATA IS MISSING.
T  INDICATES TRACE AMOUNT.

$$
