000
CXUS54 KEWX 011617
CLMDRT

SATCLMDRT 000
TTAA00 KEWX 011603


CLIMATE REPORT
NATIONAL WEATHER SERVICE AUSTIN/SAN ANTONIO, TX
1115 AM CDT MON SEP 1 2014

...................................

...THE DEL RIO CLIMATE SUMMARY FOR THE MONTH OF AUGUST 2014...

CLIMATE NORMAL PERIOD 1981 TO 2010
CLIMATE RECORD PERIOD 1906 TO 2014

WEATHER         OBSERVED          NORMAL  DEPART  LAST YEAR`S
                 VALUE   DATE(S)  VALUE   FROM    VALUE  DATE(S)
                                          NORMAL
................................................................
TEMPERATURE (F)
HIGHEST           103   08/22                        105  08/07
                        08/08                             08/06
                        08/07
LOWEST             72   08/03                         75  08/28
                        08/02                             08/27
                                                          08/20
AVG. MAXIMUM     99.1              97.1     2.0     99.8
AVG. MINIMUM     76.6              75.3     1.3     78.0
MEAN             87.8              86.2     1.6     88.9
DAYS MAX >= 90     30                                 30
DAYS MAX <= 32      0                                  0
DAYS MIN <= 32      0                                  0
DAYS MIN <= 0       0                                  0

PRECIPITATION (INCHES)
TOTALS           0.78              2.18   -1.40     0.74
DAILY AVG.       0.03              0.07   -0.04     0.02
DAYS >= .01         4                                  2
DAYS >= .10         1                                  2
DAYS >= .50         1                                  1
DAYS >= 1.00        0                                  0
GREATEST
 24 HR. TOTAL    0.67   08/02 TO 08/02
                        08/01 TO 08/02
                        08/02 TO 08/02

SNOWFALL (INCHES)
TOTALS            0.0               0.0     0.0      0.0
SINCE 7/1         0.0               0.0     0.0      0.0

DEGREE_DAYS
HEATING TOTAL       0                 0       0        0
 SINCE 7/1          0                 0       0        0
COOLING TOTAL     716               657      59      748
 SINCE 1/1       2889              2635     254     2940
.................................................................

WIND (MPH)
AVERAGE WIND SPEED              8.9
HIGHEST WIND SPEED/DIRECTION    37/060    DATE  08/12
HIGHEST GUST SPEED/DIRECTION    48/060    DATE  08/12

SKY COVER
POSSIBLE SUNSHINE (PERCENT)   MM
AVERAGE SKY COVER           0.10
NUMBER OF DAYS FAIR           28
NUMBER OF DAYS PC              3
NUMBER OF DAYS CLOUDY          0


WEATHER CONDITIONS. NUMBER OF DAYS WITH
THUNDERSTORM              0     MIXED PRECIP               0
HEAVY RAIN                1     RAIN                       1
LIGHT RAIN                4     FREEZING RAIN              0
LT FREEZING RAIN          0     HAIL                       0
HEAVY SNOW                0     SNOW                       0
LIGHT SNOW                0     SLEET                      0
FOG                       2     FOG W/VIS <= 1/4 MILE      0
HAZE                      3

-  INDICATES NEGATIVE NUMBERS.
R  INDICATES RECORD WAS SET OR TIED.
MM INDICATES DATA IS MISSING.
T  INDICATES TRACE AMOUNT.

&&

MONTHLY CLIMATOLOGICAL SUMMARY:
AUGUST 2014 WAS THE 11TH WARMEST AND 22ND DRIEST AUGUST SINCE RECORD
KEEPING BEGAN FOR THE DEL RIO AREA.

SEA LEVEL PRESSURE DATA:
HIGHEST SLP OF 30.05 ON THE 3RD.
LOWEST SLP OF 29.70 ON THE 29TH.

PRELIMINARY LOCAL CLIMATOLOGICAL DATA (WS FORM: F-6)

                                          STATION:   DEL RIO
                                          MONTH:     AUGUST
                                          YEAR:      2014
                                          LATITUDE:   29 22 N
                                          LONGITUDE: 100 55 W

  TEMPERATURE IN F:       :PCPN:    SNOW:  WIND      :SUNSHINE: SKY     :PK WND
================================================================================
1   2   3   4   5  6A  6B    7    8   9   10  11  12  13   14  15   16   17  18
                                     12Z  AVG MX 2MIN
DY MAX MIN AVG DEP HDD CDD  WTR  SNW DPTH SPD SPD DIR MIN PSBL S-S WX    SPD DR
================================================================================

 1  96  76  86  -1   0  21 0.00  0.0    0  3.7 15 330   M    M   4        20 320
 2  85  72  79  -8   0  14 0.67  0.0    0  6.9 16  30   M    M   6 1      25  30
 3  96  72  84  -3   0  19 0.00  0.0    0  5.6 12  60   M    M   2        16  40
 4  98  76  87   0   0  22 0.00  0.0    0  6.2 13  90   M    M   2        16  70
 5  99  77  88   1   0  23 0.00  0.0    0  8.3 15 150   M    M   0        19  70
 6 101  77  89   2   0  24 0.00  0.0    0  8.2 15 120   M    M   1        20 120
 7 103  80  92   5   0  27 0.00  0.0    0 10.9 21 150   M    M   0 8      33 150
 8 103  79  91   4   0  26 0.00  0.0    0 12.3 21 140   M    M   0        27 160
 9  98  76  87   0   0  22 0.00  0.0    0 11.5 20 160   M    M   3        26 170
10  99  78  89   2   0  24 0.00  0.0    0  7.6 17 150   M    M   3        23 150
11 102  80  91   4   0  26 0.00  0.0    0  9.0 20  60   M    M   1        29  50
12  97  74  86  -1   0  21 0.08  0.0    0  6.4 37  60   M    M   2 18     48  60
13  98  73  86  -1   0  21 0.00  0.0    0  4.8 16 160   M    M   1        18  80
14 100  73  87   0   0  22 0.00  0.0    0  7.0 14  90   M    M   0 8      19 100
15 101  75  88   1   0  23 0.00  0.0    0  9.0 18 160   M    M   0        24 110
16 102  77  90   3   0  25 0.00  0.0    0  8.8 17 140   M    M   0        24 160
17  93  77  85  -1   0  20 0.01  0.0    0  6.8 17 100   M    M   4        23 110
18  99  74  87   1   0  22 0.00  0.0    0  9.4 24  40   M    M   2        34  50
19  95  73  84  -2   0  19 0.02  0.0    0 11.0 17 160   M    M   4        23 110
20 100  77  89   3   0  24 0.00  0.0    0 12.2 21 110   M    M   2        29 110
21 100  81  91   5   0  26 0.00  0.0    0 11.5 21 150   M    M   5        27 120
22 103  77  90   4   0  25 0.00  0.0    0 12.4 24 160   M    M   0        30 150
23 101  75  88   2   0  23 0.00  0.0    0 11.6 22 150   M    M   0        28 150
24 102  79  91   5   0  26 0.00  0.0    0 10.7 21 130   M    M   0        26 130
25 101  78  90   4   0  25 0.00  0.0    0 10.0 16 100   M    M   0        23 140
26 101  78  90   5   0  25 0.00  0.0    0  8.5 16  90   M    M   0        21  80
27 100  80  90   5   0  25 0.00  0.0    0  8.4 15 160   M    M   1        22 140
28 100  77  89   4   0  24 0.00  0.0    0  8.2 17 120   M    M   0        26 100
29  99  78  89   4   0  24 0.00  0.0    0  9.5 17 120   M    M   2        22 100
30 101  78  90   5   0  25 0.00  0.0    0  9.7 17 130   M    M   1        28 120
31  98  77  88   4   0  23 0.00  0.0    0 10.7 21 150   M    M   2        27 150
================================================================================
SM 3071 2374         0 716  0.78     0.0 276.8          M       48
================================================================================
AV 99.1 76.6                               8.9 FASTST   M    M   2    MAX(MPH)
                                 MISC ---->  # 37  60               # 48   60
================================================================================

NOTES:
# LAST OF SEVERAL OCCURRENCES

COLUMN 17 PEAK WIND IN M.P.H.

SYMBOLS USED IN COLUMN 16

1 = FOG OR MIST
2 = FOG REDUCING VISIBILITY
    TO 1/4 MILE OR LESS
3 = THUNDER
4 = ICE PELLETS
5 = HAIL
6 = FREEZING RAIN OR DRIZZLE
7 = DUSTSTORM OR SANDSTORM:
    VSBY 1/2 MILE OR LESS
8 = SMOKE OR HAZE
9 = BLOWING SNOW
X = TORNADO

$$
