000
CXUS54 KEWX 011558
CLMDRT

CLIMATE REPORT
NATIONAL WEATHER SERVICE AUSTIN/SAN ANTONIO, TX
1058 AM CDT TUE JUL 1 2014

...................................

...THE DEL RIO CLIMATE SUMMARY FOR THE MONTH OF JUNE 2014...

CLIMATE NORMAL PERIOD 1981 TO 2010
CLIMATE RECORD PERIOD 1906 TO 2014

WEATHER         OBSERVED          NORMAL  DEPART  LAST YEAR`S
                 VALUE   DATE(S)  VALUE   FROM    VALUE  DATE(S)
                                          NORMAL
................................................................
TEMPERATURE (F)
HIGHEST           108   06/12                        108  06/29
LOWEST             68   06/10                         69  06/08
AVG. MAXIMUM     95.6              94.7     0.9     95.2
AVG. MINIMUM     75.7              73.4     2.3     75.8
MEAN             85.6              84.0     1.6     85.5
DAYS MAX >= 90     28                                 26
DAYS MAX <= 32      0                                  0
DAYS MIN <= 32      0                                  0
DAYS MIN <= 0       0                                  0

PRECIPITATION (INCHES)
TOTALS           4.69              2.35    2.34     1.76
DAILY AVG.       0.16              0.08    0.08     0.06
DAYS >= .01         4                                  7
DAYS >= .10         2                                  5
DAYS >= .50         1                                  2
DAYS >= 1.00        1                                  0
GREATEST
 24 HR. TOTAL    4.66   06/19 TO 06/20

SNOWFALL (INCHES)
TOTALS            0.0               0.0     0.0      0.0
SINCE 7/1         0.0               1.2    -1.2        T

DEGREE_DAYS
HEATING TOTAL       0                 0       0        0
 SINCE 7/1       1559              1376     183     1013
COOLING TOTAL     628               571      57      625
 SINCE 1/1       1478              1330     148     1531
.................................................................

WIND (MPH)
AVERAGE WIND SPEED              12.4
HIGHEST WIND SPEED/DIRECTION    31/140    DATE  06/07
HIGHEST GUST SPEED/DIRECTION    42/060    DATE  06/12

SKY COVER
POSSIBLE SUNSHINE (PERCENT)   MM
AVERAGE SKY COVER           0.30
NUMBER OF DAYS FAIR           16
NUMBER OF DAYS PC             13
NUMBER OF DAYS CLOUDY          1


WEATHER CONDITIONS. NUMBER OF DAYS WITH
THUNDERSTORM              0     MIXED PRECIP               0
HEAVY RAIN                2     RAIN                       2
LIGHT RAIN                6     FREEZING RAIN              0
LT FREEZING RAIN          0     HAIL                       0
HEAVY SNOW                0     SNOW                       0
LIGHT SNOW                0     SLEET                      0
FOG                       3     FOG W/VIS <= 1/4 MILE      0
HAZE                      5

-  INDICATES NEGATIVE NUMBERS.
R  INDICATES RECORD WAS SET OR TIED.
MM INDICATES DATA IS MISSING.
T  INDICATES TRACE AMOUNT.

[REMARKS]
NEW RECORD HIGH TEMPERERATURE OF 108 DEGREES ON THE 12TH.
 PREVIOUS RECORD WAS 106 DEGREES IN 2001.
NEW RECORD DAILY RAINFALL OF 4.31 INCHES ON THE 20TH.
 PREVIOUS RECORD WAS 1.80 INCHES IN 1946.
NEW RECORD HIGHEST MINIMUM OF 81 DEGREES ON THE 12TH.
 PREVIOUS RECORD WAS 80 IN 2012.
JUNE 2014 TIED FOR THE 7TH HIGHEST AVERAGE MINIMUM TEMPERATURE.
 OTHER YEARS THAT THE AVERAGE MINIMUM TEMPERATURE WAS 75.7 INCLUDE
 1934...1980...2001.

[SEA LEVEL PRESSURE DATA]
HIGHEST SLP OF 30.02 ON THE 24TH
LOWEST SLP OF 29.59 ON THE 11TH.

PRELIMINARY LOCAL CLIMATOLOGICAL DATA (WS FORM: F-6)

                                          STATION:   DEL RIO
                                          MONTH:     JUNE
                                          YEAR:      2014
                                          LATITUDE:   29 22 N
                                          LONGITUDE: 100 55 W

  TEMPERATURE IN F:       :PCPN:    SNOW:  WIND      :SUNSHINE: SKY     :PK WND
================================================================================
1   2   3   4   5  6A  6B    7    8   9   10  11  12  13   14  15   16   17  18
                                     12Z  AVG MX 2MIN
DY MAX MIN AVG DEP HDD CDD  WTR  SNW DPTH SPD SPD DIR MIN PSBL S-S WX    SPD DR
================================================================================

 1  98  76  87   5   0  22 0.00  0.0    0 12.3 20 170   M    M   0        25 110
 2  97  74  86   4   0  21 0.00  0.0    0 14.0 24 140   M    M   0        30 140
 3  95  74  85   3   0  20 0.00  0.0    0 12.5 21 150   M    M   4 18     30 150
 4  98  75  87   4   0  22 0.00  0.0    0 12.9 22 160   M    M   1        30 160
 5  98  75  87   4   0  22 0.00  0.0    0 13.9 25 150   M    M   1        34 150
 6  97  77  87   4   0  22 0.00  0.0    0 16.2 28 150   M    M   3        34 150
 7  97  76  87   4   0  22 0.00  0.0    0 17.1 31 140   M    M   2        36 120
 8  91  78  85   2   0  20 0.00  0.0    0 13.9 26 160   M    M   6        33 120
 9  95  79  87   3   0  22 0.00  0.0    0  9.0 17 150   M    M   7        24 130
10  99  68  84   0   0  19 0.00  0.0    0  6.0 14 120   M    M   0        20 130
11 107  74  91   7   0  26 0.00  0.0    0 12.4 24 150   M    M   0        33 150
12 108  81  95  11   0  30 0.00  0.0    0 11.7 30  60   M    M   0 8      42  60
13 101  74  88   4   0  23 0.00  0.0    0  9.8 22 140   M    M   0        27 110
14  96  74  85   1   0  20    T  0.0    0 12.2 23 150   M    M   3        28 170
15 100  78  89   5   0  24 0.00  0.0    0 13.5 23 160   M    M   1        29 150
16  97  78  88   4   0  23 0.00  0.0    0 13.6 23 120   M    M   5 8      31 110
17  94  81  88   4   0  23 0.00  0.0    0 13.6 23 120   M    M   5        32 150
18  93  79  86   2   0  21    T  0.0    0 13.6 25 140   M    M   6        33 150
19  91  71  81  -4   0  16 0.36  0.0    0 13.2 25 140   M    M   8 1      31 140
20  88  71  80  -5   0  15 4.31  0.0    0 12.0 24 150   M    M   6 1      31 140
21  86  74  80  -5   0  15 0.01  0.0    0  9.6 20 140   M    M   5        25 120
22  91  76  84  -1   0  19 0.00  0.0    0 10.4 18 130   M    M   5 8      25 130
23  94  76  85   0   0  20 0.00  0.0    0 10.3 20 150   M    M   3        24 150
24  90  75  83  -2   0  18 0.01  0.0    0  9.5 18 110   M    M   2        25 100
25  94  75  85   0   0  20 0.00  0.0    0 10.3 25 100   M    M   4        34 100
26  93  73  83  -2   0  18 0.00  0.0    0 11.9 21 160   M    M   2        28 130
27  93  75  84  -1   0  19 0.00  0.0    0 13.7 22 140   M    M   4        29 110
28  94  79  87   2   0  22    T  0.0    0 14.4 23 140   M    M   4        31 140
29  97  77  87   2   0  22 0.00  0.0    0 13.4 25 140   M    M   3        32 150
30  96  78  87   2   0  22 0.00  0.0    0 14.3 26 150   M    M   4 8      34 150
================================================================================
SM 2868 2271         0 628  4.69     0.0 371.2          M       94
================================================================================
AV 95.6 75.7                              12.4 FASTST   M    M   3    MAX(MPH)
                                 MISC ---->  # 31 140               # 42   60
================================================================================
NOTES:
# LAST OF SEVERAL OCCURRENCES

COLUMN 17 PEAK WIND IN M.P.H.

SYMBOLS USED IN COLUMN 16

1 = FOG OR MIST
2 = FOG REDUCING VISIBILITY
    TO 1/4 MILE OR LESS
3 = THUNDER
4 = ICE PELLETS
5 = HAIL
6 = FREEZING RAIN OR DRIZZLE
7 = DUSTSTORM OR SANDSTORM:
    VSBY 1/2 MILE OR LESS
8 = SMOKE OR HAZE
9 = BLOWING SNOW
X = TORNADO

$$
