000
CXUS54 KEWX 011830
CLMDRT

CLIMATE REPORT
NATIONAL WEATHER SERVICE AUSTIN/SAN ANTONIO, TX
1230 PM CST SUN FEB 1 2015

...................................

...THE DEL RIO CLIMATE SUMMARY FOR THE MONTH OF JANUARY 2015...

CLIMATE NORMAL PERIOD 1981 TO 2010
CLIMATE RECORD PERIOD 1906 TO 2015

WEATHER         OBSERVED          NORMAL  DEPART  LAST YEAR`S
                 VALUE   DATE(S)  VALUE   FROM    VALUE  DATE(S)
                                          NORMAL
................................................................
TEMPERATURE (F)
HIGHEST            86   01/20                         87  01/26
LOWEST             30   01/24                         21  01/29
AVG. MAXIMUM     60.3              63.8    -3.5     63.9
AVG. MINIMUM     38.5              40.6    -2.1     35.9
MEAN             49.4              52.2    -2.8     49.9
DAYS MAX >= 90      0                                  0
DAYS MAX <= 32      0                                  0
DAYS MIN <= 32      3                                 10
DAYS MIN <= 0       0                                  0

PRECIPITATION (INCHES)
TOTALS           0.77              0.72    0.05        T
DAILY AVG.       0.02              0.02    0.00        T
DAYS >= .01         6                                  0
DAYS >= .10         3                                  0
DAYS >= .50         0                                  0
DAYS >= 1.00        0                                  0
GREATEST
 24 HR. TOTAL    0.34   01/31 TO 01/31
                        01/30 TO 01/31
                        01/31 TO 01/31

SNOWFALL (INCHES)
TOTALS            0.0               1.2    -1.2      0.0
SINCE 7/1         0.0               1.2    -1.2      0.0

DEGREE_DAYS
HEATING TOTAL     479               399      80      459
 SINCE 7/1       1020               990      30     1147
COOLING TOTAL       0                 3      -3        0
 SINCE 1/1          0                 0       0        0
.................................................................

WIND (MPH)
AVERAGE WIND SPEED              5.9
HIGHEST WIND SPEED/DIRECTION    22/340    DATE  01/07
HIGHEST GUST SPEED/DIRECTION    30/070    DATE  01/29

SKY COVER
POSSIBLE SUNSHINE (PERCENT)   MM
AVERAGE SKY COVER           0.40
NUMBER OF DAYS FAIR           16
NUMBER OF DAYS PC              7
NUMBER OF DAYS CLOUDY          8


WEATHER CONDITIONS. NUMBER OF DAYS WITH
THUNDERSTORM              0     MIXED PRECIP               0
HEAVY RAIN                0     RAIN                       5
LIGHT RAIN                7     FREEZING RAIN              0
LT FREEZING RAIN          0     HAIL                       0
HEAVY SNOW                0     SNOW                       0
LIGHT SNOW                0     SLEET                      0
FOG                      11     FOG W/VIS <= 1/4 MILE      2
HAZE                      3

-  INDICATES NEGATIVE NUMBERS.
R  INDICATES RECORD WAS SET OR TIED.
MM INDICATES DATA IS MISSING.
T  INDICATES TRACE AMOUNT.

&&

MONTHLY CLIMATE SUMMARY
JANUARY 2015 WAS 31ST COOLEST AND THE 30TH WETTEST JANUARY SINCE
RECORD KEEPING BEGAN.

SEA LEVEL PRESSURE DATA
HIGHEST SLP 30.79 ON THE 7TH
LOWEST  SLP 29.82 ON THE 20TH

PRELIMINARY LOCAL CLIMATOLOGICAL DATA (WS FORM: F-6)

                                          STATION:   DEL RIO
                                          MONTH:     JANUARY
                                          YEAR:      2015
                                          LATITUDE:   29 22 N
                                          LONGITUDE: 100 55 W

  TEMPERATURE IN F:       :PCPN:    SNOW:  WIND      :SUNSHINE: SKY     :PK WND
================================================================================
1   2   3   4   5  6A  6B    7    8   9   10  11  12  13   14  15   16   17  18
                                     12Z  AVG MX 2MIN
DY MAX MIN AVG DEP HDD CDD  WTR  SNW DPTH SPD SPD DIR MIN PSBL S-S WX    SPD DR
================================================================================

 1  40  33  37 -14  28   0 0.00  0.0    0  2.4 10 300   M    M  10 1      12 310
 2  44  38  41 -10  24   0 0.04  0.0    0  6.9 17  40   M    M  10 1      23  40
 3  65  35  50  -1  15   0 0.00  0.0    0  5.5 13 310   M    M   3        16 320
 4  57  37  47  -4  18   0 0.00  0.0    0  6.6 17 330   M    M   0        23 310
 5  53  32  43  -8  22   0 0.00  0.0    0  6.6 16 150   M    M   0        20 150
 6  65  33  49  -2  16   0 0.00  0.0    0  3.6 13 150   M    M   0        15 130
 7  61  35  48  -4  17   0 0.00  0.0    0  9.9 22 340   M    M   3        30 330
 8  44  31  38 -14  27   0 0.00  0.0    0  6.7 16 340   M    M   5        20 350
 9  48  36  42 -10  23   0    T  0.0    0  7.8 18 360   M    M   7        25 350
10  38  34  36 -16  29   0 0.20  0.0    0  4.0 10 120   M    M  10 1      13 120
11  45  37  41 -11  24   0 0.00  0.0    0  2.4  9 160   M    M   7 1      11 150
12  66  34  50  -2  15   0 0.00  0.0    0  7.8 21 340   M    M   5 12     28 330
13  42  38  40 -12  25   0 0.00  0.0    0  6.3 15 360   M    M  10        20 340
14  44  40  42 -10  23   0 0.00  0.0    0  2.2  9 330   M    M  10 18     13 310
15  59  40  50  -2  15   0 0.00  0.0    0  7.8 17 300   M    M   5        23 350
16  62  34  48  -4  17   0 0.00  0.0    0  3.6 10 130   M    M   3        13 140
17  75  39  57   5   8   0 0.00  0.0    0  5.3 17 330   M    M   0        23 350
18  70  41  56   4   9   0 0.00  0.0    0  7.4 18 150   M    M   0        22 150
19  81  39  60   8   5   0 0.00  0.0    0  2.8 13  80   M    M   0        16  80
20  86  39  63  11   2   0 0.00  0.0    0  4.1 12 350   M    M   0        15  10
21  58  46  52   0  13   0 0.01  0.0    0  7.0 16 290   M    M   6 1      19 290
22  51  42  47  -6  18   0 0.05  0.0    0 12.0 21 310   M    M  10 1      25 350
23  51  35  43 -10  22   0 0.13  0.0    0 10.1 20 300   M    M   6 1      26 300
24  62  30  46  -7  19   0 0.00  0.0    0  4.8 17 280   M    M   0 128    22 290
25  70  38  54   1  11   0 0.00  0.0    0  7.0 17 270   M    M   0        23 310
26  69  39  54   1  11   0 0.00  0.0    0  3.7  9 330   M    M   0        11 320
27  80  41  61   8   4   0 0.00  0.0    0  3.9 14 290   M    M   0        16 290
28  82  46  64  11   1   0 0.00  0.0    0  7.5 21 150   M    M   0        25 150
29  79  48  64  10   1   0 0.00  0.0    0  5.7 12  40   M    M   1        30  70
30  63  54  59   5   6   0 0.00  0.0    0  4.9 18 110   M    M  10        24 110
31  58  49  54   0  11   0 0.34  0.0    0  7.6 17 110   M    M  10 18     25 120
================================================================================
SM 1868 1193       479   0  0.77     0.0 183.9          M      131
================================================================================
AV 60.3 38.5                               5.9 FASTST   M    M   4    MAX(MPH)
                                 MISC ---->  # 22 340               # 30  330
================================================================================
NOTES:
# LAST OF SEVERAL OCCURRENCES

COLUMN 17 PEAK WIND IN M.P.H.

SYMBOLS USED IN COLUMN 16

1 = FOG OR MIST
2 = FOG REDUCING VISIBILITY
    TO 1/4 MILE OR LESS
3 = THUNDER
4 = ICE PELLETS
5 = HAIL
6 = FREEZING RAIN OR DRIZZLE
7 = DUSTSTORM OR SANDSTORM:
    VSBY 1/2 MILE OR LESS
8 = SMOKE OR HAZE
9 = BLOWING SNOW
X = TORNADO

$$
