000
CXUS54 KEWX 011847
CLMDRT

CLIMATE REPORT
NATIONAL WEATHER SERVICE AUSTIN/SAN ANTONIO...TX
1247 PM CST MON FEB 1 2016

...................................

...THE DEL RIO CLIMATE SUMMARY FOR THE MONTH OF JANUARY 2016...

CLIMATE NORMAL PERIOD 1981 TO 2010
CLIMATE RECORD PERIOD 1906 TO 2016

WEATHER         OBSERVED          NORMAL  DEPART  LAST YEAR`S
                 VALUE   DATE(S)  VALUE   FROM    VALUE  DATE(S)
                                          NORMAL
................................................................
TEMPERATURE (F)
HIGHEST            88   01/31                         86  01/20
LOWEST             31   01/12                         30  01/24
                        01/10
AVG. MAXIMUM     65.4              63.8     1.6     60.3
AVG. MINIMUM     39.2              40.6    -1.4     38.5
MEAN             52.3              52.2     0.1     49.4
DAYS MAX >= 90      0                                  0
DAYS MAX <= 32      0                                  0
DAYS MIN <= 32      3                                  3
DAYS MIN <= 0       0                                  0

PRECIPITATION (INCHES)
TOTALS           0.68              0.72   -0.04     0.77
DAILY AVG.       0.02              0.02    0.00     0.02
DAYS >= .01         2                                  6
DAYS >= .10         2                                  3
DAYS >= .50         1                                  0
DAYS >= 1.00        0                                  0
GREATEST
 24 HR. TOTAL    0.57   01/02 TO 01/02
                        01/01 TO 01/02
                        01/02 TO 01/02

SNOWFALL (INCHES)
TOTALS            0.0               1.2    -1.2      0.0
SINCE 7/1           T               1.2    -1.2      0.0

DEGREE_DAYS
HEATING TOTAL     384               399     -15      479
 SINCE 7/1        810               990    -180     1020
COOLING TOTAL       0                 3      -3        0
 SINCE 1/1          0                 0       0        0
.................................................................

WIND (MPH)
AVERAGE WIND SPEED              6.6
HIGHEST WIND SPEED/DIRECTION    37/300    DATE  01/16
HIGHEST GUST SPEED/DIRECTION    48/310    DATE  01/16

SKY COVER
POSSIBLE SUNSHINE (PERCENT)   MM
AVERAGE SKY COVER           0.30
NUMBER OF DAYS FAIR           21
NUMBER OF DAYS PC              4
NUMBER OF DAYS CLOUDY          6

AVERAGE RH (PERCENT)     61

WEATHER CONDITIONS. NUMBER OF DAYS WITH
THUNDERSTORM              0     MIXED PRECIP               0
HEAVY RAIN                0     RAIN                       1
LIGHT RAIN                3     FREEZING RAIN              0
LT FREEZING RAIN          0     HAIL                       0
HEAVY SNOW                0     SNOW                       0
LIGHT SNOW                0     SLEET                      0
FOG                      13     FOG W/VIS <= 1/4 MILE      3
HAZE                      3

-  INDICATES NEGATIVE NUMBERS.
R  INDICATES RECORD WAS SET OR TIED.
MM INDICATES DATA IS MISSING.
T  INDICATES TRACE AMOUNT.

&&

MONTHLY CLIMATE SUMMARY
JANUARY 2016 WAS THE 49TH WARMEST AND 34TH WETTEST SINCE RECORD
KEEPING BEGAN.

SEA LEVEL PRESSURE DATA
HIGHEST SLP 30.51 ON  1ST
LOWEST  SLP 29.63 ON  8TH

PRELIMINARY LOCAL CLIMATOLOGICAL DATA (WS FORM: F-6)

                                          STATION:   DEL RIO
                                          MONTH:     JANUARY
                                          YEAR:      2016
                                          LATITUDE:   29 22 N
                                          LONGITUDE: 100 55 W

  TEMPERATURE IN F:       :PCPN:    SNOW:  WIND      :SUNSHINE: SKY     :PK WND
================================================================================
1   2   3   4   5  6A  6B    7    8   9   10  11  12  13   14  15   16   17  18
                                     12Z  AVG MX 2MIN
DY MAX MIN AVG DEP HDD CDD  WTR  SNW DPTH SPD SPD DIR MIN PSBL S-S WX    SPD DR
================================================================================

 1  52  46  49  -2  16   0 0.00  0.0    0  5.7 14  40   M    M  10 8      17  40
 2  46  41  44  -7  21   0 0.57  0.0    0  2.6  8  90   M    M  10 1      11  90
 3  55  40  48  -3  17   0 0.00  0.0    0  3.9 12 290   M    M   8        14 280
 4  61  37  49  -2  16   0 0.00  0.0    0  4.8 12 150   M    M   3        15 150
 5  53  46  50  -1  15   0 0.00  0.0    0  9.7 14 120   M    M  10 1      19 110
 6  55  49  52   1  13   0 0.00  0.0    0  7.3 13 120   M    M  10 12     16 120
 7  73  51  62  10   3   0 0.00  0.0    0  4.8 12 310   M    M   4 18     14 300
 8  76  39  58   6   7   0 0.00  0.0    0  5.8 21 310   M    M   0 1      29 310
 9  59  38  49  -3  16   0 0.00  0.0    0  9.7 22 320   M    M   0        30 320
10  55  31  43  -9  22   0 0.00  0.0    0  6.2 15 150   M    M   0        19 130
11  57  34  46  -6  19   0 0.00  0.0    0  5.1 14 170   M    M   1        18 130
12  66  31  49  -3  16   0 0.00  0.0    0  2.8  8 330   M    M   0 1      11 310
13  67  36  52   0  13   0 0.00  0.0    0  6.9 18 140   M    M   0        23 150
14  72  45  59   7   6   0 0.00  0.0    0  5.4 12 150   M    M   3 1      15 150
15  76  38  57   5   8   0 0.00  0.0    0  5.7 13  10   M    M   0 12     17  10
16  68  39  54   2  11   0 0.00  0.0    0 13.1 37 300   M    M   0        48 310
17  61  34  48  -4  17   0 0.00  0.0    0  7.3 18 140   M    M   0        24 160
18  64  34  49  -3  16   0 0.00  0.0    0  5.0 16 150   M    M   0        19 140
19  70  43  57   5   8   0 0.00  0.0    0  6.8 16 130   M    M   2 18     22 120
20  61  43  52   0  13   0 0.00  0.0    0  5.4 13 130   M    M   8 1      17 130
21  69  49  59   7   6   0    T  0.0    0 13.6 33 300   M    M   4 1      44 300
22  65  36  51  -2  14   0 0.00  0.0    0  6.4 16 320   M    M   0        31 290
23  63  35  49  -4  16   0 0.00  0.0    0  9.7 20 150   M    M   0        24 150
24  70  41  56   3   9   0 0.00  0.0    0  9.7 17 150   M    M   0        24 150
25  76  41  59   6   6   0 0.00  0.0    0  5.2 16 360   M    M   2 12     22 360
26  57  40  49  -4  16   0 0.11  0.0    0  8.9 18 340   M    M   7 1      22 330
27  59  36  48  -5  17   0 0.00  0.0    0  8.3 17 310   M    M   4        23 310
28  71  32  52  -1  13   0 0.00  0.0    0  4.0 13 280   M    M   0        19 280
29  79  33  56   2   9   0 0.00  0.0    0  5.3 16 150   M    M   0        21 150
30  83  37  60   6   5   0 0.00  0.0    0  5.7 13 140   M    M   0        17 130
31  88  41  65  11   0   0 0.00  0.0    0  4.6 20 300   M    M   0        27 330
================================================================================
SM 2027 1216       384   0  0.68     0.0 205.4          M       86
================================================================================
AV 65.4 39.2                               6.6 FASTST   M    M   3    MAX(MPH)
                                 MISC ---->  # 37 300               # 48  310
================================================================================
NOTES:
# LAST OF SEVERAL OCCURRENCES

COLUMN 17 PEAK WIND IN M.P.H.

SYMBOLS USED IN COLUMN 16
1 = FOG OR MIST
2 = FOG REDUCING VISIBILITY
3 = THUNDER
4 = ICE PELLETS
5 = HAIL
6 = FREEZING RAIN OR DRIZZLE
7 = DUSTSTORM OR SANDSTORM:
8 = SMOKE OR HAZE
9 = BLOWING SNOW
X = TORNADO

$$
