000
CXUS53 KDMX 011452
CLMDSM

CLIMATE REPORT
NATIONAL WEATHER SERVICE DES MOINES IA
935 AM CDT FRI JUL 1 2016

...................................

...THE DES MOINES IA CLIMATE SUMMARY FOR THE MONTH OF JUNE 2016...

CLIMATE NORMAL PERIOD 1981 TO 2010
CLIMATE RECORD PERIOD 1878 TO 2016

WEATHER         OBSERVED          NORMAL  DEPART  LAST YEAR`S
                 VALUE   DATE(S)  VALUE   FROM    VALUE  DATE(S)
                                          NORMAL
................................................................
TEMPERATURE (F)
RECORD
 HIGH             103   06/21/1988
                        06/26/1934
                        06/23/1934
 LOW               37   06/01/1889
HIGHEST            96   06/15        94       2       95  06/09
LOWEST             56   06/02        49       7       52  06/01
AVG. MAXIMUM     88.1              81.6     6.5     81.9
AVG. MINIMUM     66.5              62.0     4.5     64.3
MEAN             77.3              71.8     5.5     73.1
DAYS MAX >= 90     13               3.2     9.8        3
DAYS MAX <= 32      0               0.0     0.0        0
DAYS MIN <= 32      0               0.0     0.0        0
DAYS MIN <= 0       0               0.0     0.0        0

PRECIPITATION (INCHES)
RECORD
 MAXIMUM        15.79   1881
 MINIMUM         0.23   1933
TOTALS           1.47              4.94   -3.47     8.40
DAILY AVG.       0.05              0.16   -0.11     0.28
DAYS >= .01         9              11.5    -2.5       11
DAYS >= .10         5               7.5    -2.5        7
DAYS >= .50         0               3.3    -3.3        5
DAYS >= 1.00        0               1.4    -1.4        4

SNOWFALL (INCHES)
RECORDS
 TOTAL             MM   5
TOTALS            0.0               0.0     0.0      0.0
SINCE 7/1        30.3              35.3    -5.0     29.1
SNOWDEPTH AVG.      0                MM      MM        0
DAYS >= 1.0         0               0.0     0.0        0
GREATEST
 SNOW DEPTH         0   MM                             0  MM
 24 HR TOTAL      0.0   06/30 TO 06/30

DEGREE_DAYS
HEATING TOTAL       0                17     -17        3
 SINCE 7/1       5006              6202   -1196     5915
COOLING TOTAL     378               221     157      257
 SINCE 1/1        471               297     174      337
.................................................................

WIND (MPH)
AVERAGE WIND SPEED              9.1
HIGHEST WIND SPEED/DIRECTION    33/040    DATE  06/30
HIGHEST GUST SPEED/DIRECTION    42/040    DATE  06/30

SKY COVER
POSSIBLE SUNSHINE (PERCENT)   MM
AVERAGE SKY COVER           0.40
NUMBER OF DAYS FAIR           17
NUMBER OF DAYS PC             12
NUMBER OF DAYS CLOUDY          1

AVERAGE RH (PERCENT)     61

WEATHER CONDITIONS. NUMBER OF DAYS WITH
THUNDERSTORM              0     MIXED PRECIP               0
HEAVY RAIN                1     RAIN                       4
LIGHT RAIN                7     FREEZING RAIN              0
LT FREEZING RAIN          0     HAIL                       0
HEAVY SNOW                0     SNOW                       0
LIGHT SNOW                0     SLEET                      0
FOG                       8     FOG W/VIS <= 1/4 MILE      0
HAZE                      1

-  INDICATES NEGATIVE NUMBERS.
R  INDICATES RECORD WAS SET OR TIED.
MM INDICATES DATA IS MISSING.
T  INDICATES TRACE AMOUNT.

$$
