000
CXUS53 KDTX 051312 AAA
CLMDTW

CLIMATE REPORT
NATIONAL WEATHER SERVICE DETROIT/PONTIAC MI
1240 PM EDT SAT AUG 2 2014

...................................
...THE DETROIT MI CLIMATE SUMMARY FOR THE MONTH OF JULY 2014...

CLIMATE NORMAL PERIOD 1981 TO 2010
CLIMATE RECORD PERIOD 1874 TO 2014

WEATHER         OBSERVED          NORMAL  DEPART
                 VALUE   DATE(S)  VALUE   FROM
                                          NORMAL
................................................
TEMPERATURE (F)
RECORD
 HIGH             105   07/24/1934
 LOW               42   07/06/1972
HIGHEST            94   07/22        MM      MM
LOWEST             51   07/29        MM      MM
AVG. MAXIMUM     79.9              83.4    -3.5
AVG. MINIMUM     59.9              63.9    -4.0
MEAN             69.9              73.6    -3.7
DAYS MAX >= 90      1               4.5    -3.5
DAYS MAX <= 32      0               0.0     0.0
DAYS MIN <= 32      0               0.0     0.0
DAYS MIN <= 0       0               0.0     0.0

PRECIPITATION (INCHES)
RECORD
 MAXIMUM         8.76   1878
 MINIMUM         0.50   1930
TOTALS           2.43              3.37   -0.94
DAILY AVG.       0.08              0.11   -0.03
DAYS >= .01         9              10.4    -1.4
DAYS >= .10         6               6.6    -0.6
DAYS >= .50         2               2.0     0.0
DAYS >= 1.00        1               0.8     0.2
GREATEST
 24 HR. TOTAL    1.00   07/27 TO 07/27
 STORM TOTAL       MM
 (MM/DD(HH))            MM

SNOWFALL (INCHES)
RECORDS
 TOTAL            0.0   0
                        0
                        0
TOTALS            0.0               0.0     0.0
 LIQUID EQUIV    0.00              0.00    0.00
SINCE 7/1         0.0               0.0     0.0
 LIQUID 7/1      0.00
DAYS >= TRACE       0               0.0     0.0
DAYS >= 1.0         0               0.0     0.0
GREATEST
 SNOW DEPTH         0   MM
 24 HR TOTAL      0.0   07/31 TO 07/31
 STORM TOTAL       MM
 (MM/DD(HH))            MM

DEGREE_DAYS
HEATING TOTAL       8                 2       6
 SINCE 7/1          8                 2       6
COOLING TOTAL     167               271    -104
 SINCE 1/1        416               486     -70

FREEZE DATES
RECORD
 EARLIEST     MM
 LATEST       MM
EARLIEST                        MM
LATEST                          MM
.................................................

WIND (MPH)
AVERAGE WIND SPEED              7.6
HIGHEST WIND SPEED/DIRECTION    36/320    DATE  07/27
HIGHEST GUST SPEED/DIRECTION    47/090    DATE  07/07

SKY COVER
POSSIBLE SUNSHINE (PERCENT)   MM
AVERAGE SKY COVER           0.70
NUMBER OF DAYS FAIR            1
NUMBER OF DAYS PC             18
NUMBER OF DAYS CLOUDY         12

AVERAGE RH (PERCENT)     67

WEATHER CONDITIONS. NUMBER OF DAYS WITH
THUNDERSTORM              5     MIXED PRECIP               0
HEAVY RAIN                5     RAIN                       6
LIGHT RAIN               13     FREEZING RAIN              0
LT FREEZING RAIN          0     HAIL                       0
HEAVY SNOW                0     SNOW                       0
LIGHT SNOW                0     SLEET                      0
FOG                      16     FOG W/VIS <= 1/4 MILE      3
HAZE                     14

-  INDICATES NEGATIVE NUMBERS.
R  INDICATES RECORD WAS SET OR TIED.
MM INDICATES DATA IS MISSING.
T  INDICATES TRACE AMOUNT.

$$

-------------------------------------------------------------------
CLIMATOLOGICAL STATISTICS FOR THE NWS WHITE LAKE - JULY 2014

...TEMPERATURE DATA...               ...PRECIPITATION DATA...
AVERAGE MAXIMUM.... 75.4             MONTHLY TOTAL ......... 4.83
AVERAGE MINIMUM.... 53.0             GREATEST DAILY TOTAL... 1.19
MONTHLY AVERAGE.... 64.2             ON THE 27TH
                                     2014 TOTAL.............20.90

...HEATING DEGREE DAYS...            ...SNOWFALL DATA...
MONTHLY TOTAL......... 75            MONTHLY TOTAL......... 0.0
2014-15 SEASON TOTAL.. 75            2014-15 SEASON TOTAL.. 0.0

...COOLING DEGREE DAYS...
MONTHLY TOTAL........ 57
2014 TOTAL........... 158

=====================================================================
        SOUTHEAST MICHIGAN CLIMATE SUMMARY FOR JULY 2014


JULY 2014 MONTHLY STATISTICS AND RANKINGS
---------------------------------------------------------------------

PRECIPITATION
              ACTUAL   NORMAL*  DEPARTURE    RANKING
DETROIT AREA   2.43"    3.37"   -0.94"     50TH DRIEST
FLINT AREA     5.76"    3.32"   +2.44"      8TH WETTEST
SAGINAW        3.46"    2.58"   +0.88"     23RD WETTEST

WATER YEAR SINCE JANUARY 1

              ACTUAL   NORMAL*  DEPARTURE     RANKING
DETROIT AREA  21.10"   19.43"    +1.67"    38TH WETTEST
FLINT AREA    23.17"   17.38"    +5.79"    12TH WETTEST
SAGINAW       17.42"   17.21"    +0.21"    44TH WETTEST

     *NORMAL TO-DATE (AS OF JULY 31, 2014)


AVERAGE TEMPERATURE

              ACTUAL   NORMAL  DEPARTURE      RANKING
DETROIT AREA   69.9     73.6    -3.7        8TH COLDEST
FLINT AREA     68.3     70.5    -2.2        9TH COLDEST
SAGINAW        68.4     71.0    -2.6       11TH COLDEST


AVERAGE HIGH TEMPERATURE

              ACTUAL   NORMAL  DEPARTURE      RANKING
DETROIT AREA   79.9     83.4    -3.5       20TH COLDEST
FLINT AREA     79.1     81.9    -2.8       10TH COLDEST
SAGINAW        78.4     81.8    -3.4        8TH COLDEST


AVERAGE LOW TEMPERATURE

              ACTUAL   NORMAL  DEPARTURE      RANKING
DETROIT AREA    59.9    63.9    -4.0        9TH COLDEST
FLINT AREA      57.5    59.2    -1.7       18TH COLDEST
SAGINAW         58.4    60.2    -1.8       28TH COLDEST



DETROIT AREA HAS A CLIMATE RECORD DATING TO NOVEMBER 1874
FLINT AREA HAS A CLIMATE RECORD DATING TO JANUARY 1921
SAGINAW HAS A CLIMATE RECORD DATING TO JANUARY 1912
