564
CXUS55 KTWC 011727
CLMDUG

CLIMATE REPORT
NATIONAL WEATHER SERVICE TUCSON AZ
1022 AM MST MON FEB 1 2016

...................................

...THE DOUGLAS AZ CLIMATE SUMMARY FOR THE MONTH OF JANUARY 2016...

CLIMATE NORMAL PERIOD 1981 TO 2010
CLIMATE RECORD PERIOD 1948 TO 2016

WEATHER         OBSERVED          NORMAL  DEPART  LAST YEAR`S
                 VALUE   DATE(S)  VALUE   FROM    VALUE  DATE(S)
                                          NORMAL
................................................................
TEMPERATURE (F)
RECORD
 HIGH              82   01/17/2000
 LOW                6   01/04/1949
HIGHEST            74   01/30        74       0       75  01/19
LOWEST             17   01/14        17       0       15  01/04
                        01/13
AVG. MAXIMUM     61.4              62.8    -1.4     62.9
AVG. MINIMUM     25.3              29.7    -4.4     28.3
MEAN             43.4              46.2    -2.8     45.6
DAYS MAX >= 90      0               0.0     0.0        0
DAYS MAX <= 32      0               0.0     0.0        0
DAYS MIN <= 32     27              20.2     6.8       21
DAYS MIN <= 0       0               0.0     0.0        0

PRECIPITATION (INCHES)
RECORD
 MAXIMUM         3.20   1993
 MINIMUM         0.00   1986
                        1967
                        1959
TOTALS           1.16              0.74    0.42     1.14
DAILY AVG.       0.04              0.02    0.02     0.04
DAYS >= .01         4               4.9    -0.9        5
DAYS >= .10         2               1.7     0.3        2
DAYS >= .50         2               0.3     1.7        1
DAYS >= 1.00        0               0.1    -0.1        0
GREATEST
 24 HR. TOTAL    0.58   01/04 TO 01/05           01/29 TO 01/30
                                                          01/30 TO 01/30
                                                          01/30 TO 01/30

DEGREE_DAYS
HEATING TOTAL     662               581      81      595
 SINCE 7/1       1778              1605     173     1547
.................................................

WIND (MPH)
AVERAGE WIND SPEED              6.8
HIGHEST WIND SPEED/DIRECTION    31/220    DATE  01/31
HIGHEST GUST SPEED/DIRECTION    39/220    DATE  01/31

AVERAGE RH (PERCENT)     53

WEATHER CONDITIONS. NUMBER OF DAYS WITH
THUNDERSTORM              0     MIXED PRECIP               0
HEAVY RAIN                2     RAIN                       2
LIGHT RAIN                4     FREEZING RAIN              0
LT FREEZING RAIN          0     HAIL                       0
HEAVY SNOW                0     SNOW                       0
LIGHT SNOW                1     SLEET                      0
FOG                       4     FOG W/VIS <= 1/4 MILE      1
HAZE                      0

-  INDICATES NEGATIVE NUMBERS.
R  INDICATES RECORD WAS SET OR TIED.
MM INDICATES DATA IS MISSING.
T  INDICATES TRACE AMOUNT.

$$
