000
CXUS55 KTWC 012139
CLMDUG

CLIMATE REPORT
NATIONAL WEATHER SERVICE TUCSON AZ
228 PM MST MON MAY 1 2017

...................................

...THE DOUGLAS AZ CLIMATE SUMMARY FOR THE MONTH OF APRIL 2017...

CLIMATE NORMAL PERIOD 1981 TO 2010
CLIMATE RECORD PERIOD 1948 TO 2017

WEATHER         OBSERVED          NORMAL  DEPART  LAST YEAR`S
                 VALUE   DATE(S)  VALUE   FROM    VALUE  DATE(S)
                                          NORMAL
................................................................
TEMPERATURE (F)
RECORD
 HIGH              99   04/20/1989
 LOW               21   04/05/1999
HIGHEST            94   04/23        89       5       90  04/22
LOWEST             31   04/02        29       2       25  04/01
AVG. MAXIMUM     83.1              79.5     3.6     79.4
AVG. MINIMUM     41.9              43.1    -1.2     41.0
MEAN             62.5              61.3     1.2     60.2
DAYS MAX >= 100     0               0.0     0.0        0
DAYS MAX <= 32      0               0.0     0.0        0
DAYS MIN <= 32      1               1.7    -0.7        2
DAYS MIN <= 0       0               0.0     0.0        0

PRECIPITATION (INCHES)
RECORD
 MAXIMUM         1.46   1988
 MINIMUM         0.00   2012
                        2008
                        2000
TOTALS              T              0.23   -0.23     0.04
DAILY AVG.          T              0.01   -0.01     0.00
DAYS >= .01         0               1.8    -1.8        1
DAYS >= .10         0               0.7    -0.7        0
DAYS >= .50         0               0.1    -0.1        0
DAYS >= 1.00        0               0.0     0.0        0
GREATEST
 24 HR. TOTAL       T   04/01 TO 04/01           04/10 TO 04/10
                                                          04/10 TO 04/10
                                                          04/10 TO 04/10

DEGREE_DAYS
HEATING TOTAL     105               140     -35      154
 SINCE 7/1       2079              2501    -422     2593
COOLING TOTAL      37                29       8       18
 SINCE 1/1         44                30      14       18
.................................................

WIND (MPH)
AVERAGE WIND SPEED              9.6
HIGHEST WIND SPEED/DIRECTION    35/230    DATE  04/28
HIGHEST GUST SPEED/DIRECTION    42/220    DATE  04/28

AVERAGE RH (PERCENT)     23

WEATHER CONDITIONS. NUMBER OF DAYS WITH
THUNDERSTORM              0     MIXED PRECIP               0
HEAVY RAIN                0     RAIN                       0
LIGHT RAIN                1     FREEZING RAIN              0
LT FREEZING RAIN          0     HAIL                       0
HEAVY SNOW                0     SNOW                       0
LIGHT SNOW                0     SLEET                      0
FOG                       0     FOG W/VIS <= 1/4 MILE      0
HAZE                      0

-  INDICATES NEGATIVE NUMBERS.
R  INDICATES RECORD WAS SET OR TIED.
MM INDICATES DATA IS MISSING.
T  INDICATES TRACE AMOUNT.

$$
