000
CXUS55 KTWC 020123
CLMDUG

CLIMATE REPORT
NATIONAL WEATHER SERVICE TUCSON AZ
620 PM MST SUN FEB 1 2015

...................................

...THE DOUGLAS AZ CLIMATE SUMMARY FOR THE MONTH OF JANUARY 2015...

CLIMATE NORMAL PERIOD 1981 TO 2010
CLIMATE RECORD PERIOD 1948 TO 2015

WEATHER         OBSERVED          NORMAL  DEPART  LAST YEAR`S
                 VALUE   DATE(S)  VALUE   FROM    VALUE  DATE(S)
                                          NORMAL
................................................................
TEMPERATURE (F)
RECORD
 HIGH              82   01/17/2000
 LOW                6   01/04/1949
HIGHEST            75   01/19        74       1       76  01/30
LOWEST             15   01/04        17      -2       17  01/07
AVG. MAXIMUM     62.9              62.8     0.1     67.7
AVG. MINIMUM     28.3              29.7    -1.4     27.3
MEAN             45.6              46.2    -0.6     47.5
DAYS MAX >= 90      0               0.0     0.0        0
DAYS MAX <= 32      0               0.0     0.0        0
DAYS MIN <= 32     21              20.2     0.8       25
DAYS MIN <= 0       0               0.0     0.0        0

PRECIPITATION (INCHES)
RECORD
 MAXIMUM         3.20   1993
 MINIMUM         0.00   1986
                        1967
                        1959
TOTALS           1.14              0.74    0.40        T
DAILY AVG.       0.04              0.02    0.02        T
DAYS >= .01         5               4.9     0.1        0
DAYS >= .10         2               1.7     0.3        0
DAYS >= .50         1               0.3     0.7        0
DAYS >= 1.00        0               0.1    -0.1        0
GREATEST
 24 HR. TOTAL    0.73   01/29 TO 01/30           01/25 TO 01/25
                                                          01/23 TO 01/24
                                                          01/24 TO 01/24

DEGREE_DAYS
HEATING TOTAL     595               581      14      534
 SINCE 7/1       1547              1605     -58     1628
.....................................................

WIND (MPH)
AVERAGE WIND SPEED              6.7
HIGHEST WIND SPEED/DIRECTION    35/080    DATE  01/22
HIGHEST GUST SPEED/DIRECTION    42/070    DATE  01/22

AVERAGE RH (PERCENT)     56

WEATHER CONDITIONS. NUMBER OF DAYS WITH
THUNDERSTORM              0     MIXED PRECIP               0
HEAVY RAIN                2     RAIN                       2
LIGHT RAIN                5     FREEZING RAIN              0
LT FREEZING RAIN          0     HAIL                       0
HEAVY SNOW                0     SNOW                       0
LIGHT SNOW                1     SLEET                      0
FOG                       5     FOG W/VIS <= 1/4 MILE      2
HAZE                      0

-  INDICATES NEGATIVE NUMBERS.
R  INDICATES RECORD WAS SET OR TIED.
MM INDICATES DATA IS MISSING.
T  INDICATES TRACE AMOUNT.

$$
