000
CXUS55 KTWC 011527
CLMDUG

CLIMATE REPORT
NATIONAL WEATHER SERVICE TUCSON AZ
822 AM MST WED MAR 1 2017

...................................

...THE DOUGLAS AZ CLIMATE SUMMARY FOR THE MONTH OF FEBRUARY 2017...

CLIMATE NORMAL PERIOD 1981 TO 2010
CLIMATE RECORD PERIOD 1948 TO 2017

WEATHER         OBSERVED          NORMAL  DEPART  LAST YEAR`S
                 VALUE   DATE(S)  VALUE   FROM    VALUE  DATE(S)
                                          NORMAL
................................................................
TEMPERATURE (F)
RECORD
 HIGH              86   02/10/2017
                        02/23/2009
                        02/14/1957
 LOW                0   02/04/2011
HIGHEST            86R  02/10        78       8       84  02/17
LOWEST             23   02/25        20       3       13  02/03
AVG. MAXIMUM     69.3              66.4     2.9     73.0
AVG. MINIMUM     34.5              32.8     1.7     29.5
MEAN             51.9              49.6     2.3     51.3
DAYS MAX >= 90      0               0.0     0.0        0
DAYS MAX <= 32      0               0.0     0.0        0
DAYS MIN <= 32      9              13.0    -4.0       19
DAYS MIN <= 0       0               0.0     0.0        0

PRECIPITATION (INCHES)
RECORD
 MAXIMUM         2.33   1980
 MINIMUM         0.00   1999
                        1984
                        1977
TOTALS           0.38              0.65   -0.27     0.08
DAILY AVG.       0.01              0.02   -0.01     0.00
DAYS >= .01         4               4.5    -0.5        1
DAYS >= .10         2               2.0     0.0        0
DAYS >= .50         0               0.2    -0.2        0
DAYS >= 1.00        0               0.0     0.0        0
GREATEST
 24 HR. TOTAL    0.23   02/12 TO 02/13           02/01 TO 02/01
                                                          02/01 TO 02/01
                                                          02/01 TO 02/01

DEGREE_DAYS
HEATING TOTAL     360               431     -71      394
 SINCE 7/1       1793              2036    -243     2172
..................................................

WIND (MPH)
AVERAGE WIND SPEED              8.2
HIGHEST WIND SPEED/DIRECTION    36/090    DATE  02/12
HIGHEST GUST SPEED/DIRECTION    47/090    DATE  02/13

AVERAGE RH (PERCENT)     48

WEATHER CONDITIONS. NUMBER OF DAYS WITH
THUNDERSTORM              0     MIXED PRECIP               0
HEAVY RAIN                2     RAIN                       0
LIGHT RAIN                4     FREEZING RAIN              0
LT FREEZING RAIN          0     HAIL                       0
HEAVY SNOW                0     SNOW                       0
LIGHT SNOW                0     SLEET                      0
FOG                       2     FOG W/VIS <= 1/4 MILE      0
HAZE                      0

-  INDICATES NEGATIVE NUMBERS.
R  INDICATES RECORD WAS SET OR TIED.
MM INDICATES DATA IS MISSING.
T  INDICATES TRACE AMOUNT.

$$
