000
CXUS53 KDVN 011143 CCA
CLMDVN

CLIMATE REPORT
NATIONAL WEATHER SERVICE QUAD CITIES IA IL
529 AM CST THU JAN 1 2015

...................................

...THE DAVENPORT IA CLIMATE SUMMARY FOR THE MONTH OF DECEMBER 2014...

CLIMATE NORMAL PERIOD 1981 TO 2010
CLIMATE RECORD PERIOD 9999 TO 9999

WEATHER         OBSERVED          NORMAL  DEPART
                 VALUE   DATE(S)  VALUE   FROM
                                          NORMAL
................................................
TEMPERATURE (F)
HIGHEST            52   12/14        39      13
LOWEST              0   12/31        13     -13
AVG. MAXIMUM     36.5              33.2     3.3
AVG. MINIMUM     23.7              17.3     6.4
MEAN             30.1              25.3     4.8
DAYS MAX >= 90      0
DAYS MAX <= 32      8
DAYS MIN <= 32     24
DAYS MIN <= 0       1

PRECIPITATION (INCHES)
TOTALS           0.79              1.73   -0.94
DAILY AVG.       0.03              0.06   -0.03
DAYS >= .01         7
DAYS >= .10         4
DAYS >= .50         0
DAYS >= 1.00        0
GREATEST
 24 HR. TOTAL    0.42   12/15 TO 12/16

SNOWFALL (INCHES)
TOTALS              T
SINCE 7/1         4.0
SNOWDEPTH AVG.      0
DAYS >= TRACE       8
DAYS >= 1.0         0
GREATEST
 SNOW DEPTH         0   MM
 24 HR TOTAL        T   12/29 TO 12/29
                        12/25 TO 12/25
                        12/24 TO 12/24

DEGREE_DAYS
HEATING TOTAL    1073              1232    -159
 SINCE 7/1       2678              2580      98
COOLING TOTAL       0                 0       0
 SINCE 1/1        728               786     -58
.................................................

WIND (MPH)
AVERAGE WIND SPEED              10.1
HIGHEST WIND SPEED/DIRECTION    31/270    DATE  12/27
HIGHEST GUST SPEED/DIRECTION    37/280    DATE  12/27

SKY COVER
POSSIBLE SUNSHINE (PERCENT)   MM
AVERAGE SKY COVER           0.60
NUMBER OF DAYS FAIR            9
NUMBER OF DAYS PC              8
NUMBER OF DAYS CLOUDY         14

AVERAGE RH (PERCENT)     76

WEATHER CONDITIONS. NUMBER OF DAYS WITH
THUNDERSTORM              0     HAIL                       0
SLEET                     0     FOG                       18
FOG W/VIS <= 1/4 MILE     1     HAZE                      11

-  INDICATES NEGATIVE NUMBERS.
R  INDICATES RECORD WAS SET OR TIED.
MM INDICATES DATA IS MISSING.
T  INDICATES TRACE AMOUNT.

$$
===================================================================

NOTE: SUPPLEMENTAL CLIMATE DATA WAS USED FROM A NEARBY
CLIMATOLOGICALLY REPRESENTATIVE STATION.

===================================================================

PARAMETER   DATE
---------   ----
   SNW      ALL OBSERVED SNW ABOVE
12Z DPTH    ALL OBSERVED 12Z DPTH ABOVE
