828
CXUS53 KDVN 011500
CLMDVN


CLIMATE REPORT
NATIONAL WEATHER SERVICE QUAD CITIES IA IL
937 AM CDT FRI APR 1 2016

...................................

...THE DAVENPORT IA CLIMATE SUMMARY FOR THE MONTH OF MARCH 2016...

CLIMATE NORMAL PERIOD 1981 TO 2010
CLIMATE RECORD PERIOD 9999 TO 9999

WEATHER         OBSERVED          NORMAL  DEPART
                 VALUE   DATE(S)  VALUE   FROM
                                          NORMAL
................................................
TEMPERATURE (F)
HIGHEST            74   03/08        56      18
LOWEST             12   03/02        23     -11
AVG. MAXIMUM     53.5              48.2     5.3
AVG. MINIMUM     34.1              28.1     6.0
MEAN             43.8              38.2     5.6
DAYS MAX >= 90      0
DAYS MAX <= 32      1
DAYS MIN <= 32     15
DAYS MIN <= 0       0

PRECIPITATION (INCHES)
TOTALS           3.12              2.52    0.60
DAILY AVG.       0.10              0.08    0.02
DAYS >= .01        14
DAYS >= .10         8
DAYS >= .50         2
DAYS >= 1.00        1
GREATEST
 24 HR. TOTAL    1.24   03/15 TO 03/16

SNOWFALL (INCHES)
TOTALS            1.2
SINCE 7/1        16.6
SNOWDEPTH AVG.      0
DAYS >= TRACE       9
DAYS >= 1.0         0
GREATEST
 SNOW DEPTH         1   03/03
 24 HR TOTAL      0.8   03/02 TO 03/03

DEGREE_DAYS
HEATING TOTAL     649               833    -184
 SINCE 7/1       4873              5858    -985
COOLING TOTAL       1                 0       1
 SINCE 1/1          1                 0       1
.................................................

WIND (MPH)
AVERAGE WIND SPEED              11.8
HIGHEST WIND SPEED/DIRECTION    39/270    DATE  03/16
HIGHEST GUST SPEED/DIRECTION    52/280    DATE  03/16

SKY COVER
POSSIBLE SUNSHINE (PERCENT)   MM
AVERAGE SKY COVER           0.50
NUMBER OF DAYS FAIR           13
NUMBER OF DAYS PC              6
NUMBER OF DAYS CLOUDY         12

AVERAGE RH (PERCENT)     72

WEATHER CONDITIONS. NUMBER OF DAYS WITH
THUNDERSTORM              5     HAIL                       4
SLEET                     1     FOG                       19
FOG W/VIS <= 1/4 MILE     1     HAZE                       4

-  INDICATES NEGATIVE NUMBERS.
R  INDICATES RECORD WAS SET OR TIED.
MM INDICATES DATA IS MISSING.
T  INDICATES TRACE AMOUNT.

$$

NOTE: SUPPLEMENTAL CLIMATE DATA IS FROM A CLIMATOLOGICALLY REPRESENTATIVE SITE
