000
CXUS53 KGID 011654
CLMEAR

CLIMATE REPORT
NATIONAL WEATHER SERVICE HASTINGS NE
1040 AM CST THU FEB 1 2018

...................................

...THE KEARNEY CLIMATE SUMMARY FOR THE MONTH OF JANUARY 2018...

CLIMATE NORMAL PERIOD 1981 TO 2010
CLIMATE RECORD PERIOD 1894 TO 2018

WEATHER         OBSERVED          NORMAL  DEPART  LAST YEAR`S
                 VALUE   DATE(S)  VALUE   FROM    VALUE  DATE(S)
                                          NORMAL
................................................................
TEMPERATURE (F)
HIGHEST            52   01/09        58      -6       61  01/30
LOWEST            -13   01/01        -9      -4      -17  01/06
AVG. MAXIMUM     34.6              36.0    -1.4     35.4
AVG. MINIMUM     13.9              13.3     0.6     18.2
MEAN             24.3              24.6    -0.3     26.8
DAYS MAX >= 90      0               0.0     0.0        0
DAYS MAX <= 32     11              11.9    -0.9       11
DAYS MIN <= 32     31              30.7     0.3       28
DAYS MIN <= 0       5               4.7     0.3        5

PRECIPITATION (INCHES)
TOTALS             MM              0.49      MM       MM
DAILY AVG.         MM              0.02      MM
DAYS >= .01        MM               3.6      MM
DAYS >= .10        MM               1.6      MM
DAYS >= .50        MM               0.1      MM
DAYS >= 1.00       MM               0.0      MM
GREATEST
 24 HR. TOTAL      MM

DEGREE_DAYS
HEATING TOTAL    1252              1251       1     1178
COOLING TOTAL       0                 0       0        0
.................................................................

WIND (MPH)
AVERAGE WIND SPEED              10.7
HIGHEST WIND SPEED/DIRECTION    31/340
HIGHEST GUST SPEED/DIRECTION    MM               MM

AVERAGE RH (PERCENT)     75


-  INDICATES NEGATIVE NUMBERS.
R  INDICATES RECORD WAS SET OR TIED.
MM INDICATES DATA IS MISSING.
T  INDICATES TRACE AMOUNT.

&&

THE PRECIPITATION DATA SHOWN ABOVE IS RECORDED BY THE AUTOMATED
WEATHER OBSERVING SYSTEM AT THE KEARNEY AIRPORT. THE PRECIPITATION
IS DEPICTED FOR A CALENDAR DAY FROM MIDNIGHT TO MIDNIGHT. SNOWFALL
IS NOT RECORDED BY THAT SYSTEM.

THE OFFICIAL PRECIPITATION...SNOWFALL...AND SNOW DEPTH OBSERVATION
FOR KEARNEY IS RECORDED DAILY BY THE COOPERATIVE OBSERVER AT 7 AM.
THAT INFORMATION FOLLOWS...

...KEARNEY 4NE COOPERATIVE OBSERVER REPORT FOR JANUARY 2018...

PRECIPITATION (IN)
     MONTHLY...............................  0.96
     YEAR TO DATE..........................  0.96

SNOWFALL (IN)
     MONTHLY...............................  6.8
     SEASONAL TOTAL (SINCE JULY 1ST)....... 11.5

$$
WESELY
