000
CXUS53 KGID 011918 CCA
CLMEAR

CLIMATE REPORT
NATIONAL WEATHER SERVICE HASTINGS NE
823 AM CDT SUN MAY 1 2016

...................................

...THE KEARNEY CLIMATE SUMMARY FOR THE MONTH OF APRIL 2016...

CLIMATE NORMAL PERIOD 1981 TO 2010
CLIMATE RECORD PERIOD 1894 TO 2016

WEATHER         OBSERVED          NORMAL  DEPART  LAST YEAR`S
                 VALUE   DATE(S)  VALUE   FROM    VALUE  DATE(S)
                                          NORMAL
................................................................
TEMPERATURE (F)
HIGHEST            81   04/23        85      -4       86  04/01
LOWEST             27   04/08        20       7       28  04/22
                                                          04/04
AVG. MAXIMUM     63.7              62.1     1.6     63.8
AVG. MINIMUM     40.5              35.3     5.2     39.4
MEAN             52.1              48.7     3.4     51.6
DAYS MAX >= 90      0               0.3    -0.3        0
DAYS MAX <= 32      0               0.3    -0.3        0
DAYS MIN <= 32      4              11.1    -7.1        3
DAYS MIN <= 0       0               0.0     0.0        0

PRECIPITATION (INCHES)
TOTALS           5.18              2.23    2.95     2.93
DAILY AVG.       0.17              0.07    0.10
DAYS >= .01         8               7.7     0.3
DAYS >= .10         6               4.4     1.6
DAYS >= .50         3               1.4     1.6
DAYS >= 1.00        2               0.6     1.4
GREATEST
 24 HR. TOTAL    2.29   04/16 TO 04/16

DEGREE_DAYS
HEATING TOTAL     379               496    -117      399
COOLING TOTAL       1                 7      -6        4
.................................................................

WIND (MPH)
AVERAGE WIND SPEED              14.2
HIGHEST WIND SPEED/DIRECTION    38/340
HIGHEST GUST SPEED/DIRECTION    50/340

AVERAGE RH (PERCENT)     61


-  INDICATES NEGATIVE NUMBERS.
R  INDICATES RECORD WAS SET OR TIED.
MM INDICATES DATA IS MISSING.
T  INDICATES TRACE AMOUNT.

&&

THE PRECIPITATION DATA SHOWN ABOVE IS RECORDED BY THE AUTOMATED
WEATHER OBSERVING SYSTEM AT THE KEARNEY AIRPORT. THE
PRECIPITATION IS DEPICTED FOR A CALENDAR DAY FROM MIDNIGHT TO
MIDNIGHT. SNOWFALL IS NOT RECORDED BY THAT SYSTEM.

THE OFFICIAL PRECIPITATION...SNOWFALL...AND SNOW DEPTH
OBSERVATION FOR KEARNEY IS RECORDED DAILY BY THE
COOPERATIVE OBSERVER AT 7 AM.  THAT INFORMATION FOLLOWS...

...KEARNEY 4NE COOPERATIVE OBSERVER REPORT FOR APRIL 2016...

PRECIPITATION (IN)
MONTH TO DATE..................... 8.39
YEAR TO DATE......................10.33

SNOWFALL (IN)
MONTH TO DATE....................  0.0
SEASONAL TOTAL (SINCE JULY 1ST).. 24.2

$$
