000
CXUS53 KGID 012245
CLMEAR

CLIMATE REPORT...CORRECTION
NATIONAL WEATHER SERVICE HASTINGS NE
1048 AM CST SUN JAN 1 2017
CORRECTED HEADER

...................................

...THE KEARNEY CLIMATE SUMMARY FOR THE MONTH OF DECEMBER 2016...

CLIMATE NORMAL PERIOD 1981 TO 2010
CLIMATE RECORD PERIOD 1894 TO 2016

WEATHER         OBSERVED          NORMAL  DEPART  LAST YEAR`S
                 VALUE   DATE(S)  VALUE   FROM    VALUE  DATE(S)
                                          NORMAL
................................................................
TEMPERATURE (F)
HIGHEST            55   12/30        60      -5       66  12/09
LOWEST            -13   12/18        -5      -8        9  12/31
AVG. MAXIMUM     38.0              36.8     1.2     41.7
AVG. MINIMUM     15.4              15.1     0.3     23.5
MEAN             26.7              25.9     0.8     32.6
DAYS MAX >= 90      0               0.0     0.0        0
DAYS MAX <= 32     10              10.5    -0.5        8
DAYS MIN <= 32     31              30.7     0.3       27
DAYS MIN <= 0       2               3.0    -1.0        0

PRECIPITATION (INCHES)
TOTALS             MM              0.57      MM       MM
DAILY AVG.         MM              0.02      MM
DAYS >= .01        MM               3.7      MM
DAYS >= .10        MM               1.4      MM
DAYS >= .50        MM               0.2      MM
DAYS >= 1.00       MM               0.0      MM
GREATEST
 24 HR. TOTAL      MM

DEGREE_DAYS
HEATING TOTAL    1181              1210     -29      997
COOLING TOTAL       0                 0       0        0
.................................................................

WIND (MPH)
AVERAGE WIND SPEED              MM
HIGHEST WIND SPEED/DIRECTION    MM               MM
HIGHEST GUST SPEED/DIRECTION    MM               MM

AVERAGE RH (PERCENT)     59


-  INDICATES NEGATIVE NUMBERS.
R  INDICATES RECORD WAS SET OR TIED.
MM INDICATES DATA IS MISSING.
T  INDICATES TRACE AMOUNT.

&&

THE PRECIPITATION DATA SHOWN ABOVE IS RECORDED BY THE AUTOMATED
WEATHER OBSERVING SYSTEM AT THE KEARNEY AIRPORT. THE
PRECIPITATION IS DEPICTED FOR A CALENDAR DAY FROM MIDNIGHT TO
MIDNIGHT. SNOWFALL IS NOT RECORDED BY THAT SYSTEM.

THE OFFICIAL PRECIPITATION...SNOWFALL...AND SNOW DEPTH
OBSERVATION FOR KEARNEY IS RECORDED DAILY BY THE
COOPERATIVE OBSERVER AT 7 AM.  THAT INFORMATION FOLLOWS...

...KEARNEY 4NE COOPERATIVE OBSERVER REPORT FOR DECEMBER 2016...

PRECIPITATION (IN)
     MONTH TO DATE......................  0.90
     YEAR TO DATE....................... 21.87

SNOWFALL (IN)
     MONTH TO DATE......................  1.0
     SEASONAL TOTAL (SINCE JULY 1ST)....  1.2

$$
