000
CXUS53 KGID 121532 AAA
CLMEAR

CLIMATE REPORT
NATIONAL WEATHER SERVICE HASTINGS NE
1032 AM CDT TUE AUG 12 2014

UPDATED TO INCLUDE ADDITIONAL MONTHLY DETAILS AT BOTTOM

...................................

...THE KEARNEY CLIMATE SUMMARY FOR THE MONTH OF JULY 2014...

CLIMATE NORMAL PERIOD 1981 TO 2010
CLIMATE RECORD PERIOD 1894 TO 2014

WEATHER         OBSERVED          NORMAL  DEPART  LAST YEAR`S
                 VALUE   DATE(S)  VALUE   FROM    VALUE  DATE(S)
                                          NORMAL
................................................................
TEMPERATURE (F)
HIGHEST           100   07/21       100       0      100  07/13
LOWEST             48   07/15        51      -3       52  07/01
AVG. MAXIMUM     84.8              86.7    -1.9     85.5
AVG. MINIMUM     61.1              62.6    -1.5     62.5
MEAN             73.0              74.7    -1.7     74.0
DAYS MAX >= 90     10              10.4    -0.4       12
DAYS MAX <= 32      0               0.0     0.0        0
DAYS MIN <= 32      0               0.0     0.0        0
DAYS MIN <= 0       0               0.0     0.0        0

PRECIPITATION (INCHES)
TOTALS           0.13              3.28   -3.15     2.46
DAILY AVG.       0.00              0.11   -0.11
DAYS >= .01         3               8.1    -5.1
DAYS >= .10         0               5.4    -5.4
DAYS >= .50         0               2.4    -2.4
DAYS >= 1.00        0               1.1    -1.1
GREATEST
 24 HR. TOTAL    0.06   07/09 TO 07/09

DEGREE_DAYS
HEATING TOTAL       6                 5       1        8
COOLING TOTAL     262               304     -42      297
.................................................................

WIND (MPH)
AVERAGE WIND SPEED              9.6
HIGHEST WIND SPEED/DIRECTION    33/MM
HIGHEST GUST SPEED/DIRECTION    39/MM

AVERAGE RH (PERCENT)     66


-  INDICATES NEGATIVE NUMBERS.
R  INDICATES RECORD WAS SET OR TIED.
MM INDICATES DATA IS MISSING.
T  INDICATES TRACE AMOUNT.

&&

THE PRECIPITATION DATA SHOWN ABOVE IS RECORDED BY THE AUTOMATED
WEATHER OBSERVING SYSTEM AT THE KEARNEY AIRPORT. THE PRECIPITATION
IS DEPICTED FOR A CALENDAR DAY FROM MIDNIGHT TO MIDNIGHT. SNOWFALL
IS NOT RECORDED BY THAT SYSTEM.

THE OFFICIAL PRECIPITATION...SNOWFALL...AND SNOW DEPTH
OBSERVATION FOR KEARNEY IS RECORDED DAILY BY THE
COOPERATIVE OBSERVER AT 7 AM.  THAT INFORMATION FOLLOWS...

...KEARNEY 4NE COOPERATIVE OBSERVER REPORT FOR JULY 2014...

PRECIPITATION (IN)
     MONTH TO DATE..................   0.17
     YEAR TO DATE...................  13.51

SNOWFALL (IN)
     MONTH TO DATE..................   0.0
     SEASONAL TOTAL (SINCE JULY 1ST)   0.0

&&

...JULY 2014 CLIMATE DETAILS FOR KEARNEY REGIONAL AIRPORT...

(NOTE: ALL DATA PRESENTED BELOW THIS POINT IS FROM THE OFFICIAL
NWS COOPERATIVE OBSERVER LOCATED AT KEARNEY REGIONAL AIRPORT. AS
A RESULT...IT MAY DIFFER SLIGHTLY FROM THE UNOFFICIAL AUTOMATED
AIRPORT OBSERVATIONS PRESENTED IN THE TABLE AT THE TOP OF THIS
PRODUCT. ALL TEMPERATURE AND PRECIPITATION DATA REPORTED BY THE
OFFICIAL COOPERATIVE OBSERVER IS BASED ON A 24-HOUR PERIOD
ENDING AT 7 AM...AND THUS DOES NOT CORRESPOND TO A
MIDNIGHT-TO-MIDNIGHT CALENDAR DAY PERIOD AS THE AUTOMATED
OBSERVATIONS DO.)

...TEMPERATURES

AVERAGE HIGH TEMPERATURE:     84.4 DEGREES (2.3 BELOW NORMAL)
AVERAGE LOW TEMPERATURE:      59.2 DEGREES (3.4 BELOW NORMAL)
AVERAGE MEAN TEMPERATURE:     71.8 DEGREES (2.9 BELOW NORMAL)

- THIS WAS THE 9TH-COOLEST JULY ON RECORD OUT OF 114 YEARS
DATING TO 1901...AND WAS THE COOLEST SINCE 2009

HOTTEST HIGH TEMPERATURE: 101 DEGREES REPORTED ON THE 22ND
(ACTUALLY OCCURRED ON THE 21ST)

COOLEST HIGH TEMPERATURE: 71 DEGREES REPORTED ON THE 17TH
(ACTUALLY OCCURRED ON THE 16TH)

COOLEST LOW TEMPERATURE: 46 DEGREES REPORTED ON THE 15TH

WARMEST LOW TEMPERATURE: 72 DEGREES REPORTED ON THE 22ND


...PRECIPITATION

TOTAL MONTHLY PRECIPITATION:   0.17 INCHES (3.11 BELOW NORMAL)

- THIS WAS THE 2ND-DRIEST JULY ON RECORD OUT OF 120 YEARS
DATING TO 1895...TRAILING ONLY 0.13 INCHES IN 1997

NUMBER OF 24-HOUR PERIODS
WITH MEASURABLE PRECIPITATION (0.01 OR MORE): 2

HIGHEST 24-HOUR
PRECIPITATION ENDING AROUND 7 AM: 0.12 INCHES REPORTED ON THE 10TH


PRECIPITATION TOTALS AND DEPARTURES
FROM NORMAL FOR THE PAST 12 MONTHS:

MONTH          PRECIP.  DEPARTURE

AUG  2013       2.19      -0.89
SEP  2013       3.77      +1.70
OCT  2013       3.73      +1.69
NOV  2013       0.72      -0.30
DEC  2013       0.10      -0.47
JAN  2014       0.28      -0.21
FEB  2014       0.36      -0.19
MAR  2014       0.11      -1.68
APR  2014       3.35      +1.12
MAY  2014       0.71      -3.47
JUN  2014       8.53      +4.60
JUL  2014       0.17      -3.11

12-MONTH TOTAL  24.02     -1.21


...SEVERE THUNDERSTORMS/HIGH WINDS

ALTHOUGH THE CITY OF KEARNEY MISSED OUT ON SEVERE WEATHER DURING
JULY...IT WAS A RATHER CLOSE CALL AS A SIGNIFICANT SEVERE STORM WITH
DAMAGING WINDS AND LARGE HAIL PASSED FROM NORTHWEST-TO-SOUTHEAST
THROUGH AREAS ONLY A FEW MILES EAST OF KEARNEY ON THE EVENING OF THE
9TH...CAUSING SIGNIFICANT DAMAGE IN THE GIBBON AREA. ALSO DURING THE
EVENING OF THE 9TH...THE AIRPORT MEASURED A 55 MPH THUNDERSTORM WIND
GUST AT 655 PM CDT...WHICH WAS ONE OF THE HIGHEST MEASURED GUSTS
DURING JULY (BUT NOT NECESSARILY THE TRUE PEAK GUST...AS THIS
AUTOMATED SYSTEM ONLY TRANSMITS ROUTINE OBSERVATIONS EVERY 20
MINUTES). NO TORNADOES WERE CONFIRMED WITHIN BUFFALO COUNTY DURING
JULY.

$$

PFANNKUCH
