000
CXUS53 KGID 011609
CLMEAR

OMACLMEAR 000
TTAA00 KGID 011604


CLIMATE REPORT
NATIONAL WEATHER SERVICE HASTINGS NE
1109 AM CDT THU JUN 1 2017

...................................

...THE KEARNEY CLIMATE SUMMARY FOR THE MONTH OF MAY 2017...

CLIMATE NORMAL PERIOD 1981 TO 2010
CLIMATE RECORD PERIOD 1894 TO 2017

WEATHER         OBSERVED          NORMAL  DEPART  LAST YEAR`S
                 VALUE   DATE(S)  VALUE   FROM    VALUE  DATE(S)
                                          NORMAL
................................................................
TEMPERATURE (F)
HIGHEST            90   05/08        90       0       84  05/29
LOWEST             34   05/01        33       1       34  05/02
AVG. MAXIMUM     71.7              71.5     0.2     70.8
AVG. MINIMUM     47.9              47.6     0.3     48.0
MEAN             59.5              59.5     0.0     59.4
DAYS MAX >= 90      1               0.9     0.1        0
DAYS MAX <= 32      0               0.0     0.0        0
DAYS MIN <= 32      0               0.8    -0.8        0
DAYS MIN <= 0       0               0.0     0.0        0

PRECIPITATION (INCHES)
TOTALS           4.78              4.18    0.60       MM
DAILY AVG.       0.16              0.13    0.03
DAYS >= .01        11              11.8    -0.8
DAYS >= .10        10               7.5     2.5
DAYS >= .50         3               2.9     0.1
DAYS >= 1.00        2               1.0     1.0
GREATEST
 24 HR. TOTAL    1.30   05/16 TO 05/16

DEGREE_DAYS
HEATING TOTAL     186               209     -23       MM
COOLING TOTAL      31                40      -9       MM
.................................................................

WIND (MPH)
AVERAGE WIND SPEED              11.1
HIGHEST WIND SPEED/DIRECTION    30/160
HIGHEST GUST SPEED/DIRECTION    37/170

AVERAGE RH (PERCENT)     60


-  INDICATES NEGATIVE NUMBERS.
R  INDICATES RECORD WAS SET OR TIED.
MM INDICATES DATA IS MISSING.
T  INDICATES TRACE AMOUNT.

&&

THE PRECIPITATION DATA SHOWN ABOVE IS RECORDED BY THE AUTOMATED
WEATHER OBSERVING SYSTEM AT THE KEARNEY AIRPORT. THE PRECIPITATION
IS DEPICTED FOR A CALENDAR DAY FROM MIDNIGHT TO MIDNIGHT. SNOWFALL
IS NOT RECORDED BY THAT SYSTEM.

THE OFFICIAL PRECIPITATION...SNOWFALL...AND SNOW DEPTH OBSERVATION
FOR KEARNEY IS RECORDED DAILY BY THE COOPERATIVE OBSERVER AT 7 AM.
THAT INFORMATION FOLLOWS...

...KEARNEY 4NE COOPERATIVE OBSERVER REPORT FOR MAY 2017...

PRECIPITATION (IN)
MONTH TO DATE...........................  6.03
YEAR TO DATE............................ 10.73

SNOWFALL (IN)
     MONTH TO DATE......................  1.6
     SEASONAL TOTAL (SINCE JULY 1ST).... 13.2

$$

KELLEY
