000
CXUS53 KGID 011502
CLMEAR

OMACLMEAR 000
TTAA00 KGID 011457


CLIMATE REPORT
NATIONAL WEATHER SERVICE HASTINGS NE
952 AM CDT SAT APR 1 2017

...................................

...THE KEARNEY CLIMATE SUMMARY FOR THE MONTH OF MARCH 2017...

CLIMATE NORMAL PERIOD 1981 TO 2010
CLIMATE RECORD PERIOD 1894 TO 2017

WEATHER         OBSERVED          NORMAL  DEPART  LAST YEAR`S
                 VALUE   DATE(S)  VALUE   FROM    VALUE  DATE(S)
                                          NORMAL
................................................................
TEMPERATURE (F)
HIGHEST            84   03/19        77       7       81  03/07
LOWEST             16   03/13         6      10       16  03/20
                                                          03/01
AVG. MAXIMUM     55.5              50.3     5.2     59.7
AVG. MINIMUM     30.4              25.1     5.3     30.8
MEAN             43.0              37.7     5.3     45.3
DAYS MAX >= 90      0               0.0     0.0        0
DAYS MAX <= 32      2               3.5    -1.5        0
DAYS MIN <= 32     16              23.7    -7.7       19
DAYS MIN <= 0       0               0.7    -0.7        0

PRECIPITATION (INCHES)
TOTALS             MM              1.79      MM     0.18
DAILY AVG.         MM              0.06      MM
DAYS >= .01        MM               6.4      MM
DAYS >= .10        MM               3.8      MM
DAYS >= .50        MM               1.0      MM
DAYS >= 1.00       MM               0.3      MM
GREATEST
 24 HR. TOTAL      MM

DEGREE_DAYS
HEATING TOTAL     676               846    -170      604
COOLING TOTAL       0                 0       0        0
.................................................................

WIND (MPH)
AVERAGE WIND SPEED              MM
HIGHEST WIND SPEED/DIRECTION    MM               MM
HIGHEST GUST SPEED/DIRECTION    MM               MM

AVERAGE RH (PERCENT)     59


-  INDICATES NEGATIVE NUMBERS.
R  INDICATES RECORD WAS SET OR TIED.
MM INDICATES DATA IS MISSING.
T  INDICATES TRACE AMOUNT.

&&

THE PRECIPITATION DATA SHOWN ABOVE IS RECORDED BY THE AUTOMATED
WEATHER OBSERVING SYSTEM AT THE KEARNEY AIRPORT. THE
PRECIPITATION IS DEPICTED FOR A CALENDAR DAY FROM MIDNIGHT TO
MIDNIGHT. SNOWFALL IS NOT RECORDED BY THAT SYSTEM.

THE OFFICIAL PRECIPITATION...SNOWFALL...AND SNOW DEPTH
OBSERVATION FOR KEARNEY IS RECORDED DAILY BY THE
COOPERATIVE OBSERVER AT 7 AM.  THAT INFORMATION FOLLOWS...

...KEARNEY 4NE COOPERATIVE OBSERVER REPORT FOR MARCH 2017...

PRECIPITATION (IN)
     MONTH TO DATE......................  1.63
     YEAR TO DATE.......................  2.83

SNOWFALL (IN)
     MONTH TO DATE......................  0.7
     SEASONAL TOTAL (SINCE JULY 1ST).... 11.6

$$
