000
CXUS53 KGID 031304 CCA
CLMEAR

CLIMATE REPORT...CORRECTED
NATIONAL WEATHER SERVICE HASTINGS NE
1014 AM CDT FRI JUL 1 2016

...CORRECTED TYPOGRAPHICAL ERROR...

...................................

...THE KEARNEY CLIMATE SUMMARY FOR THE MONTH OF JUNE 2016...

CLIMATE NORMAL PERIOD 1981 TO 2010
CLIMATE RECORD PERIOD 1894 TO 2016

WEATHER         OBSERVED          NORMAL  DEPART  LAST YEAR`S
                 VALUE   DATE(S)  VALUE   FROM    VALUE  DATE(S)
                                          NORMAL
................................................................
TEMPERATURE (F)
HIGHEST            99   06/21        97       2       97  06/30
                        06/17
                        06/15
LOWEST             48   06/07        45       3       54  06/16
AVG. MAXIMUM     88.4              82.0     6.4     81.8
AVG. MINIMUM     62.0              57.6     4.4     60.4
MEAN             75.2              69.8     5.4     71.1
DAYS MAX >= 90     15               5.5     9.5        3
DAYS MAX <= 32      0               0.0     0.0        0
DAYS MIN <= 32      0               0.0     0.0        0
DAYS MIN <= 0       0               0.0     0.0        0

PRECIPITATION (INCHES)
TOTALS           0.46              3.93   -3.47     6.18
DAILY AVG.       0.02              0.13   -0.11
DAYS >= .01         7              10.0    -3.0
DAYS >= .10         1               6.8    -5.8
DAYS >= .50         0               2.4    -2.4
DAYS >= 1.00        0               1.1    -1.1
GREATEST
 24 HR. TOTAL    0.27   06/28 TO 06/28

DEGREE_DAYS
HEATING TOTAL      MM                35      MM        3
COOLING TOTAL      MM               179      MM      196
.................................................................

WIND (MPH)
AVERAGE WIND SPEED              MM
HIGHEST WIND SPEED/DIRECTION    MM               MM
HIGHEST GUST SPEED/DIRECTION    MM               MM

AVERAGE RH (PERCENT)     58


-  INDICATES NEGATIVE NUMBERS.
R  INDICATES RECORD WAS SET OR TIED.
MM INDICATES DATA IS MISSING.
T  INDICATES TRACE AMOUNT.

&&

THE PRECIPITATION DATA SHOWN ABOVE IS RECORDED BY THE AUTOMATED
WEATHER OBSERVING SYSTEM AT THE KEARNEY AIRPORT. THE
PRECIPITATION IS DEPICTED FOR A CALENDAR DAY FROM MIDNIGHT TO
MIDNIGHT. SNOWFALL IS NOT RECORDED BY THAT SYSTEM.

THE OFFICIAL PRECIPITATION...SNOWFALL...AND SNOW DEPTH
OBSERVATION FOR KEARNEY IS RECORDED DAILY BY THE
COOPERATIVE OBSERVER AT 7 AM.  THAT INFORMATION FOLLOWS...

...KEARNEY 4NE COOPERATIVE OBSERVER REPORT FOR JUNE 2016...

PRECIPITATION (IN)
MONTH TO DATE.......................  0.61
YEAR TO DATE........................ 13.24

SNOWFALL (IN)
MONTH TO DATE......................   0.0
SEASONAL TOTAL (SINCE JULY 1ST)....  24.2
$$
REED
