000
CXUS56 KOTX 062045 CCA
CLMEAT

CLIMATE REPORT
NATIONAL WEATHER SERVICE SPOKANE, WA
145 PM PDT SUN JUL 6 2014

...................................

JUNE 2014 BROUGHT TYPICAL JUNE WEATHER TO NORTH CENTRAL WASHINGTON
WITH A MIX OF DRY AND WARM PERIODS AS WELL AS COOLER AND SHOWERY
PERIODS.  ON THE 2ND AND 3RD ISOLATED THUNDERSTORMS IMPACTED AREAS
OVER THE HIGH TERRAIN NORTH OF WENATCHEE. ON THE 12-13TH A LOW
PRESSURE SYSTEM TRACKED THROUGH THE AREA. DRY FUELS INITIALLY
COMBINED WITH THUNDERSTORMS RESULTED IN A FEW FIRE STARTS IN CHELAN
COUNTY.  HOWEVER COOLER AND SHOWERY WEATHER FOLLOWED.  ON THE 13TH A
SMALL BUT STRONG DISTURBANCE BROUGHT HEAVY RAIN TO BYRD AND FIRST
CREEK BURN SCARS FROM THE 2012 FIRES WITH BETWEEN 1-2 INCHES OF RAIN
FALLING.  MINOR SLIDES WERE REPORTED IN CHELAN COUNTY.  HIGH
TEMPERATURES IN WENATCHEE FELL INTO THE LOWER 60S ON THE 13TH AFTER
REACHING THE MID 80S THE DAY BEFORE.  AFTER A BRIEF WARM UP INTO THE
70S COOLER AND SHOWERY WEATHER RETURNED ON THE 16TH.  THIS WAS SHORT
LIVED AS TEMPERATURES REBOUNDED SIGNIFICANTLY WITH LOWER 90S ON THE
23RD.  ANOTHER LOW PRESSURE SYSTEM FOLLOWED WITH COOLER AND SHOWERY
CONDITIONS ON THE 24TH...AND 26TH WITH A FEW EMBEDDED THUNDERSTORMS.

NO RECORDS WERE SET DURING THE MONTH AT THE WENATCHEE AIRPORT.

...THE WENATCHEE WA PANGBORN FIELD CLIMATE SUMMARY FOR THE MONTH OF JUNE 2014...

CLIMATE NORMAL PERIOD 1981 TO 2010
CLIMATE RECORD PERIOD 1959 TO 2014

WEATHER         OBSERVED          NORMAL  DEPART  LAST YEAR`S
                 VALUE   DATE(S)  VALUE   FROM    VALUE  DATE(S)
                                          NORMAL
................................................................
TEMPERATURE (F)
RECORD
 HIGH             105   06/23/1992
 LOW               38   06/03/1976
HIGHEST            91   06/23        MM      MM       95  06/30
LOWEST             50   06/21        MM      MM       47  06/12
AVG. MAXIMUM     80.8              78.3     2.5     78.2
AVG. MINIMUM     58.0              55.1     2.9     55.9
MEAN             69.4              66.7     2.7     67.1
DAYS MAX >= 90      1               2.9    -1.9        3
DAYS MAX <= 32      0               0.0     0.0        0
DAYS MIN <= 32      0               0.0     0.0        0
DAYS MIN <= 0       0               0.0     0.0        0

PRECIPITATION (INCHES)
RECORD
 MAXIMUM         1.87   1972
 MINIMUM         0.01   1999
TOTALS           0.44              0.60   -0.16     0.57
DAILY AVG.       0.01              0.02   -0.01     0.02
DAYS >= .01         5               4.4     0.6        7
DAYS >= .10         2               1.9     0.1        1
DAYS >= .50         0               0.2    -0.2        0
DAYS >= 1.00        0               0.0     0.0        0
GREATEST
 24 HR. TOTAL    0.21   06/12 TO 06/13           06/24 TO 06/24

DEGREE_DAYS
COOLING TOTAL     156               292    -136      106
 SINCE 1/1        214               439    -225      166
.....................................................

WIND (MPH)
AVERAGE WIND SPEED              11.9
HIGHEST WIND SPEED/DIRECTION    32/310    DATE  06/10
HIGHEST GUST SPEED/DIRECTION    38/300    DATE  06/20

SKY COVER
POSSIBLE SUNSHINE (PERCENT)   MM
AVERAGE SKY COVER           0.20
NUMBER OF DAYS FAIR           25
NUMBER OF DAYS PC              4
NUMBER OF DAYS CLOUDY          1

AVERAGE RH (PERCENT)     38

WEATHER CONDITIONS. NUMBER OF DAYS WITH
THUNDERSTORM              0     MIXED PRECIP               0
HEAVY RAIN                0     RAIN                       1
LIGHT RAIN                8     FREEZING RAIN              0
LT FREEZING RAIN          0     HAIL                       0
HEAVY SNOW                0     SNOW                       0
LIGHT SNOW                0     SLEET                      0
FOG                       0     FOG W/VIS <= 1/4 MILE      0
HAZE                      0

-  INDICATES NEGATIVE NUMBERS.
R  INDICATES RECORD WAS SET OR TIED.
MM INDICATES DATA IS MISSING.
T  INDICATES TRACE AMOUNT.

$$
