000
CXUS56 KOTX 011142
CLMEAT


CLIMATE REPORT
NATIONAL WEATHER SERVICE SPOKANE, WA
327 AM PST FRI DEC 1 2017

...................................

...THE WENATCHEE WA PANGBORN FIELD CLIMATE SUMMARY FOR THE MONTH OF NOVEMBER 2017...

CLIMATE NORMAL PERIOD 1981 TO 2010
CLIMATE RECORD PERIOD 1959 TO 2017

WEATHER         OBSERVED          NORMAL  DEPART  LAST YEAR`S
                 VALUE   DATE(S)  VALUE   FROM    VALUE  DATE(S)
                                          NORMAL
................................................................
TEMPERATURE (F)
RECORD
 HIGH              70   11/09/1989
                        11/03/1975
 LOW               -5   11/23/1985
                        11/24/1985
HIGHEST            58   11/01        MM      MM       63  11/12
LOWEST             25   11/04        MM      MM       31  11/17
AVG. MAXIMUM     43.0              43.8    -0.8     52.1
AVG. MINIMUM     31.6              31.4     0.2     39.4
MEAN             37.3              37.6    -0.3     45.8
DAYS MAX >= 90      0               0.0     0.0        0
DAYS MAX <= 32      1               2.7    -1.7        0
DAYS MIN <= 32     20              14.5     5.5        1
DAYS MIN <= 0       0               0.2    -0.2        0

PRECIPITATION (INCHES)
RECORD
 MAXIMUM         3.58   1983
 MINIMUM            T   1993
TOTALS           1.40              1.11    0.29     0.38
DAILY AVG.       0.05              0.04    0.01     0.01
DAYS >= .01        15               9.1     5.9        7
DAYS >= .10         4               3.2     0.8        1
DAYS >= .50         1               0.3     0.7        0
DAYS >= 1.00        0               0.1    -0.1        0
GREATEST
 24 HR. TOTAL    0.52   11/09 TO 11/09           11/14 TO 11/15

SNOWFALL (INCHES)
RECORDS
 TOTAL             MM   MM
TOTALS             MM                MM      MM       MM
SINCE 7/1          MM                MM      MM       MM
SNOWDEPTH AVG.     MM                MM      MM       MM
DAYS >= 1.0        MM                MM      MM       MM
GREATEST
 SNOW DEPTH        MM                                 MM  MM
 24 HR TOTAL       MM                                 MM

DEGREE_DAYS
HEATING TOTAL     823               822       1      570
 SINCE 7/1       1423              1372      51     1077
..........................................................

WIND (MPH)
AVERAGE WIND SPEED              4.1
HIGHEST WIND SPEED/DIRECTION    24/320    DATE  11/02
HIGHEST GUST SPEED/DIRECTION    32/110    DATE  11/13

SKY COVER
POSSIBLE SUNSHINE (PERCENT)   MM
AVERAGE SKY COVER           0.60
NUMBER OF DAYS FAIR            9
NUMBER OF DAYS PC             12
NUMBER OF DAYS CLOUDY          9

AVERAGE RH (PERCENT)     78

WEATHER CONDITIONS. NUMBER OF DAYS WITH
THUNDERSTORM              0     MIXED PRECIP               0
HEAVY RAIN                0     RAIN                       1
LIGHT RAIN               15     FREEZING RAIN              0
LT FREEZING RAIN          0     HAIL                       0
HEAVY SNOW                0     SNOW                       1
LIGHT SNOW                3     SLEET                      0
FOG                      17     FOG W/VIS <= 1/4 MILE      5
HAZE                      1

-  INDICATES NEGATIVE NUMBERS.
R  INDICATES RECORD WAS SET OR TIED.
MM INDICATES DATA IS MISSING.
T  INDICATES TRACE AMOUNT.

$$
