000
CXUS56 KOTX 010943 CCA
CLMEAT

CLIMATE REPORT
NATIONAL WEATHER SERVICE SPOKANE, WA
135 AM PDT FRI JUL 1 2016

...................................

...THE WENATCHEE WA PANGBORN FIELD CLIMATE SUMMARY FOR THE MONTH OF JUNE 2016...

CLIMATE NORMAL PERIOD 1981 TO 2010
CLIMATE RECORD PERIOD 1959 TO 2016

WEATHER         OBSERVED          NORMAL  DEPART  LAST YEAR`S
                 VALUE   DATE(S)  VALUE   FROM    VALUE  DATE(S)
                                          NORMAL
................................................................
TEMPERATURE (F)
RECORD
 HIGH             109   06/28/2015
 LOW               38   06/03/1976
HIGHEST           101   06/06        MM      MM      109  06/28
LOWEST             43   06/15        MM      MM       52  06/13
AVG. MAXIMUM     81.2              78.3     2.9     90.5
AVG. MINIMUM     56.6              55.1     1.5     64.6
MEAN             68.9              66.7     2.2     77.6
DAYS MAX >= 90      8               2.9     5.1       15
DAYS MAX <= 32      0               0.0     0.0        0
DAYS MIN <= 32      0               0.0     0.0        0
DAYS MIN <= 0       0               0.0     0.0        0

PRECIPITATION (INCHES)
RECORD
 MAXIMUM         1.87   1972
 MINIMUM         0.01   1999
TOTALS           0.66              0.60    0.06     0.04
DAILY AVG.       0.02              0.02    0.00     0.00
DAYS >= .01         4               4.4    -0.4        1
DAYS >= .10         1               1.9    -0.9        0
DAYS >= .50         1               0.2     0.8        0
DAYS >= 1.00        0               0.0     0.0        0
GREATEST
 24 HR. TOTAL    0.56   06/18 TO 06/18           06/29 TO 06/29

DEGREE_DAYS
COOLING TOTAL     180               292    -112      383
 SINCE 1/1        222               439    -217      482
..........................................................

WIND (MPH)
AVERAGE WIND SPEED              9.3
HIGHEST WIND SPEED/DIRECTION    38/310    DATE  06/08
HIGHEST GUST SPEED/DIRECTION    43/320    DATE  06/08

SKY COVER
POSSIBLE SUNSHINE (PERCENT)   MM
AVERAGE SKY COVER           0.10
NUMBER OF DAYS FAIR           27
NUMBER OF DAYS PC              3
NUMBER OF DAYS CLOUDY          0

AVERAGE RH (PERCENT)     41

WEATHER CONDITIONS. NUMBER OF DAYS WITH
THUNDERSTORM              1     MIXED PRECIP               0
HEAVY RAIN                0     RAIN                       2
LIGHT RAIN                6     FREEZING RAIN              0
LT FREEZING RAIN          0     HAIL                       0
HEAVY SNOW                0     SNOW                       0
LIGHT SNOW                0     SLEET                      0
FOG                       1     FOG W/VIS <= 1/4 MILE      0
HAZE                      2

-  INDICATES NEGATIVE NUMBERS.
R  INDICATES RECORD WAS SET OR TIED.
MM INDICATES DATA IS MISSING.
T  INDICATES TRACE AMOUNT.

$$

JUNE 2016 BROUGHT A VARIETY OF CONDITIONS TO NORTH CENTRAL
WASHINGTON.  OVERALL THE MONTH ENDED WARMER THAN NORMAL BUT
PRECIPITATION DEPENDED ON WHERE YOU LIVE.  ALONG THE EAST SLOPES OF
THE CASCADES THE MONTH FINISHED DRIER THAN NORMAL WHILE THE MOSES
LAKE AREA...WATERVILLE PLATEAU...AND OKANOGAN VALLEY FINISHED WETTER
THAN NORMAL.  THE MONTH STARTED ON A WARM NOTE ESPECIALLY FROM THE
4TH THROUGH THE 7TH WHERE A HEAT WAVE BROUGHT HIGH TEMPERATURES
RANGING FROM 93 TO 101 IN WENATCHEE.  THE HEAT WAVE ENDED WITH A
STRONG COLD FRONT LATE ON THE 7TH AND 8TH.  THE FRONT BROUGHT
SHOWERS AND THUNDERSTORMS MAINLY EAST OF WENATCHEE FROM THE COLUMBIA
BASIN TO THE OKANOGAN HIGHLANDS.  MORE THUNDERSTORMS HIT THE REGION
INCLUDING HEAYY RAIN FROM STORMS IN OMAK...OKANOGAN...AND CONCONULLY
ON THE 10TH AND 11TH.  A WEATHER SPOTTER REPORTED OVER AN INCH OF
RAIN IN 25 MINUTES NEAR OKANOGAN.  SIX MILES NORTHEAST OF CONCONULLY
HEAYY RAIN LED TO MUD, ROCK, AND DEBRIS OVER THE ROAD.  ON THE 23RD
A STRONG THUNDERSTORM BROUGHT 40 MPH WIND GUSTS ALONG WITH 0.33
INCHES OF RAIN IN 15 MINUTES IN EPHRATA.  WARM AND DRIER WEATHER
RETURNED TO FINISH OUT THE MONTH FROM THE 27TH THROUGH THE 30TH WITH
HIGH TEMPERATURES IN THE LOWER TO MID 90S.

RECORD RAINFALL OF 0.56 INCHES WAS SET ON THE 18TH.  RECORD HIGH
TEMPERATURES OF 99 AND 101 DEGREES WERE SET ON THE 5TH AND 6TH
RESPECTIVELY.  RECORD LOW TEMPERATURES OF 46...43...AND 44 DEGREES
WERE SET OR TIED ON THE 14TH...15TH...AND 19TH RESPECTIVELY.
