000
CXUS56 KOTX 020119
CLMEAT

CLIMATE REPORT
NATIONAL WEATHER SERVICE SPOKANE, WA
609 PM PDT SAT AUG 1 2015

...................................

...THE WENATCHEE WA PANGBORN FIELD CLIMATE SUMMARY FOR THE MONTH OF JULY 2015...

CLIMATE NORMAL PERIOD 1981 TO 2010
CLIMATE RECORD PERIOD 1959 TO 2015

WEATHER         OBSERVED          NORMAL  DEPART  LAST YEAR`S
                 VALUE   DATE(S)  VALUE   FROM    VALUE  DATE(S)
                                          NORMAL
................................................................
TEMPERATURE (F)
RECORD
 HIGH             108   07/27/1998
 LOW               43   07/07/1971
                        07/02/1962
HIGHEST           106   07/03        MM      MM      106  07/16
LOWEST             57   07/27        MM      MM       53  07/24
AVG. MAXIMUM     93.2              87.0     6.2     94.1
AVG. MINIMUM     67.4              61.4     6.0     67.1
MEAN             80.3              74.2     6.1     80.6
DAYS MAX >= 90     18              12.0     6.0       23
DAYS MAX <= 32      0               0.0     0.0        0
DAYS MIN <= 32      0               0.0     0.0        0
DAYS MIN <= 0       0               0.0     0.0        0

PRECIPITATION (INCHES)
RECORD
 MAXIMUM         1.14   1965
 MINIMUM            T   2008
                        2007
                        2003
TOTALS           0.24              0.27   -0.03     0.38
DAILY AVG.       0.01              0.01    0.00     0.01
DAYS >= .01         2               2.6    -0.6        2
DAYS >= .10         2               0.9     1.1        1
DAYS >= .50         0               0.1    -0.1        0
DAYS >= 1.00        0               0.0     0.0        0
GREATEST
 24 HR. TOTAL    0.14   07/07 TO 07/07           07/23 TO 07/23
                                                          07/23 TO 07/23
                                                          07/23 TO 07/23

DEGREE_DAYS
COOLING TOTAL     480               269     211      491
 SINCE 1/1        962               708     254      705
....................................................

WIND (MPH)
AVERAGE WIND SPEED              10.4
HIGHEST WIND SPEED/DIRECTION    31/290    DATE  07/21
HIGHEST GUST SPEED/DIRECTION    46/330    DATE  07/11

SKY COVER
POSSIBLE SUNSHINE (PERCENT)    0
AVERAGE SKY COVER           0.00
NUMBER OF DAYS FAIR           31
NUMBER OF DAYS PC              0
NUMBER OF DAYS CLOUDY          0

AVERAGE RH (PERCENT)     30

WEATHER CONDITIONS. NUMBER OF DAYS WITH
THUNDERSTORM              0     MIXED PRECIP               0
HEAVY RAIN                1     RAIN                       0
LIGHT RAIN                2     FREEZING RAIN              0
LT FREEZING RAIN          0     HAIL                       0
HEAVY SNOW                0     SNOW                       0
LIGHT SNOW                0     SLEET                      0
FOG                       0     FOG W/VIS <= 1/4 MILE      0
HAZE                      2

-  INDICATES NEGATIVE NUMBERS.
R  INDICATES RECORD WAS SET OR TIED.
MM INDICATES DATA IS MISSING.
T  INDICATES TRACE AMOUNT.

$$

-----------------------------------------------------------------

AFTER A RECORD BREAKING HOT JUNE...THE FIRST 10 DAYS OF JULY BROUGHT
MORE OF THE SAME WITH HOT TEMPERATURES ACROSS NORTH CENTRAL
WASHINGTON.  HIGH TEMPERATURES FOR THE FIRST 10 DAYS WERE
CONSISTENTLY BETWEEN 10 TO 15 DEGREES ABOVE NORMAL WITH SEVEN OF
THESE DAYS REACHING BETWEEN 100 TO 106 DEGREES.  ON THE 7TH
THUNDERSTORMS DEVELOPED OVER THE CASCADES BRINGING ABUNDANT
LIGHTNING...WITH A RAIN SHOWER OCCURRING AT THE WENATCHEE AIRPORT.
THE STREAK OF HEAT FINALLY CAME TO AN END ON THE 11TH AS HIGH
PRESSURE BROKE DOWN.  ANOTHER SHOWER MOVED OVER THE WENATCHEE
AIRPORT ON THE 12TH. THE 13TH THROUGH THE 24TH BROUGHT UNEVENTFUL
WEATHER EXCEPT ON THE 20TH WHERE A WEATHER SYSTEM CLIPPING THE
CANADIAN BORDER BROUGHT ABUNDANT LIGHTNING AROUND OROVILLE AND
CURLEW BETWEEN 4 AM AND 8 AM WHICH STARTED SEVERAL SMALL FIRES.  A
COOLER AND SHOWERY WEATHER PATTERN CAME IN FROM THE 25TH THROUGH THE
27TH BEFORE A RETURN TO TYPICAL LATE JULY CONDITIONS TO FINISH OUT
THE MONTH.

SEVERAL RECORDS WERE TIED OR SET DURING THE MONTH AT THE WENATCHEE
AIRPORT.  RECORD HIGH TEMPERATURES WERE TIED OR SET ON THE
3RD...4TH...AND 7TH WITH 106...105...AND 100 RESPECTIVELY.  RECORD
WARM LOW TEMPERATURES WERE REPORTED ON THE
3RD...4TH...5TH...7TH...AND 9TH WITH 74...78...73...74...AND 76
RESPECTIVELY. A RECORD RAIN OF 0.10 INCHES WAS RECORDED ON THE 12TH.
