000
CXUS52 KAKQ 131507
CLMECG


CLIMATE REPORT
NATIONAL WEATHER SERVICE WAKEFIELD, VA
1106 AM EDT MON JUL 13 2015

...................................

...THE ELIZABETH CITY NC CLIMATE SUMMARY FOR THE MONTH OF JUNE 2015...

CLIMATE NORMAL PERIOD 1981 TO 2010
CLIMATE RECORD PERIOD 1934 TO 2015

WEATHER         OBSERVED          NORMAL  DEPART  LAST YEAR`S
                 VALUE   DATE(S)  VALUE   FROM    VALUE  DATE(S)
                                          NORMAL
................................................................
TEMPERATURE (F)
RECORD
 HIGH             102   06/20/1939
 LOW               43   06/05/1997
HIGHEST            97   06/16        87      10       94  06/19
                                                          06/18
LOWEST             56   06/08        62      -6       45  06/02
AVG. MAXIMUM     86.9              84.7     2.2     84.3
AVG. MINIMUM     69.9              66.1     3.8     65.8
MEAN             78.4              75.4     3.0     75.0
DAYS MAX >= 90     12               5.3     6.7        5
DAYS MAX <= 32      0               0.0     0.0        0
DAYS MIN <= 32      0               0.0     0.0        0
DAYS MIN <= 0       0               0.0     0.0        0

PRECIPITATION (INCHES)
RECORD
 MAXIMUM           MM   MM
 MINIMUM           MM   MM
TOTALS           4.87              4.49    0.38     3.83
DAILY AVG.       0.16              0.15    0.01     0.13
DAYS >= .01        11              10.9     0.1       13
DAYS >= .10         8               7.0     1.0        8
DAYS >= .50         4               3.2     0.8        3
DAYS >= 1.00        2               1.8     0.2        1
GREATEST
 24 HR. TOTAL    1.52   06/25 TO 06/26

DEGREE_DAYS
HEATING TOTAL       0                 3      -3        5
 SINCE 7/1       3235              3232       3     3341
COOLING TOTAL     408               314      94      311
 SINCE 1/1        613               478     135      520
.................................................................

WIND (MPH)
AVERAGE WIND SPEED              8.7
HIGHEST WIND SPEED/DIRECTION    33/260    DATE  06/12
HIGHEST GUST SPEED/DIRECTION    42/260    DATE  06/12

SKY COVER
POSSIBLE SUNSHINE (PERCENT)   MM
AVERAGE SKY COVER           0.20

AVERAGE RH (PERCENT)     76

WEATHER CONDITIONS. NUMBER OF DAYS WITH
THUNDERSTORM              0     MIXED PRECIP               0
HEAVY RAIN                6     RAIN                       8
LIGHT RAIN               13     FREEZING RAIN              0
LT FREEZING RAIN          0     HAIL                       0
HEAVY SNOW                0     SNOW                       0
LIGHT SNOW                0     SLEET                      0
FOG                      22     FOG W/VIS <= 1/4 MILE      5
HAZE                     13

-  INDICATES NEGATIVE NUMBERS.
R  INDICATES RECORD WAS SET OR TIED.
MM INDICATES DATA IS MISSING.
T  INDICATES TRACE AMOUNT.

$$
