000
CXUS52 KAKQ 011811
CLMECG


CLIMATE REPORT
NATIONAL WEATHER SERVICE WAKEFIELD, VA
1244 PM EST SUN JAN 1 2017

...................................

...THE ELIZABETH CITY NC CLIMATE SUMMARY FOR THE YEAR OF 2016...

CLIMATE NORMAL PERIOD 1981 TO 2010
CLIMATE RECORD PERIOD 1934 TO 2016

WEATHER         OBSERVED          NORMAL  DEPART  LAST YEAR`S
                 VALUE   DATE(S)  VALUE   FROM    VALUE  DATE(S)
                                          NORMAL
................................................................
TEMPERATURE (F)
RECORD
 HIGH             107   07/18/1942
 LOW               -2   01/21/1985
HIGHEST            96   07/28        MM      MM       97  06/16
LOWEST             17   02/14        MM      MM        8  02/20
                        01/20
                        01/19
AVG. MAXIMUM     71.1              70.3     0.8     70.9
AVG. MINIMUM     52.6              50.7     1.9     52.8
MEAN             61.9              60.5     1.4     61.9
DAYS MAX >= 90     34              25.5     8.5       30
DAYS MAX <= 32      3               1.1     1.9        7
DAYS MIN <= 32     51              52.3    -1.3       52
DAYS MIN <= 0       0               0.0     0.0        0

PRECIPITATION (INCHES)
RECORD
 MAXIMUM        63.00   1948
 MINIMUM        25.62   2007
TOTALS          54.11             46.58    7.53    46.41
DAILY AVG.       0.15              0.13    0.02     0.13
DAYS >= .01       126             125.1     0.9      121
DAYS >= .10        83              72.4    10.6       77
DAYS >= .50        31              28.9     2.1       36
DAYS >= 1.00       11              13.5    -2.5       12
GREATEST
 24 HR. TOTAL    9.34
 STORM TOTAL       MM
 (MM/DD(HH))

SNOWFALL (INCHES)
RECORDS
 TOTAL           10.2   2014
 24 HR TOTAL      5.3   MM
 SNOW DEPTH         7   01/30/2014
                        01/29/2014
TOTALS            1.8                MM      MM        T
 LIQUID EQUIV    0.18                MM      MM       MM
SINCE 7/1           T                MM      MM      0.0
 LIQUID 7/1        MM                MM      MM     0.00
SNOWDEPTH AVG.      0                MM      MM        0
DAYS >= TRACE       8                MM      MM        3
DAYS >= 1.0         1                MM      MM        0
GREATEST
 SNOW DEPTH         0   MM                            -1  01/27
 24 HR TOTAL      1.5   MM                       12/31 TO 12/31
                                                          12/31 TO 12/31
                                                          12/31 TO 12/31
 STORM TOTAL       MM
 (MM/DD(HH))

DEGREE_DAYS
HEATING TOTAL    2976              3231    -255     2821
 SINCE 7/1       1095              1155     -60       MM
COOLING TOTAL    1954              1589     365     1874
 SINCE 1/1       1954              1590     364     1874
..................................................



-  INDICATES NEGATIVE NUMBERS.
R  INDICATES RECORD WAS SET OR TIED.
MM INDICATES DATA IS MISSING.
T  INDICATES TRACE AMOUNT.

$$
