000
CXUS55 KGJT 011304
CLMEEO


CLIMATE REPORT
NATIONAL WEATHER SERVICE GRAND JUNCTION CO
558 AM MST SUN JAN 1 2017

...................................

...THE MEEKER CO CLIMATE SUMMARY FOR THE MONTH OF DECEMBER 2016...

CLIMATE NORMAL PERIOD 1981 TO 2010
CLIMATE RECORD PERIOD 9999 TO 9999

WEATHER         OBSERVED          NORMAL  DEPART  LAST YEAR`S
                 VALUE   DATE(S)  VALUE   FROM    VALUE  DATE(S)
                                          NORMAL
................................................................
TEMPERATURE (F)
HIGHEST            50   12/24        MM      MM       50  12/10
                                                          12/09
                                                          12/07
LOWEST            -12   12/08        MM      MM      -26  12/27
AVG. MAXIMUM     35.3              34.0     1.3     32.0
AVG. MINIMUM      9.8               8.7     1.1      6.1
MEAN             22.5              21.3     1.2     19.0
DAYS MAX >= 90      0               0.0     0.0        0
DAYS MAX <= 32     12              12.7    -0.7       15
DAYS MIN <= 32     30              30.6    -0.6       31
DAYS MIN <= 0      10               7.9     2.1       10

PRECIPITATION (INCHES)
TOTALS           1.18              1.11    0.07     1.71
DAILY AVG.       0.04              0.04    0.00     0.06
DAYS >= .01         9                MM      MM       12
DAYS >= .10         4                MM      MM        5
DAYS >= .50         0                MM      MM        0
DAYS >= 1.00        0                MM      MM        0
GREATEST
 24 HR. TOTAL    0.41   12/16 TO 12/16              0.46
                        12/16 TO 12/17

SNOWFALL (INCHES)
TOTALS             MM                MM      MM       MM
SINCE 7/1          MM                MM      MM       MM
SNOWDEPTH AVG.     MM                MM      MM       MM
DAYS >= 1.0        MM                MM      MM       MM
GREATEST
 SNOW DEPTH        MM                                 MM  MM
 24 HR TOTAL       MM                                 MM

DEGREE_DAYS
HEATING TOTAL    1306              1353     -47     1416
 SINCE 7/1       2848              3289    -441     2952
COOLING TOTAL       0                 0       0        0
 SINCE 1/1        225               172      53      224
.................................................................

WIND (MPH)
AVERAGE WIND SPEED              4.5
HIGHEST WIND SPEED/DIRECTION    43/250    DATE  12/16
HIGHEST GUST SPEED/DIRECTION    58/220    DATE  12/16

SKY COVER
POSSIBLE SUNSHINE (PERCENT)   MM
AVERAGE SKY COVER           0.50
NUMBER OF DAYS FAIR           11
NUMBER OF DAYS PC             11
NUMBER OF DAYS CLOUDY          9

AVERAGE RH (PERCENT)     71

WEATHER CONDITIONS. NUMBER OF DAYS WITH
THUNDERSTORM              0     MIXED PRECIP               0
HEAVY RAIN                1     RAIN                       1
LIGHT RAIN                6     FREEZING RAIN              0
LT FREEZING RAIN          0     HAIL                       0
HEAVY SNOW                2     SNOW                       4
LIGHT SNOW               14     SLEET                      0
FOG                      12     FOG W/VIS <= 1/4 MILE      4
HAZE                      2

-  INDICATES NEGATIVE NUMBERS.
R  INDICATES RECORD WAS SET OR TIED.
MM INDICATES DATA IS MISSING.
T  INDICATES TRACE AMOUNT.

$$
