000
CXUS55 KGJT 062358
CLMEEO

CLIMATE REPORT
NATIONAL WEATHER SERVICE GRAND JUNCTION CO
442 AM MST SUN MAR 1 2015

...................................

...THE MEEKER CO CLIMATE SUMMARY FOR THE MONTH OF FEBRUARY 2015...

CLIMATE NORMAL PERIOD 1981 TO 2010
CLIMATE RECORD PERIOD 9999 TO 9999

WEATHER         OBSERVED          NORMAL  DEPART  LAST YEAR`S
                 VALUE   DATE(S)  VALUE   FROM    VALUE  DATE(S)
                                          NORMAL
................................................................
TEMPERATURE (F)
HIGHEST            61   02/14        MM      MM       53  02/25
LOWEST              5   02/27        MM      MM      -14  02/02
AVG. MAXIMUM     44.9              37.9     7.0     40.2
AVG. MINIMUM     20.8              11.8     9.0     15.4
MEAN             32.9              24.9     8.0     27.8
DAYS MAX >= 90      0               0.0     0.0        0
DAYS MAX <= 32      3               6.7    -3.7        7
DAYS MIN <= 32     27              27.5    -0.5       26
DAYS MIN <= 0       0               4.9    -4.9        5

PRECIPITATION (INCHES)
TOTALS           0.59              1.02   -0.43     0.59
DAILY AVG.       0.02              0.04   -0.02     0.02
DAYS >= .01        11                MM      MM        8
DAYS >= .10         2                MM      MM        3
DAYS >= .50         0                MM      MM        0
DAYS >= 1.00        0                MM      MM        0
GREATEST
 24 HR. TOTAL    0.18   02/26 TO 02/27              0.19

SNOWFALL (INCHES)
TOTALS             MM                MM      MM       MM
SINCE 7/1          MM                MM      MM       MM
SNOWDEPTH AVG.     MM                MM      MM       MM
DAYS >= 1.0        MM                MM      MM       MM
GREATEST
 SNOW DEPTH        MM                                 MM  MM
 24 HR TOTAL       MM                                 MM

DEGREE_DAYS
HEATING TOTAL     892              1124    -232     1036
 SINCE 7/1       5083              5805    -722     5920
COOLING TOTAL       0                 0       0        0
 SINCE 1/1          0                 0       0        0
.................................................................

WIND (MPH)
AVERAGE WIND SPEED              3.7
HIGHEST WIND SPEED/DIRECTION    25/320    DATE  02/25
HIGHEST GUST SPEED/DIRECTION    35/330    DATE  02/25

SKY COVER
POSSIBLE SUNSHINE (PERCENT)   MM
AVERAGE SKY COVER           0.40
NUMBER OF DAYS FAIR           13
NUMBER OF DAYS PC              9
NUMBER OF DAYS CLOUDY          6

AVERAGE RH (PERCENT)     63

WEATHER CONDITIONS. NUMBER OF DAYS WITH
THUNDERSTORM              1     MIXED PRECIP               0
HEAVY RAIN                0     RAIN                       0
LIGHT RAIN                2     FREEZING RAIN              0
LT FREEZING RAIN          0     HAIL                       0
HEAVY SNOW                1     SNOW                       3
LIGHT SNOW               11     SLEET                      0
FOG                      11     FOG W/VIS <= 1/4 MILE      1
HAZE                      4

-  INDICATES NEGATIVE NUMBERS.
R  INDICATES RECORD WAS SET OR TIED.
MM INDICATES DATA IS MISSING.
T  INDICATES TRACE AMOUNT.

$$
