241
CXUS56 KEKA 031658
CLMEKA

CLIMATE REPORT
NATIONAL WEATHER SERVICE EUREKA CA
812 AM PST WED FEB 3 2016

...................................

...THE EUREKA CA CLIMATE SUMMARY FOR THE MONTH OF JANUARY 2016...

CLIMATE NORMAL PERIOD 1981 TO 2010
CLIMATE RECORD PERIOD 1886 TO 2016

WEATHER         OBSERVED          NORMAL  DEPART  LAST YEAR`S
                 VALUE   DATE(S)  VALUE   FROM    VALUE
                                          NORMAL
.............................................................
TEMPERATURE (F)
RECORD
 HIGH              78   01/12/1986
 LOW               20   01/14/1888
HIGHEST            69   01/21                MM
LOWEST             29   01/02                MM
                        01/01
AVG. MAXIMUM     57.6                       2.0
AVG. MINIMUM     43.9                       2.8
MEAN             50.8                       2.5

PRECIPITATION (INCHES)
RECORD
 MAXIMUM        18.26   1890
 MINIMUM         0.66   1985
TOTALS          12.06              6.50    5.56
DAYS >= .01        23              16.6     6.4        4
DAYS >= .10        19              11.6     7.4        4
DAYS >= .50        10               4.8     5.2        1
DAYS >= 1.00        3               1.7     1.3        0
GREATEST
 24 HR. TOTAL    2.28   01/17 TO 01/17

SNOWFALL (INCHES)
 LIQUID 7/1        MM                        MM

DEGREE_DAYS
HEATING TOTAL     433               516     -83      424
 SINCE 7/1       2014              2471    -457     1815
COOLING TOTAL       0                 0       0        0
 SINCE 1/1          0                 0       0        0
..............................................................

WIND (MPH)
AVERAGE WIND SPEED              5.4
HIGHEST WIND SPEED/DIRECTION    23/360    DATE  01/31
HIGHEST GUST SPEED/DIRECTION    37/190    DATE  01/21

SKY COVER
POSSIBLE SUNSHINE (PERCENT)   MM
AVERAGE SKY COVER           0.80
NUMBER OF DAYS FAIR            2
NUMBER OF DAYS PC              3
NUMBER OF DAYS CLOUDY         26


WEATHER CONDITIONS. NUMBER OF DAYS WITH
THUNDERSTORM              0     HEAVY RAIN                 2
RAIN                      9     LIGHT RAIN                26
HAIL                      0     SLEET                      0
FOG                      14     FOG W/VIS <= 1/4 MILE      1
HAZE                      2



-  INDICATES NEGATIVE NUMBERS.
R  INDICATES RECORD WAS SET OR TIED.
MM INDICATES DATA IS MISSING.
T  INDICATES TRACE AMOUNT.

&&

TOTAL RAINFALL............... 12.06 DEPARTURE FROM NORMAL.....  5.56
TOTAL SINCE JANUARY 1ST...... 12.06 DEPARTURE FROM NORMAL.....  5.56
TOTAL SINCE OCT 1ST.......... 32.78 DEPARTURE FROM NORMAL..... 10.31

HIGHEST SLP......... 30.34 ON 26 LOWEST SLP........29.47 ON  4

...REMARKS...THE MAIN THEME FOR THE WEATHER THIS MONTH WAS RAIN.
NEARLY TWICE THE NORMAL AMOUNT OF RAIN FELL DURING THE MONTH. NO
RECORDS WERE SET...BUT 2.28 INCHES OF RAIN FELL ON THE 17TH. THIS IS
THE MOST ON A SINGLE CALENDAR DAY SINCE SEPTEMBER OF 2014. IN
GENERAL THE RAIN WAS FAIRLY EVENLY SPREAD OUT THROUGH THE MONTH WITH
MEASURABLE RAIN FALLING ON 26 DAYS. THIS WAS DUE TO NUMEROUS SMALLER
SYSTEMS MOVING THROUGH IN QUICK SUCCESSION.

TEMPERATURES WERE NEAR TO SLIGHTLY ABOVE NORMAL WITH THE AVERAGE
TEMPERATURE FOR THE MONTH BEING 2.5 DEGREES ABOVE NORMAL. THE COLDEST
TEMPERATURES WERE ON THE 1ST AND 2ND WHEN THE MERCUIRY DROPPED TO 29
DEGREES BOTH NIGHTS. THIS TIED A RECORD ON THE 2ND THAT WAS LAST SET
IN 1924. AFTER THOSE TWO NIGHTS TEMPERATURES REMAINED ABOVE FREEZING
THROUGH THE END OF THE MONTH.










$$
