000
CXUS56 KEKA 042038
CLMEKA

CLIMATE REPORT
NATIONAL WEATHER SERVICE EUREKA CA
131 PM PDT FRI JUL 4 2014

...................................

...THE EUREKA CA CLIMATE SUMMARY FOR THE MONTH OF JUNE 2014...

CLIMATE NORMAL PERIOD 1981 TO 2010
CLIMATE RECORD PERIOD 1886 TO 2014

WEATHER         OBSERVED          NORMAL  DEPART  LAST YEAR`S
                 VALUE   DATE(S)  VALUE   FROM    VALUE
                                          NORMAL
.............................................................
TEMPERATURE (F)
RECORD
 HIGH              85   06/17/1945
                        06/06/1903

LOW                40   06/24/2003
                        06/08/1999
                        06/06/1899
                        06/26/1887

HIGHEST            69   06/28                MM

LOWEST             45   06/18                MM
                        06/17
                        06/06
AVG. MAXIMUM     62.7                       0.5
AVG. MINIMUM     50.0                      -0.1
MEAN             56.3                       0.2

PRECIPITATION (INCHES)
RECORD
 MAXIMUM         4.66   1888
 MINIMUM         0.00   1960
                        1951
                        1926
TOTALS           0.35              0.75   -0.40
DAYS >= .01         3               5.8    -2.8        7
DAYS >= .10         1               2.2    -1.2        1
DAYS >= .50         0               0.3    -0.3        0
DAYS >= 1.00        0               0.1    -0.1        0
GREATEST
 24 HR. TOTAL    0.31   06/25 TO 06/26

SNOWFALL (INCHES)
 LIQUID 7/1        MM                        MM

DEGREE_DAYS
HEATING TOTAL     252               266     -14      223
 SINCE 7/1       4388              4434     -46     4747
COOLING TOTAL       0                 0       0        0
 SINCE 1/1          1                 0       1        0
..............................................................

WIND (MPH)
AVERAGE WIND SPEED              5.5
HIGHEST WIND SPEED/DIRECTION    17/MM     DATE   MM
HIGHEST GUST SPEED/DIRECTION    31/MM     DATE  06/10

SKY COVER
POSSIBLE SUNSHINE (PERCENT)   MM
AVERAGE SKY COVER           0.50
NUMBER OF DAYS FAIR           11
NUMBER OF DAYS PC             10
NUMBER OF DAYS CLOUDY          9


WEATHER CONDITIONS. NUMBER OF DAYS WITH
THUNDERSTORM              0     HEAVY RAIN                 0
RAIN                      0     LIGHT RAIN                 6
HAIL                      0     SLEET                      0
FOG                      11     FOG W/VIS <= 1/4 MILE      3
HAZE                      4

-  INDICATES NEGATIVE NUMBERS.
R  INDICATES RECORD WAS SET OR TIED.
MM INDICATES DATA IS MISSING.
T  INDICATES TRACE AMOUNT.

&&

TOTAL RAINFALL...............  0.35 DEPARTURE FROM NORMAL..... -0.40
TOTAL SINCE JANUARY 1ST...... 15.99 DEPARTURE FROM NORMAL..... -7.29
TOTAL SINCE JULY 1ST......... 21.11 DEPARTURE FROM NORMAL.....-19.22

HIGHEST SLP......... 30.14 ON 13
LOWEST SLP.......... 29.79 ON  2

...REMARKS...THE WEATHER WAS MAINLY QUIET IN EUREKA THIS MONTH. TEMPERATURES
ENDED CLOSE TO NORMAL. HIGH TEMPERATURES WERE A HALF A DEGREE ABOVE
NORMAL WHILE THE LOW TEMPERATURES WERE WITHIN ONE TENTH OF A DEGREE OF
NORMAL. THERE WERE A FEW DAYS THAT GOT CLOSE TO 70 DEGREES...HOWEVER
THE WARMEST DAY WAS 69 DEGREES ON THE 28TH. RAINFALL WAS BELOW
NORMAL WITH RAIN ONLY FALLING ON THREE DAYS OF THE MONTH WHICH
BROUGHT THE MONTHLY TOTAL TO 0.35 INCHES WHICH IS LESS THAN 50
PERCENT OF NORMAL.


$$
