000
CXUS56 KEKA 012247
CLMEKA

CLIMATE REPORT
NATIONAL WEATHER SERVICE EUREKA CA
343 PM PDT FRI SEP 1 2017

...................................

...THE EUREKA CA CLIMATE SUMMARY FOR THE MONTH OF AUGUST 2017...

CLIMATE NORMAL PERIOD 1981 TO 2010
CLIMATE RECORD PERIOD 1886 TO 2017

WEATHER         OBSERVED          NORMAL  DEPART  LAST YEAR`S
                 VALUE   DATE(S)  VALUE   FROM    VALUE
                                          NORMAL
.............................................................
TEMPERATURE (F)
RECORD
 HIGH              82   08/07/1991
                        08/30/1968
 LOW               44   08/16/1935
HIGHEST            72   08/27                MM
LOWEST             50   08/26                MM
                        08/20
AVG. MAXIMUM     64.1                      -0.2
AVG. MINIMUM     54.2                       1.4
MEAN             59.1                       0.6

PRECIPITATION (INCHES)
RECORD
 MAXIMUM         3.42   1983
 MINIMUM         0.00   1940
TOTALS           0.05              0.31   -0.26
DAYS >= .01         3               3.2    -0.2        1
DAYS >= .10         0               0.7    -0.7        0
DAYS >= .50         0               0.1    -0.1        0
DAYS >= 1.00        0               0.1    -0.1        0
GREATEST
 24 HR. TOTAL    0.02   08/30 TO 08/30
                        08/24 TO 08/24

SNOWFALL (INCHES)
 LIQUID 7/1      0.00                      0.00

DEGREE_DAYS
HEATING TOTAL     174               200     -26      243
 SINCE 7/1        391               426     -35      447
COOLING TOTAL       0                 0       0        0
 SINCE 1/1          0                 0       0        0
..............................................................

WIND (MPH)
AVERAGE WIND SPEED              4.0
HIGHEST WIND SPEED/DIRECTION    15/280    DATE  08/20
HIGHEST GUST SPEED/DIRECTION    21/260    DATE  08/17

SKY COVER
POSSIBLE SUNSHINE (PERCENT)   MM
AVERAGE SKY COVER           0.80
NUMBER OF DAYS FAIR            4
NUMBER OF DAYS PC              4
NUMBER OF DAYS CLOUDY         23


WEATHER CONDITIONS. NUMBER OF DAYS WITH
THUNDERSTORM              0     HEAVY RAIN                 0
RAIN                      0     LIGHT RAIN                11
HAIL                      0     SLEET                      0
FOG                      25     FOG W/VIS <= 1/4 MILE      5
HAZE                     12

-  INDICATES NEGATIVE NUMBERS.
R  INDICATES RECORD WAS SET OR TIED.
MM INDICATES DATA IS MISSING.
T  INDICATES TRACE AMOUNT.

&&

TOTAL RAINFALL...............  0.05 DEPARTURE FROM NORMAL.....- 0.26
TOTAL SINCE JANUARY 1ST...... 37.06 DEPARTURE FROM NORMAL.....+13.29
TOTAL SINCE OCT 1ST.......... 62.83 DEPARTURE FROM NORMAL.....+23.09

HIGHEST SLP......... 30.08 ON 22 LOWEST SLP........29.84 ON  2

...REMARKS...HIGH PRESSURE WAS IN PLACE FOR MUCH OF THE MONTH. THIS
KEPT A THICK MARINE LAYER IN PLACE FOR MUCH OF THE MONTH. THEREFORE
FOG OR HEAVY FOG WAS REPORTED ON ALL BUT ONE DAY THIS MONTH ALTHOUGH
HAZE WAS RECORDED ON THAT ONE DAY (THE 20TH). SKIES WERE VERY SMOKY
AND ASH FELL ALMOST DAILY DUE TO NUMEROUS WILDLAND FIRES THROUGHOUT
NORTHERN CALIFORNIA. THE SMALL AMOUNT OF PRECIPITATION THAT DID FELL
CAME IN THE FORM OF DRIZZLE. NO RECORDS WERE REPORTED THIS MONTH.

$$
