000
CXUS56 KEKA 071929
CLMEKA

CLIMATE REPORT NATIONAL WEATHER SERVICE EUREKA CA

1229 PM PDT SUN SEP 7 2014

...................................

...THE EUREKA CA CLIMATE SUMMARY FOR THE MONTH OF AUGUST 2014...

CLIMATE NORMAL PERIOD 1981 TO 2010
CLIMATE RECORD PERIOD 1886 TO 2014

WEATHER         OBSERVED          NORMAL  DEPART  LAST YEAR`S
                 VALUE   DATE(S)  VALUE   FROM    VALUE
                                          NORMAL
.............................................................
TEMPERATURE (F)
RECORD
 HIGH              82   08/07/1991
                        08/30/1968
 LOW               44   08/16/1935
HIGHEST            71   08/30                MM
LOWEST             52   08/21                MM
                        08/12
                        08/11
                        08/10
AVG. MAXIMUM     63.8                      -0.5
AVG. MINIMUM     54.5                       1.7
MEAN             59.1                       0.6

PRECIPITATION (INCHES)
RECORD
 MAXIMUM         3.42   1983
 MINIMUM         0.00   1940
TOTALS           0.02              0.31   -0.29
DAYS >= .01         2               3.2    -1.2        5
DAYS >= .10         0               0.7    -0.7        0
DAYS >= .50         0               0.1    -0.1        0
DAYS >= 1.00        0               0.1    -0.1        0
GREATEST
 24 HR. TOTAL    0.01   08/25 TO 08/25
                        08/17 TO 08/17

SNOWFALL (INCHES)
 LIQUID 7/1      0.00                      0.00

DEGREE_DAYS
HEATING TOTAL     175               200     -25      159
 SINCE 7/1        363               426     -63      419
COOLING TOTAL       0                 0       0        5
 SINCE 1/1          1                 0       1        5
..............................................................

WIND (MPH)
AVERAGE WIND SPEED              4.2
HIGHEST WIND SPEED/DIRECTION    16/MM     DATE   MM
HIGHEST GUST SPEED/DIRECTION    24/360    DATE  08/31

SKY COVER
POSSIBLE SUNSHINE (PERCENT)   MM
AVERAGE SKY COVER           0.80
NUMBER OF DAYS FAIR            0
NUMBER OF DAYS PC              8
NUMBER OF DAYS CLOUDY         23


WEATHER CONDITIONS. NUMBER OF DAYS WITH
THUNDERSTORM              0     HEAVY RAIN                 0
RAIN                      0     LIGHT RAIN                15
HAIL                      0     SLEET                      0
FOG                      26     FOG W/VIS <= 1/4 MILE      3
HAZE                      1

-  INDICATES NEGATIVE NUMBERS.
R  INDICATES RECORD WAS SET OR TIED.
MM INDICATES DATA IS MISSING.
T  INDICATES TRACE AMOUNT.

&&

TOTAL RAINFALL...............  0.02 DEPARTURE FROM NORMAL..... -0.29
TOTAL SINCE JANUARY 1ST...... 16.03 DEPARTURE FROM NORMAL..... -7.74
TOTAL SINCE JULY 1ST.........  0.04 DEPARTURE FROM NORMAL..... -0.45

HIGHEST SLP......... 30.10 ON  5
LOWEST SLP.......... 29.80 ON 19

...REMARKS...FOG AND COASTAL CLOUDS WERE THE NAME OF THE GAME THIS
MONTH. TWENTY NINE OF THE DAYS THIS MONTH REPORTED FOG. PERSISTENT
HIGH PRESSURE KEPT THE SIGNIFICANT WEATHER SYSTEMS WELL TO THE NORTH
OF THE AREA. A FEW VERY WEAK WEATHER SYSTEMS BROUGHT SOME DRIZZLE
WHICH ACCOUNTED FOR THE ONLY RAIN OF THE MONTH. THIS IS BELOW NORMAL
FOR RAINFALL WITH ONLY 0.02 FALLING...HOWEVER WITH NORMAL RAINFALL
OF ONLY 0.31 THIS IS NOT THAT FAR FROM NORMAL. THIS FOG AND STRATUS
KEPT HIGH TEMPERATURES A BIT BELOW NORMAL AND LOW TEMPERATURES
NEARLY TWO DEGREES ABOVE.







$$
