712
CXUS51 KRLX 011506
CLMEKN


CLIMATE REPORT
NATIONAL WEATHER SERVICE CHARLESTON WV
1100 AM EDT SAT JUL 1 2017

...................................

...THE ELKINS CLIMATE SUMMARY FOR THE MONTH OF JUNE 2017...

CLIMATE NORMAL PERIOD 1981 TO 2010
CLIMATE RECORD PERIOD 1899 TO 2017

WEATHER         OBSERVED          NORMAL  DEPART  LAST YEAR`S
                 VALUE   DATE(S)  VALUE   FROM    VALUE  DATE(S)
                                          NORMAL
................................................................
TEMPERATURE (F)
RECORD
 HIGH              96   06/29/2012
 LOW                0   06/30/2012
HIGHEST            89   06/18        MM      MM       88  06/16
LOWEST             43   06/28        MM      MM       41  06/13
                        06/03                             06/09
                        06/02
AVG. MAXIMUM     78.4              77.9     0.5     79.9
AVG. MINIMUM     54.2              54.6    -0.4     55.9
MEAN             66.3              66.3     0.0     67.9
DAYS MAX >= 90      0               0.2    -0.2        0
DAYS MAX <= 32      0               0.0     0.0
DAYS MIN <= 32      0               0.0     0.0        0
DAYS MIN <= 0       0               0.0     0.0        0

PRECIPITATION (INCHES)
RECORD
 MAXIMUM        10.05   1998
 MINIMUM         1.11   2005
TOTALS           3.70              4.40   -0.70     5.06
DAILY AVG.       0.12              0.15   -0.03     0.17
DAYS >= .01        13              14.8    -1.8       10
DAYS >= .10         4               9.2    -5.2        7
DAYS >= .50         3               3.1    -0.1        3
DAYS >= 1.00        2               0.9     1.1        2
GREATEST
 24 HR. TOTAL    1.59   06/23 TO 06/23           06/23 TO 06/23
                                                          06/22 TO 06/23
                                                          06/23 TO 06/23
 STORM TOTAL       MM                                 MM
 (MM/DD(HH))            MM                    06/23(00) TO 06/23(00)
                                                 06/23(00) TO 06/23(00)3
                                                 06/23(00) TO 06/23(00)3

SNOWFALL (INCHES)
RECORDS
 TOTAL             MM   MM
TOTALS            0.0               0.0     0.0      0.0
SINCE 7/1        44.5              83.5   -39.0     59.0
SNOWDEPTH AVG.      0                MM      MM        0
DAYS >= 1.0         0               0.0     0.0        0
GREATEST
 SNOW DEPTH         0   MM                             0
 24 HR TOTAL      0.0   06/30 TO 06/30           06/30 TO 06/30
                                                          06/23 TO 06/23
                                                          06/23 TO 06/23

DEGREE_DAYS
HEATING TOTAL      58                55       3       28
 SINCE 7/1       4647              5852   -1205     4988
COOLING TOTAL     106                92      14      121
 SINCE 1/1        150               115      35      150
....................................................

WIND (MPH)
AVERAGE WIND SPEED              3.6
HIGHEST WIND SPEED/DIRECTION    23/210    DATE  06/23
HIGHEST GUST SPEED/DIRECTION    35/210    DATE  06/23

SKY COVER
POSSIBLE SUNSHINE (PERCENT)    0
AVERAGE SKY COVER           0.40
NUMBER OF DAYS FAIR           13
NUMBER OF DAYS PC             14
NUMBER OF DAYS CLOUDY          3

AVERAGE RH (PERCENT)     67

WEATHER CONDITIONS. NUMBER OF DAYS WITH
THUNDERSTORM              0     MIXED PRECIP               0
HEAVY RAIN                5     RAIN                       4
LIGHT RAIN               16     FREEZING RAIN              0
LT FREEZING RAIN          0     HAIL                       0
HEAVY SNOW                0     SNOW                       0
LIGHT SNOW                0     SLEET                      0
FOG                      23     FOG W/VIS <= 1/4 MILE      3
HAZE                      1

-  INDICATES NEGATIVE NUMBERS.
R  INDICATES RECORD WAS SET OR TIED.
MM INDICATES DATA IS MISSING.
T  INDICATES TRACE AMOUNT.

$$
