000
CXUS55 KLKN 011036
CLMEKO


CLIMATE REPORT
NATIONAL WEATHER SERVICE ELKO NV
223 AM PST FRI DEC 1 2017

...................................

...THE ELKO AIRPORT NV CLIMATE SUMMARY FOR THE MONTH OF NOVEMBER 2017...

CLIMATE NORMAL PERIOD 1981 TO 2010
CLIMATE RECORD PERIOD 1888 TO 2017

WEATHER         OBSERVED          NORMAL  DEPART  LAST YEAR`S
                 VALUE   DATE(S)  VALUE   FROM    VALUE  DATE(S)
                                          NORMAL
................................................................
TEMPERATURE (F)
RECORD
 HIGH              83   11/07/1913
 LOW              -16   11/29/1896
HIGHEST            67   11/26        66       1       71  11/15
                        11/23
                        11/02
LOWEST             18   11/19         4      14       15  11/30
                        11/18
AVG. MAXIMUM     53.6              48.2     5.4     54.9
AVG. MINIMUM     27.9              21.2     6.7     26.3
MEAN             40.8              34.7     6.1     40.6
DAYS MAX >= 90      0               0.0     0.0        0
DAYS MAX <= 32      0               2.1    -2.1        0
DAYS MIN <= 32     24              26.2    -2.2       29
DAYS MIN <= 0       0               0.7    -0.7        0

PRECIPITATION (INCHES)
RECORD
 MAXIMUM         6.19   1909
 MINIMUM         0.00   1929
                        1894
                        1893
TOTALS           1.26              1.11    0.15     0.50
DAILY AVG.       0.04              0.04    0.00     0.02
DAYS >= .01         8               7.7     0.3        7
DAYS >= .10         4               3.7     0.3        1
DAYS >= .50         0               0.5    -0.5        0
DAYS >= 1.00        0               0.0     0.0        0
GREATEST
 24 HR. TOTAL    0.39   11/16 TO 11/16              0.20

SNOWFALL (INCHES)
RECORDS
 TOTAL           20.0   1930
TOTALS            0.7               5.0    -4.3      5.5
SINCE 7/1         0.7               5.7    -5.0      5.5
SNOWDEPTH AVG.      0                                  0
DAYS >= TRACE       1               4.0    -3.0        6
DAYS >= 1.0         0               2.0    -2.0        3
GREATEST
 SNOW DEPTH         0   MM                             2
 24 HR TOTAL      0.7   11/17 TO 11/17               2.0

DEGREE_DAYS
HEATING TOTAL     720               909    -189      724
 SINCE 7/1       1588              1738    -150     1345
COOLING TOTAL       0                 0       0        0
 SINCE 1/1        785               383     402      560
.................................................................

WIND (MPH)
AVERAGE WIND SPEED              4.6
HIGHEST WIND SPEED/DIRECTION    26/220    DATE  11/16
HIGHEST GUST SPEED/DIRECTION    34/240    DATE  11/16

AVERAGE RH (PERCENT)     62

WEATHER CONDITIONS. NUMBER OF DAYS WITH
THUNDERSTORM              0     MIXED PRECIP               0
HEAVY RAIN                0     RAIN                       3
LIGHT RAIN                8     FREEZING RAIN              0
LT FREEZING RAIN          0     HAIL                       0
HEAVY SNOW                0     SNOW                       1
LIGHT SNOW                1     SLEET                      0
FOG                       6     FOG W/VIS <= 1/4 MILE      3
HAZE                      0

-  INDICATES NEGATIVE NUMBERS.
R  INDICATES RECORD WAS SET OR TIED.
MM INDICATES DATA IS MISSING.
T  INDICATES TRACE AMOUNT.

&&

=====================================================================

...TIED 7TH WARMEST NOVEMBER ON RECORD IN ELKO...

A RECORD DAILY MAXIMUM TEMP OF 67 DEGREES WAS SET ON THE 26TH.

$$

DS
