000
CXUS55 KLKN 011050
CLMEKO


CLIMATE REPORT
NATIONAL WEATHER SERVICE ELKO NV
241 AM PST WED MAR 1 2017

...................................

...THE ELKO AIRPORT NV CLIMATE SUMMARY FOR THE MONTH OF FEBRUARY 2017...

CLIMATE NORMAL PERIOD 1981 TO 2010
CLIMATE RECORD PERIOD 1888 TO 2017

WEATHER         OBSERVED          NORMAL  DEPART  LAST YEAR`S
                 VALUE   DATE(S)  VALUE   FROM    VALUE  DATE(S)
                                          NORMAL
................................................................
TEMPERATURE (F)
RECORD
 HIGH              70   02/28/1986
                        02/28/1905
 LOW              -41   02/27/1890
HIGHEST            60   02/16        58       2       59  02/28
                                                          02/26
LOWEST             14   02/01         0      14       -5  02/03
AVG. MAXIMUM     46.1              41.4     4.7     42.1
AVG. MINIMUM     26.5              18.4     8.1     17.9
MEAN             36.3              29.9     6.4     30.0
DAYS MAX >= 90      0               0.0     0.0        0
DAYS MAX <= 32      2               4.5    -2.5        6
DAYS MIN <= 32     21              26.3    -5.3       29
DAYS MIN <= 0       0               1.5    -1.5        1

PRECIPITATION (INCHES)
RECORD
 MAXIMUM         6.00   1901
 MINIMUM            T   1889
TOTALS           1.57              0.84    0.73     0.31
DAILY AVG.       0.06              0.03    0.03     0.01
DAYS >= .01        13               8.3     4.7        3
DAYS >= .10         6               3.0     3.0        1
DAYS >= .50         0               0.1    -0.1        0
DAYS >= 1.00        0               0.0     0.0        0
GREATEST
 24 HR. TOTAL    0.44   02/06 TO 02/07              0.22

SNOWFALL (INCHES)
RECORDS
 TOTAL           27.0   1922
TOTALS            3.1               6.4    -3.3      3.3
SINCE 7/1        51.4              32.5    18.9     55.9
SNOWDEPTH AVG.      1                                  5
DAYS >= TRACE       9               5.6     3.4        5
DAYS >= 1.0         1               2.3    -1.3        1
DAYS >= 5.0         0                                  0
GREATEST
 SNOW DEPTH         8   02/01                         11
 24 HR TOTAL      1.0   02/26 TO 02/26               2.0

DEGREE_DAYS
HEATING TOTAL     797               983    -186     1006
 SINCE 7/1       4736              5168    -432     5025
COOLING TOTAL       0                 0       0        0
 SINCE 1/1          0                 0       0        0
.................................................................

WIND (MPH)
AVERAGE WIND SPEED              7.0
HIGHEST WIND SPEED/DIRECTION    36/270    DATE  02/21
HIGHEST GUST SPEED/DIRECTION    51/240    DATE  02/16

AVERAGE RH (PERCENT)     64

WEATHER CONDITIONS. NUMBER OF DAYS WITH
THUNDERSTORM              0     MIXED PRECIP               0
HEAVY RAIN                0     RAIN                       3
LIGHT RAIN               10     FREEZING RAIN              0
LT FREEZING RAIN          0     HAIL                       0
HEAVY SNOW                0     SNOW                       1
LIGHT SNOW                9     SLEET                      0
FOG                      12     FOG W/VIS <= 1/4 MILE      1
HAZE                      2

-  INDICATES NEGATIVE NUMBERS.
R  INDICATES RECORD WAS SET OR TIED.
MM INDICATES DATA IS MISSING.
T  INDICATES TRACE AMOUNT.

&&

=====================================================================

...14TH WARMEST FEBRUARY ON RECORD IN ELKO...
...17TH WETTEST FEBRUARY ON RECORD IN ELKO...

$$

DS
