000
CXUS55 KLKN 020208
CLMEKO


CLIMATE REPORT
NATIONAL WEATHER SERVICE ELKO NV
656 PM PDT TUE JUL 1 2014

...................................

...THE ELKO AIRPORT NV CLIMATE SUMMARY FOR THE MONTH OF JUNE 2014...

CLIMATE NORMAL PERIOD 1981 TO 2010
CLIMATE RECORD PERIOD 1888 TO 2014

WEATHER         OBSERVED          NORMAL  DEPART  LAST YEAR`S
                 VALUE   DATE(S)  VALUE   FROM    VALUE  DATE(S)
                                          NORMAL
................................................................
TEMPERATURE (F)
RECORD
 HIGH             104   06/30/2013
                        06/24/1981
                        54/01/2206
 LOW               12   06/06/1914
HIGHEST            91   06/25        93      -2      104  06/30
                        06/24
                        06/12
LOWEST             30   06/18        32      -2       32  06/20
AVG. MAXIMUM     82.3              80.0     2.3     86.5
AVG. MINIMUM     43.1              44.4    -1.3     47.0
MEAN             62.7              62.2     0.5     66.8
DAYS MAX >= 90      5               4.1     0.9       12
DAYS MAX <= 32      0               0.0     0.0        0
DAYS MIN <= 32      1               1.0     0.0        1
DAYS MIN <= 0       0               0.0     0.0        0

PRECIPITATION (INCHES)
RECORD
 MAXIMUM         4.08   1913
 MINIMUM         0.00   1924
                        1919
TOTALS           0.14              0.65   -0.51     0.19
DAILY AVG.       0.00              0.02   -0.02     0.01
DAYS >= .01         3               4.8    -1.8        4
DAYS >= .10         0               2.2    -2.2        0
DAYS >= .50         0               0.1    -0.1        0
DAYS >= 1.00        0               0.0     0.0        0
GREATEST
 24 HR. TOTAL    0.13   06/16 TO 06/17              0.08

SNOWFALL (INCHES)
RECORDS
 TOTAL            1.7   1914
TOTALS            0.0               0.0     0.0      0.0
SINCE 7/1        20.5              41.3   -20.8     42.2
SNOWDEPTH AVG.      0                                  0
DAYS >= TRACE       0               0.0     0.0        0
DAYS >= 1.0         0               0.0     0.0        0
DAYS >= 5.0         0                                  0
GREATEST
 SNOW DEPTH         0   MM                             0
 24 HR TOTAL      0.0   06/30 TO 06/30               0.0

DEGREE_DAYS
HEATING TOTAL      92               131     -39       63
 SINCE 7/1       6474              7066    -592     6785
COOLING TOTAL      29                47     -18      123
 SINCE 1/1         32                51     -19      127
.................................................................

WIND (MPH)
AVERAGE WIND SPEED              7.1
HIGHEST WIND SPEED/DIRECTION    32/260    DATE  06/12
HIGHEST GUST SPEED/DIRECTION    40/250    DATE  06/25

AVERAGE RH (PERCENT)     35

WEATHER CONDITIONS. NUMBER OF DAYS WITH
THUNDERSTORM              0     MIXED PRECIP               0
HEAVY RAIN                0     RAIN                       1
LIGHT RAIN                3     FREEZING RAIN              0
LT FREEZING RAIN          0     HAIL                       0
HEAVY SNOW                0     SNOW                       0
LIGHT SNOW                0     SLEET                      0
FOG                       2     FOG W/VIS <= 1/4 MILE      0
HAZE                      6

-  INDICATES NEGATIVE NUMBERS.
R  INDICATES RECORD WAS SET OR TIED.
MM INDICATES DATA IS MISSING.
T  INDICATES TRACE AMOUNT.

&&

=================================================================

...37TH WARMEST JUNE ON RECORD IN ELKO...
...30TH DRIEST JUNE ON RECORD IN ELKO...

THE AVERAGE TEMPERATURE IN ELKO DURING JUNE 2014 WAS 62.7
DEGREES...WHICH IS 0.5 DEGREES ABOVE THE 1981-2010 CLIMATOLOGICAL
NORMAL OF 62.2 DEGREES. THIS MAKES JUNE 2014 THE 37TH WARMEST ON
RECORD. THE TOTAL PRECIPITATION OF 0.14 INCHES IS 0.51 INCHES OR
78 PERCENT BELOW THE 1981-2010 CLIMATOLOGICAL NORMAL OF 0.65
INCHES. THIS MAKES JUNE 2014 THE 30TH DRIEST ON RECORD.

NO DAILY RECORDS WERE SET IN ELKO DURING JUNE 2014.

$$

RCM
