000
CXUS55 KLKN 030504
CLMEKO


CLIMATE REPORT
NATIONAL WEATHER SERVICE ELKO NV
846 PM PST TUE DEC 2 2014

...................................

...THE ELKO AIRPORT NV CLIMATE SUMMARY FOR THE MONTH OF NOVEMBER 2014...

CLIMATE NORMAL PERIOD 1981 TO 2010
CLIMATE RECORD PERIOD 1888 TO 2014

WEATHER         OBSERVED          NORMAL  DEPART  LAST YEAR`S
                 VALUE   DATE(S)  VALUE   FROM    VALUE  DATE(S)
                                          NORMAL
................................................................
TEMPERATURE (F)
RECORD
 HIGH              83   11/07/1913
 LOW              -16   11/29/1896
HIGHEST            68   11/09        66       2       66  11/11
LOWEST              4   11/16         4       0       17  11/24
AVG. MAXIMUM     50.2              48.2     2.0     52.7
AVG. MINIMUM     23.5              21.2     2.3     24.7
MEAN             36.9              34.7     2.2     38.7
DAYS MAX >= 90      0               0.0     0.0        0
DAYS MAX <= 32      1               2.1    -1.1        0
DAYS MIN <= 32     27              26.2     0.8       30
DAYS MIN <= 0       0               0.7    -0.7        0

PRECIPITATION (INCHES)
RECORD
 MAXIMUM         6.19   1909
 MINIMUM         0.00   1929
                        1894
                        1893
TOTALS           1.15              1.11    0.04     0.36
DAILY AVG.       0.04              0.04    0.00     0.01
DAYS >= .01         8               7.7     0.3        5
DAYS >= .10         4               3.7     0.3        2
DAYS >= .50         1               0.5     0.5        0
DAYS >= 1.00        0               0.0     0.0        0
GREATEST
 24 HR. TOTAL    0.60   11/22 TO 11/22              0.18

SNOWFALL (INCHES)
RECORDS
 TOTAL           20.0   1930
TOTALS            1.9               5.0    -3.1      2.8
SINCE 7/1         1.9               5.7    -3.8      5.7
SNOWDEPTH AVG.      0                                  0
DAYS >= TRACE       9               4.0     5.0        6
DAYS >= 1.0         1               2.0    -1.0        1
DAYS >= 5.0         0                                  0
GREATEST
 SNOW DEPTH         0   MM                             2
 24 HR TOTAL      1.0   11/13 TO 11/13               1.9

DEGREE_DAYS
HEATING TOTAL     838               909     -71      783
 SINCE 7/1       1360              1738    -378     1560
COOLING TOTAL       0                 0       0        0
 SINCE 1/1        549               383     166      776
.................................................................

WIND (MPH)
AVERAGE WIND SPEED              4.8
HIGHEST WIND SPEED/DIRECTION    35/280    DATE  11/22
HIGHEST GUST SPEED/DIRECTION    45/260    DATE  11/22

AVERAGE RH (PERCENT)     63

WEATHER CONDITIONS. NUMBER OF DAYS WITH
THUNDERSTORM              0     MIXED PRECIP               0
HEAVY RAIN                0     RAIN                       2
LIGHT RAIN                6     FREEZING RAIN              0
LT FREEZING RAIN          0     HAIL                       0
HEAVY SNOW                1     SNOW                       2
LIGHT SNOW                7     SLEET                      0
FOG                       8     FOG W/VIS <= 1/4 MILE      1
HAZE                      1

-  INDICATES NEGATIVE NUMBERS.
R  INDICATES RECORD WAS SET OR TIED.
MM INDICATES DATA IS MISSING.
T  INDICATES TRACE AMOUNT.

&&

=================================================================

...36TH WARMEST NOVEMBER ON RECORD IN ELKO...
...37TH WETTEST NOVEMBER ON RECORD IN ELKO...
...51ST LEAST SNOWY NOVEMBER ON RECORD IN ELKO...

THE AVERAGE TEMPERATURE IN ELKO DURING NOVEMBER 2014 WAS 36.9
DEGREES...WHICH IS 2.2 DEGREES ABOVE THE 1981-2010 CLIMATOLOGICAL
NORMAL OF 34.7 DEGREES. THIS MAKES NOVEMBER 2014 THE 36TH WARMEST
ON RECORD. THE TOTAL PRECIPITATION WAS 1.15 INCHES...WHICH IS
0.04 INCHES OR 4 PERCENT ABOVE THE 1981-2010 CLIMATOLOGICAL
NORMAL OF 1.11 INCHES. THIS MAKES NOVEMBER 2014 THE 37TH WETTEST
ON RECORD. THE TOTAL SNOWFALL WAS 1.9 INCHES...WHICH IS 3.1
INCHES OR 62 PERCENT BELOW THE 1981-2010 CLIMATOLOGICAL NORMAL OF
5.0 INCHES. THIS MAKES NOVEMBER 2014 THE 51ST LEAST SNOWY ON
RECORD.

A DAILY RECORD HIGH TEMPERATURE OF 65 DEGREES WAS SET NOVEMBER 28TH.

$$

RCM
