000
CXUS54 KEPZ 011005
CLMELP


CLIMATE REPORT
NATIONAL WEATHER SERVICE EL PASO, TX
303 AM MST SUN FEB 1 2015

...................................

...THE EL PASO     CLIMATE SUMMARY FOR THE MONTH OF JANUARY 2015...

CLIMATE NORMAL PERIOD 1981 TO 2010
CLIMATE RECORD PERIOD 1879 TO 2015

WEATHER         OBSERVED          NORMAL  DEPART  LAST YEAR`S
                 VALUE   DATE(S)  VALUE   FROM    VALUE  DATE(S)
                                          NORMAL
................................................................
TEMPERATURE (F)
RECORD
 HIGH              80   01/24/1970
 LOW               -8   01/11/1962
HIGHEST            73   01/28        59      14       73  01/30
LOWEST             22   01/23        29      -7       19  01/07
                        01/05
AVG. MAXIMUM     56.1              57.7    -1.6     61.5
AVG. MINIMUM     32.3              32.5    -0.2     32.8
MEAN             44.2              45.1    -0.9     47.1
DAYS MAX >= 90      0               0.0     0.0        0
DAYS MAX <= 32      0               0.2    -0.2        0
DAYS MIN <= 32     19              14.5     4.5       18
DAYS MIN <= 0       0               0.0     0.0        0

PRECIPITATION (INCHES)
RECORD
 MAXIMUM         1.84
 MINIMUM         0.00
TOTALS           0.85              0.40    0.45     0.00
DAYS >= .01         5                                  0
DAYS >= .10         3                                  0
DAYS >= .50         0                                  0
DAYS >= 1.00        0                                  0
GREATEST
 24 HR. TOTAL    0.44   01/30 TO 01/30
 STORM TOTAL       MM
 (MM/DD(HH))            MM

SNOWFALL (INCHES)
TOTALS              T                                0.0
SNOWDEPTH AVG.      0                                  0
DAYS >= TRACE       4                                  0
GREATEST
 SNOW DEPTH         T   01/22
 24 HR TOTAL        T   01/30 TO 01/30
                        01/22 TO 01/22
                        01/14 TO 01/14
 STORM TOTAL       MM
 (MM/DD(HH))            MM

DEGREE_DAYS
HEATING TOTAL     635               617      18      549
 SINCE 7/1       1493              1685    -192     1556
COOLING TOTAL       0                 0       0        0
 SINCE 1/1          0                 0       0        0

FREEZE DATES
RECORD
 EARLIEST     10/16/1880
 LATEST       05/02/1967
EARLIEST                        12/06
LATEST                          02/07
.................................................................

WIND (MPH)
AVERAGE WIND SPEED              6.4
HIGHEST WIND SPEED/DIRECTION    43/260    DATE  01/03
HIGHEST GUST SPEED/DIRECTION    48/260    DATE  01/03

SKY COVER
POSSIBLE SUNSHINE (PERCENT)   MM
AVERAGE SKY COVER           0.50
NUMBER OF DAYS FAIR            9
NUMBER OF DAYS PC             15
NUMBER OF DAYS CLOUDY          7

AVERAGE RH (PERCENT)     59

WEATHER CONDITIONS. NUMBER OF DAYS WITH
THUNDERSTORM              0     MIXED PRECIP               0
HEAVY RAIN                1     RAIN                       1
LIGHT RAIN                8     FREEZING RAIN              0
LT FREEZING RAIN          1     HAIL                       0
HEAVY SNOW                0     SNOW                       3
LIGHT SNOW                2     SLEET                      0
FOG                       6     FOG W/VIS <= 1/4 MILE      2
HAZE                      2

-  INDICATES NEGATIVE NUMBERS.
R  INDICATES RECORD WAS SET OR TIED.
MM INDICATES DATA IS MISSING.
T  INDICATES TRACE AMOUNT.

$$
