000
CXUS54 KEPZ 011843
CLMELP


CLIMATE REPORT...CORRECTED
NATIONAL WEATHER SERVICE EL PASO, TX
1141 AM MST THU DEC 1 2016

...................................

...THE EL PASO     CLIMATE SUMMARY FOR THE MONTH OF NOVEMBER 2016...

CLIMATE NORMAL PERIOD 1981 TO 2010
CLIMATE RECORD PERIOD 1879 TO 2016

WEATHER         OBSERVED          NORMAL  DEPART  LAST YEAR`S
                 VALUE   DATE(S)  VALUE   FROM    VALUE  DATE(S)
                                          NORMAL
................................................................
TEMPERATURE (F)
RECORD
 HIGH              87   11/02/1983
 LOW                1   11/29/1976
HIGHEST            81   11/01        72       9       78  11/03
LOWEST             26   11/30        34      -8       31  11/22
AVG. MAXIMUM     68.9              66.2     2.7     66.9
AVG. MINIMUM     46.5              40.1     6.4     42.7
MEAN             57.7              53.1     4.6     54.8
DAYS MAX >= 90      0               0.0     0.0        0
DAYS MAX <= 32      0               0.0     0.0        0
DAYS MIN <= 32      1               4.9    -3.9        1
DAYS MIN <= 0       0               0.0     0.0        0

PRECIPITATION (INCHES)
RECORD
 MAXIMUM         2.50
 MINIMUM         0.00
TOTALS           0.39              0.49   -0.10     0.28
DAYS >= .01         2                                  4
DAYS >= .10         1                                  2
DAYS >= .50         0                                  0
DAYS >= 1.00        0                                  0
GREATEST
 24 HR. TOTAL    0.38   11/03 TO 11/04
 STORM TOTAL       MM
 (MM/DD(HH))            MM

SNOWFALL (INCHES)
TOTALS            0.0                                  T
SNOWDEPTH AVG.      0                                  0
DAYS >= TRACE       0                                  1
GREATEST
 SNOW DEPTH         0   MM
 24 HR TOTAL      0.0   11/30 TO 11/30
 STORM TOTAL       MM
 (MM/DD(HH))            MM

DEGREE_DAYS
HEATING TOTAL     235               359    -124      297
 SINCE 7/1        242               442    -200      335
COOLING TOTAL      23                 3      20        0
 SINCE 1/1       2811              2331     480     2839

FREEZE DATES
RECORD
 EARLIEST     10/16/1880
 LATEST       05/02/1967
EARLIEST      11/30             12/06
LATEST                          02/07
.................................................................

WIND (MPH)
AVERAGE WIND SPEED              8.5
HIGHEST WIND SPEED/DIRECTION    44/260    DATE  11/28
HIGHEST GUST SPEED/DIRECTION    53/260    DATE  11/28

SKY COVER
POSSIBLE SUNSHINE (PERCENT)   MM
AVERAGE SKY COVER           0.40
NUMBER OF DAYS FAIR           15
NUMBER OF DAYS PC             13
NUMBER OF DAYS CLOUDY          2

AVERAGE RH (PERCENT)     43

WEATHER CONDITIONS. NUMBER OF DAYS WITH
THUNDERSTORM              1     MIXED PRECIP               0
HEAVY RAIN                1     RAIN                       0
LIGHT RAIN                7     FREEZING RAIN              0
LT FREEZING RAIN          0     HAIL                       0
HEAVY SNOW                0     SNOW                       0
LIGHT SNOW                0     SLEET                      0
FOG                       1     FOG W/VIS <= 1/4 MILE      1
HAZE                      0

-  INDICATES NEGATIVE NUMBERS.
R  INDICATES RECORD WAS SET OR TIED.
MM INDICATES DATA IS MISSING.
T  INDICATES TRACE AMOUNT.

$$
