733
CXUS54 KEPZ 011009
CLMELP


CLIMATE REPORT
NATIONAL WEATHER SERVICE EL PASO, TX
306 AM MST WED MAR 1 2017

...................................

...THE EL PASO     CLIMATE SUMMARY FOR THE MONTH OF FEBRUARY 2017...

CLIMATE NORMAL PERIOD 1981 TO 2010
CLIMATE RECORD PERIOD 1879 TO 2017

WEATHER         OBSERVED          NORMAL  DEPART  LAST YEAR`S
                 VALUE   DATE(S)  VALUE   FROM    VALUE  DATE(S)
                                          NORMAL
................................................................
TEMPERATURE (F)
RECORD
 HIGH              86   02/24/1904
 LOW                1   02/03/2011
HIGHEST            84   02/11        66      18       85  02/18
LOWEST             32   02/16        31       1       21  02/06
                        02/02
AVG. MAXIMUM     69.0              63.1     5.9     69.0
AVG. MINIMUM     42.9              37.1     5.8     36.9
MEAN             56.0              50.1     5.9     53.0
DAYS MAX >= 90      0               0.0     0.0        0
DAYS MAX <= 32      0               0.0     0.0        0
DAYS MIN <= 32      2               7.3    -5.3        7
DAYS MIN <= 0       0               0.0     0.0        0

PRECIPITATION (INCHES)
RECORD
 MAXIMUM         1.92
 MINIMUM         0.00
TOTALS           0.16              0.46   -0.30     0.07
DAYS >= .01         2                                  1
DAYS >= .10         1                                  0
DAYS >= .50         0                                  0
DAYS >= 1.00        0                                  0
GREATEST
 24 HR. TOTAL    0.16   02/13 TO 02/14
 STORM TOTAL       MM
 (MM/DD(HH))            MM

SNOWFALL (INCHES)
TOTALS              T                                  T
SNOWDEPTH AVG.      0                                  0
DAYS >= TRACE       2                                  1
GREATEST
 SNOW DEPTH         0   MM
 24 HR TOTAL        T   02/13 TO 02/14
 STORM TOTAL       MM
 (MM/DD(HH))            MM

DEGREE_DAYS
HEATING TOTAL     251               418    -167      343
 SINCE 7/1       1469              2103    -634     1834
COOLING TOTAL       3                 0       3        3
 SINCE 1/1          3                 0       3        3

FREEZE DATES
RECORD
 EARLIEST     10/16/1880
 LATEST       05/02/1967
EARLIEST                        12/06
LATEST                          02/07
.................................................................

WIND (MPH)
AVERAGE WIND SPEED              9.3
HIGHEST WIND SPEED/DIRECTION    47/270    DATE  02/07
HIGHEST GUST SPEED/DIRECTION    57/260    DATE  02/23

SKY COVER
POSSIBLE SUNSHINE (PERCENT)   MM
AVERAGE SKY COVER           0.40
NUMBER OF DAYS FAIR           13
NUMBER OF DAYS PC             13
NUMBER OF DAYS CLOUDY          2

AVERAGE RH (PERCENT)     35

WEATHER CONDITIONS. NUMBER OF DAYS WITH
THUNDERSTORM              1     MIXED PRECIP               0
HEAVY RAIN                0     RAIN                       0
LIGHT RAIN                5     FREEZING RAIN              0
LT FREEZING RAIN          0     HAIL                       1
HEAVY SNOW                0     SNOW                       0
LIGHT SNOW                1     SLEET                      0
FOG                       2     FOG W/VIS <= 1/4 MILE      0
HAZE                      7

-  INDICATES NEGATIVE NUMBERS.
R  INDICATES RECORD WAS SET OR TIED.
MM INDICATES DATA IS MISSING.
T  INDICATES TRACE AMOUNT.

$$
