000
CXUS54 KEPZ 020325 CCA
CLMELP

CLIMATE REPORT...COR 24 HR TOTAL
NATIONAL WEATHER SERVICE EL PASO, TX
825 PM MST MON JAN 1 2018

...................................

...THE EL PASO     CLIMATE SUMMARY FOR THE MONTH OF DECEMBER 2017...

CLIMATE NORMAL PERIOD 1981 TO 2010
CLIMATE RECORD PERIOD 1879 TO 2017

WEATHER         OBSERVED          NORMAL  DEPART  LAST YEAR`S
                 VALUE   DATE(S)  VALUE   FROM    VALUE  DATE(S)
                                          NORMAL
................................................................
TEMPERATURE (F)
RECORD
 HIGH              80   12/02/1973
 LOW               -5   12/31/1880
HIGHEST            74   12/03        61      13       76  12/16
LOWEST             24   12/08        29      -5       27  12/01
AVG. MAXIMUM     61.0              57.1     3.9     60.3
AVG. MINIMUM     36.0              32.5     3.5     38.3
MEAN             48.5              44.8     3.7     49.3
DAYS MAX >= 90      0               0.0     0.0        0
DAYS MAX <= 32      0               0.1    -0.1        0
DAYS MIN <= 32     11              14.6    -3.6        8
DAYS MIN <= 0       0               0.0     0.0        0

PRECIPITATION (INCHES)
RECORD
 MAXIMUM         3.94
 MINIMUM         0.00
TOTALS           0.68              0.78   -0.10     0.86
DAYS >= .01         4                                  5
DAYS >= .10         3                                  3
DAYS >= .50         0                                  0
DAYS >= 1.00        0                                  0
GREATEST
 24 HR. TOTAL    0.36   12/17 TO 12/18
 STORM TOTAL       MM
 (MM/DD(HH))            MM

SNOWFALL (INCHES)
TOTALS            0.1                                0.0
SNOWDEPTH AVG.      0                                  0
DAYS >= TRACE       3                                  0
GREATEST
 SNOW DEPTH         0   MM
 24 HR TOTAL      0.1   12/07 TO 12/07
 STORM TOTAL       MM
 (MM/DD(HH))            MM

DEGREE_DAYS
HEATING TOTAL     504               626    -122      480
 SINCE 7/1        667              1068    -401      722
COOLING TOTAL       0                 0       0        0
 SINCE 1/1       2917              2331     586     2811

FREEZE DATES
RECORD
 EARLIEST     10/16/1880
 LATEST       05/02/1967
EARLIEST      12/07             12/06
LATEST                          02/07
.................................................................

WIND (MPH)
AVERAGE WIND SPEED              6.5
HIGHEST WIND SPEED/DIRECTION    26/320    DATE  12/22
HIGHEST GUST SPEED/DIRECTION    33/270    DATE  12/21

SKY COVER
POSSIBLE SUNSHINE (PERCENT)   MM
AVERAGE SKY COVER           0.40
NUMBER OF DAYS FAIR           14
NUMBER OF DAYS PC             12
NUMBER OF DAYS CLOUDY          5

AVERAGE RH (PERCENT)     49

WEATHER CONDITIONS. NUMBER OF DAYS WITH
THUNDERSTORM              0     MIXED PRECIP               0
HEAVY RAIN                0     RAIN                       1
LIGHT RAIN                5     FREEZING RAIN              0
LT FREEZING RAIN          0     HAIL                       0
HEAVY SNOW                1     SNOW                       1
LIGHT SNOW                3     SLEET                      0
FOG                       4     FOG W/VIS <= 1/4 MILE      2
HAZE                      3

-  INDICATES NEGATIVE NUMBERS.
R  INDICATES RECORD WAS SET OR TIED.
MM INDICATES DATA IS MISSING.
T  INDICATES TRACE AMOUNT.

$$
