000
CXUS54 KEPZ 011049
CLMELP


CLIMATE REPORT
NATIONAL WEATHER SERVICE EL PASO, TX
448 AM MDT TUE SEP 1 2015

...................................

...THE EL PASO     CLIMATE SUMMARY FOR THE MONTH OF AUGUST 2015...

CLIMATE NORMAL PERIOD 1981 TO 2010
CLIMATE RECORD PERIOD 1879 TO 2015

WEATHER         OBSERVED          NORMAL  DEPART  LAST YEAR`S
                 VALUE   DATE(S)  VALUE   FROM    VALUE  DATE(S)
                                          NORMAL
................................................................
TEMPERATURE (F)
RECORD
 HIGH             108   08/02/1980
 LOW               52   08/10/1880
HIGHEST           103   08/06        95       8      100  08/31
                        08/05
LOWEST             68   08/30        65       3       64  08/22
                        08/24                             08/02
AVG. MAXIMUM     97.6              92.4     5.2     90.4
AVG. MINIMUM     73.4              69.7     3.7     69.7
MEAN             85.5              81.1     4.4     80.1
DAYS MAX >= 90     31              22.4     8.6       19
DAYS MAX <= 32      0               0.0     0.0        0
DAYS MIN <= 32      0               0.0     0.0        0
DAYS MIN <= 0       0               0.0     0.0        0

PRECIPITATION (INCHES)
RECORD
 MAXIMUM         6.85
 MINIMUM         0.00
TOTALS           1.55              2.01   -0.46     1.79
DAYS >= .01        12                                 12
DAYS >= .10         5                                  5
DAYS >= .50         0                                  1
DAYS >= 1.00        0                                  0
GREATEST
 24 HR. TOTAL    0.45   08/24 TO 08/24
                        08/23 TO 08/24
                        08/24 TO 08/24
 STORM TOTAL       MM
 (MM/DD(HH))            MM

DEGREE_DAYS
HEATING TOTAL       0                 0       0        0
 SINCE 7/1          0                 0       0        0
COOLING TOTAL     642               498     144      477
 SINCE 1/1       2217              1929     288     2219

FREEZE DATES
RECORD
 EARLIEST     10/16/1880
 LATEST       05/02/1967
EARLIEST                        12/06
LATEST                          02/07
.................................................................

WIND (MPH)
AVERAGE WIND SPEED              7.3
HIGHEST WIND SPEED/DIRECTION    32/130    DATE  08/26
HIGHEST GUST SPEED/DIRECTION    43/260    DATE  08/07

SKY COVER
POSSIBLE SUNSHINE (PERCENT)   MM
AVERAGE SKY COVER           0.40
NUMBER OF DAYS FAIR           12
NUMBER OF DAYS PC             18
NUMBER OF DAYS CLOUDY          1

AVERAGE RH (PERCENT)     39

WEATHER CONDITIONS. NUMBER OF DAYS WITH
THUNDERSTORM             16     MIXED PRECIP               0
HEAVY RAIN                1     RAIN                       4
LIGHT RAIN               14     FREEZING RAIN              0
LT FREEZING RAIN          0     HAIL                       0
HEAVY SNOW                0     SNOW                       0
LIGHT SNOW                0     SLEET                      0
FOG                       2     FOG W/VIS <= 1/4 MILE      0
HAZE                      3

-  INDICATES NEGATIVE NUMBERS.
R  INDICATES RECORD WAS SET OR TIED.
MM INDICATES DATA IS MISSING.
T  INDICATES TRACE AMOUNT.

$$
