000
CXUS54 KEPZ 011529
CLMELP

CLIMATE REPORT
NATIONAL WEATHER SERVICE EL PASO, TX

929 AM MDT FRI JUL 1 2016

...................................

...THE EL PASO CLIMATE SUMMARY FOR THE MONTH OF JUNE 2016...

CLIMATE NORMAL PERIOD 1981 TO 2010
CLIMATE RECORD PERIOD 1879 TO 2016

WEATHER         OBSERVED          NORMAL  DEPART  LAST YEAR`S
                 VALUE   DATE(S)  VALUE   FROM    VALUE  DATE(S)
                                          NORMAL
................................................................
TEMPERATURE (F)
RECORD
 HIGH             114   06/30/1994
 LOW               46   06/01/1988
                        06/03/1919
HIGHEST           108   06/18        98      10      104  06/22
                                                          06/21
                                                          06/20
LOWEST             55   06/02        61      -6       65  06/04
AVG. MAXIMUM     97.9              95.5     2.4     97.0
AVG. MINIMUM     71.1              68.0     3.1     71.9
MEAN             84.5              81.7     2.8     84.4
DAYS MAX >= 90     27              24.9     2.1       30
DAYS MAX <= 32      0               0.0     0.0        0
DAYS MIN <= 32      0               0.0     0.0        0
DAYS MIN <= 0       0               0.0     0.0        0

PRECIPITATION (INCHES)
RECORD
 MAXIMUM         3.18
 MINIMUM         0.00
TOTALS           0.33              0.94   -0.61     0.18
DAYS >= .01         4                                  4
DAYS >= .10         2                                  0
DAYS >= .50         0                                  0
DAYS >= 1.00        0                                  0
GREATEST
 24 HR. TOTAL    0.15   06/28 TO 06/28

 STORM TOTAL       MM
 (MM/DD(HH))            MM

DEGREE_DAYS
HEATING TOTAL       0                 0       0        0
 SINCE 7/1       2018              2474    -456     2064
COOLING TOTAL     592               502      90      592
 SINCE 1/1        988               879     109      963

FREEZE DATES
RECORD
 EARLIEST     10/16/1880
 LATEST       05/02/1967
EARLIEST      11/22             12/06
LATEST        02/11             02/07
.................................................................

WIND (MPH)
AVERAGE WIND SPEED              8.7
HIGHEST WIND SPEED/DIRECTION    37/270    DATE  06/24
HIGHEST GUST SPEED/DIRECTION    46/270    DATE  06/24

SKY COVER
POSSIBLE SUNSHINE (PERCENT)   MM
AVERAGE SKY COVER           0.40
NUMBER OF DAYS FAIR           15
NUMBER OF DAYS PC             15
NUMBER OF DAYS CLOUDY          0

AVERAGE RH (PERCENT)     30

WEATHER CONDITIONS. NUMBER OF DAYS WITH
THUNDERSTORM             10     MIXED PRECIP               0
HEAVY RAIN                0     RAIN                       0
LIGHT RAIN                9     FREEZING RAIN              0
LT FREEZING RAIN          0     HAIL                       1
HEAVY SNOW                0     SNOW                       0
LIGHT SNOW                0     SLEET                      0
FOG                       1     FOG W/VIS <= 1/4 MILE      0
HAZE                      5

-  INDICATES NEGATIVE NUMBERS.
R  INDICATES RECORD WAS SET OR TIED.
MM INDICATES DATA IS MISSING.
T  INDICATES TRACE AMOUNT.

$$
