000
CXUS54 KEPZ 010946
CLMELP

CLIMATE REPORT
NATIONAL WEATHER SERVICE EL PASO, TX
343 AM MDT WED OCT 1 2014

...................................

...THE EL PASO     CLIMATE SUMMARY FOR THE MONTH OF SEPTEMBER 2014...

CLIMATE NORMAL PERIOD 1981 TO 2010
CLIMATE RECORD PERIOD 1879 TO 2014

WEATHER         OBSERVED          NORMAL  DEPART  LAST YEAR`S
                 VALUE   DATE(S)  VALUE   FROM    VALUE  DATE(S)
                                          NORMAL
................................................................
TEMPERATURE (F)
RECORD
 HIGH             104   09/01/1982
 LOW               41   09/30/1945
HIGHEST           100   09/02        91       9       98  09/01
LOWEST             56   09/13        57      -1       49  09/29
AVG. MAXIMUM     84.7              87.6    -2.9     86.0
AVG. MINIMUM     66.0              63.3     2.7     66.1
MEAN             75.3              75.4    -0.1     76.1
DAYS MAX >= 90      8              11.7    -3.7        9
DAYS MAX <= 32      0               0.0     0.0        0
DAYS MIN <= 32      0               0.0     0.0        0
DAYS MIN <= 0       0               0.0     0.0        0

PRECIPITATION (INCHES)
RECORD
 MAXIMUM         6.68
 MINIMUM         0.00
TOTALS           4.23              1.51    2.72     3.85
DAYS >= .01         9                                  6
DAYS >= .10         7                                  5
DAYS >= .50         4                                  3
DAYS >= 1.00        1                                  1
GREATEST
 24 HR. TOTAL    2.09   09/17 TO 09/18
 STORM TOTAL       MM
 (MM/DD(HH))            MM

DEGREE_DAYS
HEATING TOTAL       0                 4      -4        0
 SINCE 7/1          0                 4      -4        0
COOLING TOTAL     316               317      -1      337
 SINCE 1/1       2535              2246     289     2615

FREEZE DATES
RECORD
 EARLIEST     10/16/1880
 LATEST       05/02/1967
EARLIEST                        12/06
LATEST                          02/07
.................................................................

WIND (MPH)
AVERAGE WIND SPEED              7.4
HIGHEST WIND SPEED/DIRECTION    39/270    DATE  09/17
HIGHEST GUST SPEED/DIRECTION    49/270    DATE  09/17

SKY COVER
POSSIBLE SUNSHINE (PERCENT)   MM
AVERAGE SKY COVER           0.50
NUMBER OF DAYS FAIR           11
NUMBER OF DAYS PC             12
NUMBER OF DAYS CLOUDY          7

AVERAGE RH (PERCENT)     58

WEATHER CONDITIONS. NUMBER OF DAYS WITH
THUNDERSTORM              3     MIXED PRECIP               0
HEAVY RAIN                3     RAIN                       5
LIGHT RAIN               13     FREEZING RAIN              0
LT FREEZING RAIN          0     HAIL                       0
HEAVY SNOW                0     SNOW                       0
LIGHT SNOW                0     SLEET                      0
FOG                       8     FOG W/VIS <= 1/4 MILE      0
HAZE                      0

-  INDICATES NEGATIVE NUMBERS.
R  INDICATES RECORD WAS SET OR TIED.
MM INDICATES DATA IS MISSING.
T  INDICATES TRACE AMOUNT.

$$
