000
CXUS55 KLKN 011754
CLMELY


CLIMATE REPORT
NATIONAL WEATHER SERVICE ELKO NV
1048 AM PDT THU JUN 1 2017

...................................

...THE ELY AIRPORT NV CLIMATE SUMMARY FOR THE MONTH OF MAY 2017...

CLIMATE NORMAL PERIOD 1981 TO 2010
CLIMATE RECORD PERIOD 1893 TO 2017

WEATHER         OBSERVED          NORMAL  DEPART  LAST YEAR`S
                 VALUE   DATE(S)  VALUE   FROM    VALUE  DATE(S)
                                          NORMAL
................................................................
TEMPERATURE (F)
RECORD
 HIGH              95   05/31/1910
 LOW                7   05/04/1950
HIGHEST            83   05/30        82       1       78  05/13
                        05/24
LOWEST             23   05/19        21       2       25  05/10
AVG. MAXIMUM     70.3              67.8     2.5     65.0
AVG. MINIMUM     32.4              33.6    -1.2     34.3
MEAN             51.3              50.7     0.6     49.7
DAYS MAX >= 90      0               0.1    -0.1        0
DAYS MAX <= 32      0               0.0     0.0        0
DAYS MIN <= 32     19              12.9     6.1       11
DAYS MIN <= 0       0               0.0     0.0        0

PRECIPITATION (INCHES)
RECORD
 MAXIMUM         3.55   1896
 MINIMUM            T   1948
TOTALS           0.28              1.10   -0.82     0.53
DAILY AVG.       0.01              0.04   -0.03     0.02
DAYS >= .01         5               7.3    -2.3       10
DAYS >= .10         0               2.9    -2.9        2
DAYS >= .50         0               0.5    -0.5        0
DAYS >= 1.00        0               0.0     0.0        0
GREATEST
 24 HR. TOTAL    0.09   05/08 TO 05/08              0.15

SNOWFALL (INCHES)
RECORDS
 TOTAL           14.0   1899
                        1895
TOTALS            1.2               2.3    -1.1        T
SINCE 7/1        68.0              50.7    17.3    100.4
SNOWDEPTH AVG.      0                                  0
DAYS >= TRACE       2               1.7     0.3        1
DAYS >= 1.0         0               0.8    -0.8        0
DAYS >= 5.0         0                                  0
GREATEST
 SNOW DEPTH         1   05/18                          0
 24 HR TOTAL      0.7   05/17 TO 05/17                 T

DEGREE_DAYS
HEATING TOTAL     416               444     -28      469
 SINCE 7/1       6789              7347    -558     7259
COOLING TOTAL       0                 1      -1        0
 SINCE 1/1          0                 1      -1        0
.................................................................

WIND (MPH)
AVERAGE WIND SPEED              9.8
HIGHEST WIND SPEED/DIRECTION    41/170    DATE  05/06
HIGHEST GUST SPEED/DIRECTION    55/150    DATE  05/14

AVERAGE RH (PERCENT)     47

WEATHER CONDITIONS. NUMBER OF DAYS WITH
THUNDERSTORM              0     MIXED PRECIP               0
HEAVY RAIN                0     RAIN                       2
LIGHT RAIN                4     FREEZING RAIN              0
LT FREEZING RAIN          0     HAIL                       0
HEAVY SNOW                0     SNOW                       0
LIGHT SNOW                2     SLEET                      0
FOG                       4     FOG W/VIS <= 1/4 MILE      0
HAZE                      1

-  INDICATES NEGATIVE NUMBERS.
R  INDICATES RECORD WAS SET OR TIED.
MM INDICATES DATA IS MISSING.
T  INDICATES TRACE AMOUNT.

$$

DS
