000
CXUS55 KLKN 031113 AAA
CLMELY

CLIMATE REPORT
NATIONAL WEATHER SERVICE ELKO NV
412 AM PDT SUN MAY 3 2015

...................................

...THE ELY AIRPORT NV CLIMATE SUMMARY FOR THE MONTH OF APRIL 2015...

CLIMATE NORMAL PERIOD 1981 TO 2010
CLIMATE RECORD PERIOD 1893 TO 2015

WEATHER         OBSERVED          NORMAL  DEPART  LAST YEAR`S
                 VALUE   DATE(S)  VALUE   FROM    VALUE  DATE(S)
                                          NORMAL
................................................................
TEMPERATURE (F)
RECORD
 HIGH              83   04/23/2012
 LOW               -5   04/02/1982
                        04/22/1963
HIGHEST            76   04/29        74       2       74  04/21
LOWEST              7   04/03        12      -5       17  04/14
AVG. MAXIMUM     60.5              57.8     2.7     59.8
AVG. MINIMUM     25.2              27.1    -1.9     27.7
MEAN             42.8              42.5     0.3     43.7
DAYS MAX >= 90      0               0.0     0.0        0
DAYS MAX <= 32      0               0.1    -0.1        0
DAYS MIN <= 32     25              22.6     2.4       24
DAYS MIN <= 0       0               0.1    -0.1        0

PRECIPITATION (INCHES)
RECORD
 MAXIMUM         5.52   1900
 MINIMUM            T   1989
                        1908
TOTALS           0.67              0.95   -0.28     1.06
DAILY AVG.       0.02              0.03   -0.01     0.04
DAYS >= .01         5               7.9    -2.9        5
DAYS >= .10         3               3.2    -0.2        3
DAYS >= .50         0               0.2    -0.2        1
DAYS >= 1.00        0               0.0     0.0        0
GREATEST
 24 HR. TOTAL    0.31   04/24 TO 04/25              0.85

SNOWFALL (INCHES)
RECORDS
 TOTAL           45.0   1900
TOTALS            3.7               5.2    -1.5      6.6
SINCE 7/1        19.7              48.4   -28.7     50.1
SNOWDEPTH AVG.      0                                  0
DAYS >= TRACE       6               4.1     1.9        6
DAYS >= 1.0         2               1.7     0.3        2
DAYS >= 5.0         0                                  0
GREATEST
 SNOW DEPTH         3   04/08                          2
 24 HR TOTAL      1.8   MM                           3.7

DEGREE_DAYS
HEATING TOTAL     660               676     -16      630
 SINCE 7/1       5599              6903   -1304     6482
COOLING TOTAL       0                 0       0        0
 SINCE 1/1          0                 0       0        0
.................................................................

WIND (MPH)
AVERAGE WIND SPEED              10.8
HIGHEST WIND SPEED/DIRECTION    41/290    DATE  04/14
HIGHEST GUST SPEED/DIRECTION    55/210    DATE  04/14

AVERAGE RH (PERCENT)     42

WEATHER CONDITIONS. NUMBER OF DAYS WITH
THUNDERSTORM              0     MIXED PRECIP               0
HEAVY RAIN                2     RAIN                       2
LIGHT RAIN                3     FREEZING RAIN              0
LT FREEZING RAIN          0     HAIL                       0
HEAVY SNOW                0     SNOW                       2
LIGHT SNOW                6     SLEET                      0
FOG                       7     FOG W/VIS <= 1/4 MILE      0
HAZE                      6

-  INDICATES NEGATIVE NUMBERS.
R  INDICATES RECORD WAS SET OR TIED.
MM INDICATES DATA IS MISSING.
T  INDICATES TRACE AMOUNT.
=====================================================================

THE AVERAGE TEMPERATURE IN ELY DURING APRIL 2015 WAS 42.8
DEGREES...WHICH WAS 0.3 DEGREES ABOVE THE 1981-2010 CLIMATOLOGICAL
NORMAL OF 42.5 DEGREES. THIS MAKES APRIL THE 36TH WARMEST ON RECORD.
THE TOTAL PRECIPITATION WAS 0.67 INCHES...WHICH IS 71 PERCENT OF THE
CLIMATOLOGICAL NORMAL OF 0.95 INCHES. THIS MAKES APRIL THE 32ND DRIEST ON
RECORD. THE TOTAL SNOWFALL WAS 3.7 INCHES...WHICH IS 71 PERCENT OF THE
1981-2010 CLIMATOLOGICAL NORMAL OF 5.2 INCHES. THIS MAKES APRIL THE 41ST
LEAST SNOWY ON RECORD.

NO DAILY RECORD TEMPERATURE OR PRECIPITATION RECORDS WERE SET IN
APRIL AT THE ELY NEVADA AIRPORT.

$$

BA/DTK
