000
CXUS55 KLKN 030155 CCA
CLMELY

CLIMATE REPORT
NATIONAL WEATHER SERVICE ELKO NV
540 PM PST MON JAN 2 2017

...................................

...THE ELY AIRPORT NV CLIMATE SUMMARY FOR THE MONTH OF DECEMBER
2016...

CLIMATE NORMAL PERIOD 1981 TO 2010
CLIMATE RECORD PERIOD 1893 TO 2017

WEATHER         OBSERVED          NORMAL  DEPART  LAST YEAR`S
                 VALUE   DATE(S)  VALUE   FROM    VALUE  DATE(S)
                                          NORMAL
................................................................
TEMPERATURE (F)
RECORD
 HIGH              68   12/03/1910
                        12/01/1910
 LOW              -29   12/22/1990
HIGHEST            55   12/14        57      -2       59  12/09
LOWEST            -18   12/26        -9      -9      -18  12/27
AVG. MAXIMUM     39.6              39.5     0.1     36.7
AVG. MINIMUM     10.6              11.0    -0.4     10.8
MEAN             25.1              25.3    -0.2     23.8
DAYS MAX >= 90      0               0.0     0.0        0
DAYS MAX <= 32      6               6.7    -0.7       11
DAYS MIN <= 32     30              30.3    -0.3       31
DAYS MIN <= 0       6               5.1     0.9        7

PRECIPITATION (INCHES)
RECORD
 MAXIMUM         3.33   2010
 MINIMUM            T   1976
                        1962
                        1900
TOTALS           1.17              0.59    0.58     1.21
DAILY AVG.       0.04              0.02    0.02     0.04
DAYS >= .01         5               6.3    -1.3       10
DAYS >= .10         3               1.9     1.1        5
DAYS >= .50         1               0.1     0.9        0
DAYS >= 1.00        0               0.0     0.0        0
GREATEST
 24 HR. TOTAL    0.53   12/23 TO 12/24              0.52

SNOWFALL (INCHES)
RECORDS
 TOTAL           29.8   2010
TOTALS            9.1               8.4     0.7     22.1
SINCE 7/1        15.0              17.9    -2.9     39.8
SNOWDEPTH AVG.      1                                  3
DAYS >= TRACE       9               5.7     3.3       15
DAYS >= 1.0         2               2.3    -0.3        6
DAYS >= 5.0         1                                  1
GREATEST
 SNOW DEPTH         7   12/25                         10
 24 HR TOTAL      7.0   12/24 TO 12/24               5.7

DEGREE_DAYS
HEATING TOTAL    1227              1232      -5     1271
 SINCE 7/1       2780              3100    -320     2900
COOLING TOTAL       0                 0       0        0
 SINCE 1/1        267               218      49      329
.................................................................

WIND (MPH)
AVERAGE WIND SPEED              8.7
HIGHEST WIND SPEED/DIRECTION    31/140    DATE  12/23
HIGHEST GUST SPEED/DIRECTION    37/140    DATE  12/23

AVERAGE RH (PERCENT)     65

WEATHER CONDITIONS. NUMBER OF DAYS WITH
THUNDERSTORM              0     MIXED PRECIP               0
HEAVY RAIN                1     RAIN                       1
LIGHT RAIN                4     FREEZING RAIN              0
LT FREEZING RAIN          0     HAIL                       0
HEAVY SNOW                1     SNOW                       2
LIGHT SNOW                7     SLEET                      0
FOG                       4     FOG W/VIS <= 1/4 MILE      1
HAZE                      1

-  INDICATES NEGATIVE NUMBERS.
R  INDICATES RECORD WAS SET OR TIED.
MM INDICATES DATA IS MISSING.
T  INDICATES TRACE AMOUNT.

&&

=====================================================================

A RECORD DAILY PRECIPITATION OF 0.52 INCHES WAS SET ON DECEMBER 24TH.
A RECORD DAILY SNOWFALL OF 7.0 INCHES WAS SET ON DECEMBER 24TH.

$$

BA/DS
