000
CXUS55 KLKN 062113 CCA
CLMELY

CXUS55 KLKN DDHHMM CCA
CLMELY

CLIMATE REPORT
NATIONAL WEATHER SERVICE ELKO NV
210 PM PDT THU AUG 6 2015

...................................

...THE ELY AIRPORT NV CLIMATE SUMMARY FOR THE MONTH OF JULY 2015...

CLIMATE NORMAL PERIOD 1981 TO 2010
CLIMATE RECORD PERIOD 1893 TO 2015

WEATHER         OBSERVED          NORMAL  DEPART  LAST YEAR`S
                 VALUE   DATE(S)  VALUE   FROM    VALUE  DATE(S)
                                          NORMAL
................................................................
TEMPERATURE (F)
RECORD
 HIGH             101   07/12/2002
                        07/18/1998
 LOW               30   07/10/1983
                        07/29/1948
                        07/07/1897
HIGHEST            96   07/01        96       0       97  07/14
LOWEST             39   07/29        37       2       43  07/01
AVG. MAXIMUM     84.5              87.6    -3.1     90.3
AVG. MINIMUM     49.0              48.1     0.9     52.5
MEAN             66.7              67.8    -1.1     71.4
DAYS MAX >= 90      5              11.4    -6.4       19
DAYS MAX <= 32      0               0.0     0.0        0
DAYS MIN <= 32      0               0.1    -0.1        0
DAYS MIN <= 0       0               0.0     0.0        0

PRECIPITATION (INCHES)
RECORD
 MAXIMUM         2.30   1987
 MINIMUM            T   2000
                        1948
                        1903
TOTALS           0.66              0.64    0.02     0.43
DAILY AVG.       0.02              0.02    0.00     0.01
DAYS >= .01         8               5.3     2.7        4
DAYS >= .10         1               1.9    -0.9        1
DAYS >= .50         0               0.2    -0.2        0
DAYS >= 1.00        0               0.0     0.0        0
GREATEST
 24 HR. TOTAL    0.33   07/18 TO 07/19              0.22

SNOWFALL (INCHES)
RECORDS
 TOTAL              T   2011
                        1992
                        1989
TOTALS            0.0               0.0     0.0      0.0
SINCE 7/1         0.0               0.0     0.0      0.0
SNOWDEPTH AVG.      0                                  0
DAYS >= TRACE       0               0.0     0.0        0
DAYS >= 1.0         0               0.0     0.0        0
DAYS >= 5.0         0                                  0
GREATEST
 SNOW DEPTH         0   MM                             0
 24 HR TOTAL      0.0   07/31 TO 07/31               0.0

DEGREE_DAYS
HEATING TOTAL      19                23      -4        0
 SINCE 7/1         19                23      -4        0
COOLING TOTAL      79               111     -32      206
 SINCE 1/1        189               135      54      227
.................................................................

WIND (MPH)
AVERAGE WIND SPEED              9.4
HIGHEST WIND SPEED/DIRECTION    47/140    DATE  07/09
HIGHEST GUST SPEED/DIRECTION    63/140    DATE  07/09

AVERAGE RH (PERCENT)     39

WEATHER CONDITIONS. NUMBER OF DAYS WITH
THUNDERSTORM              0     MIXED PRECIP               0
HEAVY RAIN                1     RAIN                       3
LIGHT RAIN               10     FREEZING RAIN              0
LT FREEZING RAIN          0     HAIL                       0
HEAVY SNOW                0     SNOW                       0
LIGHT SNOW                0     SLEET                      0
FOG                       0     FOG W/VIS <= 1/4 MILE      0
HAZE                      1

-  INDICATES NEGATIVE NUMBERS.
R  INDICATES RECORD WAS SET OR TIED.
MM INDICATES DATA IS MISSING.
T  INDICATES TRACE AMOUNT.

&&

==============================================================

...30TH COOLEST JULY ON RECORD IN ELY...
...36TH WETTEST JULY ON RECORD IN ELY...

THE AVERAGE TEMPERATURE IN ELY DURING JULY 2015 WAS 66.7
DEGREES...WHICH IS -1.1 DEGREES BELOW THE 1981-2010
CLIMATOLOGICAL NORMAL OF 67.8 DEGREES. THIS MAKES JULY
2015 THE 30TH COOLEST ON RECORD. THE TOTAL PRECIPITATION
WAS 0.66...WHICH IS 0.02 INCHES OR 108 PERCENT ABOVE THE
1981-2010 CLIMATOLOGICAL NORMAL OF 0.64 INCH. THIS MAKES JULY
2015 THE 36TH WETTEST ON RECORD.

A RECORD RAINFALL OF 0.28 INCHES WAS SET ON JULY 19.

$$

RLC
