000
CXUS55 KLKN 110906 CCA
CLMELY

CLIMATE REPORT
NATIONAL WEATHER SERVICE ELKO NV
205 AM PDT SUN SEP 11 2016

...................................

...THE ELY AIRPORT NV CLIMATE SUMMARY FOR THE MONTH OF AUGUST 2016...

CLIMATE NORMAL PERIOD 1981 TO 2010
CLIMATE RECORD PERIOD 1893 TO 2016

WEATHER         OBSERVED          NORMAL  DEPART  LAST YEAR`S
                 VALUE   DATE(S)  VALUE   FROM    VALUE  DATE(S)
                                          NORMAL
................................................................
TEMPERATURE (F)
RECORD
 HIGH              97   08/09/1981
                        08/02/1977
 LOW               24   08/23/1960
HIGHEST            94   08/02        93       1       92  08/17
                                                          08/15
LOWEST             38   08/10        36       2       39  08/09
                                                          08/08
AVG. MAXIMUM     87.6              85.3     2.3     87.5
AVG. MINIMUM     45.2              47.0    -1.8     48.6
MEAN             66.4              66.1     0.3     68.0
DAYS MAX >= 90      9               6.4     2.6       10
DAYS MAX <= 32      0               0.0     0.0        0
DAYS MIN <= 32      0               0.3    -0.3        0
DAYS MIN <= 0       0               0.0     0.0        0

PRECIPITATION (INCHES)
RECORD
 MAXIMUM         3.00   1906
 MINIMUM         0.00   1911
TOTALS           0.33              0.90   -0.57     0.54
DAILY AVG.       0.01              0.03   -0.02     0.02
DAYS >= .01         3               5.9    -2.9        6
DAYS >= .10         2               2.3    -0.3        3
DAYS >= .50         0               0.5    -0.5        0
DAYS >= 1.00        0               0.1    -0.1        0
GREATEST
 24 HR. TOTAL    0.15   08/22 TO 08/22              0.18
                        08/21 TO 08/22
                        08/22 TO 08/22

SNOWFALL (INCHES)
RECORDS
 TOTAL              T   1993
                        1992
                        1988
TOTALS            0.0               0.0     0.0      0.0
SINCE 7/1         0.0               0.0     0.0      0.0
SNOWDEPTH AVG.      0                                  0
DAYS >= TRACE       0               0.0     0.0        0
DAYS >= 1.0         0               0.0     0.0        0
DAYS >= 5.0         0                                  0
GREATEST
 SNOW DEPTH         0   MM                             0
 24 HR TOTAL      0.0   08/31 TO 08/31               0.0

DEGREE_DAYS
HEATING TOTAL      20                41     -21       13
 SINCE 7/1         37                64     -27       32
COOLING TOTAL      71                77      -6      115
 SINCE 1/1        255               212      43      304
.................................................................

WIND (MPH)
AVERAGE WIND SPEED              9.0
HIGHEST WIND SPEED/DIRECTION    30/310    DATE  08/05
HIGHEST GUST SPEED/DIRECTION    42/240    DATE  08/25

AVERAGE RH (PERCENT)     33

WEATHER CONDITIONS. NUMBER OF DAYS WITH
THUNDERSTORM              0     MIXED PRECIP               0
HEAVY RAIN                0     RAIN                       2
LIGHT RAIN                5     FREEZING RAIN              0
LT FREEZING RAIN          0     HAIL                       0
HEAVY SNOW                0     SNOW                       0
LIGHT SNOW                0     SLEET                      0
FOG                       0     FOG W/VIS <= 1/4 MILE      0
HAZE                      0

-  INDICATES NEGATIVE NUMBERS.
R  INDICATES RECORD WAS SET OR TIED.
MM INDICATES DATA IS MISSING.
T  INDICATES TRACE AMOUNT.


THE AVERAGE TEMPERATURE IN ELY DURING AUGUST 2016 WAS 66.4
DEGREES...WHICH IS 0.3 DEGREES ABOVE THE 1981-2010
CLIMATOLOGICAL NORMAL OF 66.1 DEGREES. THIS MAKES AUGUST
THE 35TH WARMEST ON RECORD. THE TOTAL PRECIPITATION WAS
0.33 INCHES WHICH IS 0.57 INCHES BELOW THE NORMAL 0.90
INCHES...MAKING AUGUST THE 31ST DRIEST.


$$
BA
