000
CXUS55 KLKN 031220
CLMELY


CLIMATE REPORT
NATIONAL WEATHER SERVICE ELKO NV
445 AM PDT FRI JUL 3 2015

...................................

...THE ELY AIRPORT NV CLIMATE SUMMARY FOR THE MONTH OF JUNE 2015...

CLIMATE NORMAL PERIOD 1981 TO 2010
CLIMATE RECORD PERIOD 1893 TO 2015

WEATHER         OBSERVED          NORMAL  DEPART  LAST YEAR`S
                 VALUE   DATE(S)  VALUE   FROM    VALUE  DATE(S)
                                          NORMAL
................................................................
TEMPERATURE (F)
RECORD
 HIGH              99   06/29/2013
                        06/22/1954
                        08/04/1978
 LOW               18   06/14/1976
HIGHEST            97   06/28        91       6       92  06/29
LOWEST             37   06/07        28       9       25  06/18
                        06/03
AVG. MAXIMUM     86.2              79.0     7.2     81.7
AVG. MINIMUM     46.7              40.9     5.8     39.8
MEAN             66.5              60.0     6.5     60.8
DAYS MAX >= 90     15               1.9    13.1        2
DAYS MAX <= 32      0               0.0     0.0        0
DAYS MIN <= 32      0               2.5    -2.5        4
DAYS MIN <= 0       0               0.0     0.0        0

PRECIPITATION (INCHES)
RECORD
 MAXIMUM         3.53   1963
 MINIMUM         0.00   1910
                        1893
TOTALS           0.46              0.67   -0.21     0.18
DAILY AVG.       0.02              0.02    0.00     0.01
DAYS >= .01         4               4.8    -0.8        2
DAYS >= .10         2               2.1    -0.1        1
DAYS >= .50         0               0.3    -0.3        0
DAYS >= 1.00        0               0.1    -0.1        0
GREATEST
 24 HR. TOTAL    0.23   06/06 TO 06/06              0.10
                        06/05 TO 06/06
                        06/06 TO 06/06

SNOWFALL (INCHES)
RECORDS
 TOTAL            1.7   1955
TOTALS            0.0               0.1    -0.1        T
SINCE 7/1        19.7              50.8   -31.1     51.8
SNOWDEPTH AVG.      0                                  0
DAYS >= TRACE       0               0.2    -0.2        1
DAYS >= 1.0         0               0.0     0.0        0
DAYS >= 5.0         0                                  0
GREATEST
 SNOW DEPTH         0   MM                             0
 24 HR TOTAL      0.0   06/30 TO 06/30                 T

DEGREE_DAYS
HEATING TOTAL      55               175    -120      140
 SINCE 7/1       6093              7522   -1429     7016
COOLING TOTAL     107                23      84       19
 SINCE 1/1        110                24      86       21
.................................................................

WIND (MPH)
AVERAGE WIND SPEED              9.1
HIGHEST WIND SPEED/DIRECTION    35/210    DATE  06/01
HIGHEST GUST SPEED/DIRECTION    50/190    DATE  06/28

AVERAGE RH (PERCENT)     34

WEATHER CONDITIONS. NUMBER OF DAYS WITH
THUNDERSTORM              0     MIXED PRECIP               0
HEAVY RAIN                0     RAIN                       3
LIGHT RAIN                5     FREEZING RAIN              0
LT FREEZING RAIN          0     HAIL                       0
HEAVY SNOW                0     SNOW                       0
LIGHT SNOW                0     SLEET                      0
FOG                       1     FOG W/VIS <= 1/4 MILE      0
HAZE                      1

-  INDICATES NEGATIVE NUMBERS.
R  INDICATES RECORD WAS SET OR TIED.
MM INDICATES DATA IS MISSING.
T  INDICATES TRACE AMOUNT.

$$

==============================================================

...WARMEST JUNE ON RECORD IN ELY...
...40TH WETTEST JUNE ON RECORD IN ELY...

THE AVERAGE TEMPERATURE IN ELY DURING JUNE 2015 WAS 66.5
DEGREES...WHICH IS 6.5 DEGREES ABOVE THE 1981-2010
CLIMATOLOGICAL NORMAL OF 60.0 DEGREES. THIS MAKES JUNE
2015 THE WARMEST ON RECORD. THE TOTAL PRECIPITATION
WAS 0.46...WHICH IS -0.21 INCHES OR 31 PERCENT BELOW THE
1981-2010 CLIMATOLOGICAL NORMAL OF 0.67 INCH. THIS MAKES JUNE
2015 THE 40TH WETTEST ON RECORD.

A RECORD HIGH TEMPERATURE OF 97 DEGREES WAS SET ON JUNE 28.
A RECORD HIGH TEMPERATURE OF 95 DEGREES WAS SET ON JUNE 25.
A RECORD HIGH TEMPERATURE OF 94 DEGREES WAS SET ON JUNE 19

$$

JRM
