000
CXUS55 KLKN 011937
CLMELY


CLIMATE REPORT
NATIONAL WEATHER SERVICE ELKO NV
1221 PM PDT WED OCT 1 2014

...................................

...THE ELY AIRPORT NV CLIMATE SUMMARY FOR THE MONTH OF SEPTEMBER 2014...

CLIMATE NORMAL PERIOD 1981 TO 2010
CLIMATE RECORD PERIOD 1893 TO 2014

WEATHER         OBSERVED          NORMAL  DEPART  LAST YEAR`S
                 VALUE   DATE(S)  VALUE   FROM    VALUE  DATE(S)
                                          NORMAL
................................................................
TEMPERATURE (F)
RECORD
 HIGH              93   09/12/1990
                        09/03/1950
                        09/01/1950
 LOW               15   09/22/1968
                        09/21/1968
                        09/21/1895
HIGHEST            89   09/02        88       1       83  09/06
                                                          09/01
LOWEST             31   09/12        24       7       23  09/28
AVG. MAXIMUM     79.3              75.8     3.5     72.2
AVG. MINIMUM     43.4              37.8     5.6     43.5
MEAN             61.4              56.8     4.6     57.9
DAYS MAX >= 90      0               0.2    -0.2        0
DAYS MAX <= 32      0               0.0     0.0        0
DAYS MIN <= 32      2               6.0    -4.0        4
DAYS MIN <= 0       0               0.0     0.0        0

PRECIPITATION (INCHES)
RECORD
 MAXIMUM         4.99   1982
 MINIMUM            T   1953
                        1893
TOTALS           0.83              0.83    0.00     1.71
DAILY AVG.       0.03              0.03    0.00     0.06
DAYS >= .01         7               4.9     2.1       13
DAYS >= .10         3               2.0     1.0        7
DAYS >= .50         0               0.3    -0.3        0
DAYS >= 1.00        0               0.1    -0.1        0
GREATEST
 24 HR. TOTAL    0.41   09/26 TO 09/27              0.57

SNOWFALL (INCHES)
RECORDS
 TOTAL            6.3   1982
TOTALS            0.0               0.4    -0.4        T
SINCE 7/1         0.0               0.4    -0.4        T
SNOWDEPTH AVG.      0                                  0
DAYS >= TRACE       0               0.2    -0.2        1
DAYS >= 1.0         0               0.2    -0.2        0
DAYS >= 5.0         0                                  0
GREATEST
 SNOW DEPTH         0   MM                             0
 24 HR TOTAL      0.0   09/30 TO 09/30                 T

DEGREE_DAYS
HEATING TOTAL     120               252    -132      223
 SINCE 7/1        168               316    -148      231
COOLING TOTAL      18                 6      12       17
 SINCE 1/1        286               218      68      387
.................................................................

WIND (MPH)
AVERAGE WIND SPEED              9.7
HIGHEST WIND SPEED/DIRECTION    37/140    DATE  09/26
HIGHEST GUST SPEED/DIRECTION    46/140    DATE  09/26

AVERAGE RH (PERCENT)     47

WEATHER CONDITIONS. NUMBER OF DAYS WITH
THUNDERSTORM              0     MIXED PRECIP               0
HEAVY RAIN                0     RAIN                       3
LIGHT RAIN                9     FREEZING RAIN              0
LT FREEZING RAIN          0     HAIL                       0
HEAVY SNOW                0     SNOW                       0
LIGHT SNOW                0     SLEET                      0
FOG                       3     FOG W/VIS <= 1/4 MILE      0
HAZE                      1

-  INDICATES NEGATIVE NUMBERS.
R  INDICATES RECORD WAS SET OR TIED.
MM INDICATES DATA IS MISSING.
T  INDICATES TRACE AMOUNT.

&&

=================================================================

...WARMEST SEPTEMBER ON RECORD IN ELY...
...34TH WETTEST SEPTEMBER ON RECORD IN ELY...

THE AVERAGE TEMPERATURE IN ELY DURING SEPTEMBER 2014 WAS 61.4
DEGREES...WHICH IS 4.6 DEGREES ABOVE THE 1981-2010 CLIMATOLOGICAL
NORMAL OF 56.8 DEGREES. THIS MAKES SEPTEMBER 2014 THE WARMEST ON
RECORD. THE TOTAL PRECIPITATION WAS 0.83 INCHES...WHICH IS
EXACTLY NORMAL. DESPITE THIS...SEPTEMBER 2014 WAS STILL THE 34TH
WETTEST ON RECORD.

NO DAILY RECORDS WERE SET IN ELY DURING SEPTEMBER 2014.

$$

RCM
