000
CXUS55 KLKN 091923 RRA
CLMELY

CLIMATE REPORT...EDITED
NATIONAL WEATHER SERVICE ELKO NV
1200 PM PDT MON OCT 9 2017

...................................

...THE ELY AIRPORT NV CLIMATE SUMMARY FOR THE MONTH OF
SEPTEMBER 2017...

CLIMATE NORMAL PERIOD 1981 TO 2010
CLIMATE RECORD PERIOD 1893 TO 2017

WEATHER         OBSERVED          NORMAL  DEPART  LAST YEAR`S
                 VALUE   DATE(S)  VALUE   FROM    VALUE  DATE(S)
                                          NORMAL
................................................................
TEMPERATURE (F)
RECORD
 HIGH              93   09/05/2017
                        09/12/1990
                        09/03/1950
 LOW               15   09/22/1968
                        09/21/1968
                        09/21/1895
HIGHEST            93R  09/05        88       5       86  09/01
LOWEST             24   09/25        24       0       27  09/15
AVG. MAXIMUM     73.2              75.8    -2.6     76.3
AVG. MINIMUM     38.5              37.8     0.7     38.3
MEAN             55.9              56.8    -0.9     57.3
DAYS MAX >= 90      4               0.2     3.8        0
DAYS MAX <= 32      0               0.0     0.0        0
DAYS MIN <= 32     11               6.0     5.0        9
DAYS MIN <= 0       0               0.0     0.0        0

PRECIPITATION (INCHES)
RECORD
 MAXIMUM         4.99   1982
 MINIMUM            T   1953
                        1893
TOTALS           1.72              0.83    0.89     0.70
DAILY AVG.       0.06              0.03    0.03     0.02
DAYS >= .01         9               4.9     4.1        5
DAYS >= .10         3               2.0     1.0        3
DAYS >= .50         1               0.3     0.7        0
DAYS >= 1.00        0               0.1    -0.1        0
GREATEST
 24 HR. TOTAL    0.78   09/21 TO 09/21              0.43

SNOWFALL (INCHES)
RECORDS
 TOTAL            6.3   1982
TOTALS            5.0               0.4     4.6      0.0
SINCE 7/1         5.0               0.4     4.6      0.0
SNOWDEPTH AVG.      0                                  0
DAYS >= TRACE       2               0.2     1.8        0
DAYS >= 1.0         1               0.2     0.8        0
GREATEST
 SNOW DEPTH         3R  09/21                          0
 24 HR TOTAL      5.0R  09/21 TO 09/21               0.0

DEGREE_DAYS
HEATING TOTAL     290               252      38      235
 SINCE 7/1        296               316     -20      272
COOLING TOTAL      24                 6      18       12
 SINCE 1/1        433               218     215      267
.................................................................

WIND (MPH)
AVERAGE WIND SPEED              8.9
HIGHEST WIND SPEED/DIRECTION    36/160    DATE  09/06
HIGHEST GUST SPEED/DIRECTION    47/160    DATE  09/06

AVERAGE RH (PERCENT)     53

WEATHER CONDITIONS. NUMBER OF DAYS WITH
THUNDERSTORM              8     MIXED PRECIP               0
HEAVY RAIN                3     RAIN                       4
LIGHT RAIN               11     FREEZING RAIN              0
LT FREEZING RAIN          0     HAIL                       0
HEAVY SNOW                1     SNOW                       2
LIGHT SNOW                2     SLEET                      0
FOG                       6     FOG W/VIS <= 1/4 MILE      3
HAZE                      2

-  INDICATES NEGATIVE NUMBERS.
R  INDICATES RECORD WAS SET OR TIED.
MM INDICATES DATA IS MISSING.
T  INDICATES TRACE AMOUNT.

&&

=====================================================================

...9TH WETTEST SEPTEMBER ON RECORD IN ELY...
...2ND SNOWIEST SEPTEMBER ON RECORD IN ELY..

A RECORD DAILY MAXIMUM TEMP OF 92 WAS SET ON THE 4TH.
A RECORD DAILY MAXIMUM TEMP OF 93 WAS SET ON THE 5TH.
THIS TIED THE ALL TIME WARMEST SEPTEMBER HIGH ON RECORD.

A RECORD DAILY PRECIP OF 0.78 INCHES WAS SET ON THE 21ST.
A RECORD DAILY SNOWFALL OF 5.0 INCHES WAS SET ON THE 21ST.
A RECORD DAILY SNOWFALL OF TRACE WAS SET ON THE 22ND.

$$

DS
