000
CXUS55 KLKN 030504
CLMELY


CLIMATE REPORT
NATIONAL WEATHER SERVICE ELKO NV
846 PM PST TUE DEC 2 2014

...................................

...THE ELY AIRPORT NV CLIMATE SUMMARY FOR THE MONTH OF NOVEMBER 2014...

CLIMATE NORMAL PERIOD 1981 TO 2010
CLIMATE RECORD PERIOD 1893 TO 2014

WEATHER         OBSERVED          NORMAL  DEPART  LAST YEAR`S
                 VALUE   DATE(S)  VALUE   FROM    VALUE  DATE(S)
                                          NORMAL
................................................................
TEMPERATURE (F)
RECORD
 HIGH              78   11/09/1906
 LOW              -20   11/25/2010
HIGHEST            70   11/09        66       4       70  11/11
LOWEST              1   11/16         0       1       10  11/05
AVG. MAXIMUM     53.4              48.6     4.8     51.9
AVG. MINIMUM     19.4              18.7     0.7     20.0
MEAN             36.4              33.7     2.7     35.9
DAYS MAX >= 90      0               0.0     0.0        0
DAYS MAX <= 32      1               2.2    -1.2        1
DAYS MIN <= 32     28              28.0     0.0       30
DAYS MIN <= 0       0               1.3    -1.3        0

PRECIPITATION (INCHES)
RECORD
 MAXIMUM         2.40   1902
 MINIMUM         0.00   1894
TOTALS           0.44              0.70   -0.26     0.87
DAILY AVG.       0.01              0.02   -0.01     0.03
DAYS >= .01         5               5.7    -0.7        3
DAYS >= .10         1               2.2    -1.2        1
DAYS >= .50         0               0.3    -0.3        1
DAYS >= 1.00        0               0.0     0.0        0
GREATEST
 24 HR. TOTAL    0.20   11/01 TO 11/01              0.76
                        10/31 TO 11/01
                        11/01 TO 11/01

SNOWFALL (INCHES)
RECORDS
 TOTAL           20.3   2010
TOTALS            0.7               6.1    -5.4      9.9
SINCE 7/1         0.7               9.5    -8.8     12.9
SNOWDEPTH AVG.      0                                  1
DAYS >= TRACE       6               4.4     1.6        3
DAYS >= 1.0         0               1.9    -1.9        1
DAYS >= 5.0         0                                  1
GREATEST
 SNOW DEPTH         1   11/16                          8
 24 HR TOTAL      0.6   MM                           9.9

DEGREE_DAYS
HEATING TOTAL     850               940     -90      864
 SINCE 7/1       1447              1868    -421     1765
COOLING TOTAL       0                 0       0        0
 SINCE 1/1        286               218      68      387
.................................................................

WIND (MPH)
AVERAGE WIND SPEED              8.7
HIGHEST WIND SPEED/DIRECTION    40/150    DATE  11/01
HIGHEST GUST SPEED/DIRECTION    50/150    DATE  11/01

AVERAGE RH (PERCENT)     53

WEATHER CONDITIONS. NUMBER OF DAYS WITH
THUNDERSTORM              0     MIXED PRECIP               0
HEAVY RAIN                0     RAIN                       1
LIGHT RAIN                5     FREEZING RAIN              0
LT FREEZING RAIN          0     HAIL                       0
HEAVY SNOW                0     SNOW                       1
LIGHT SNOW                6     SLEET                      0
FOG                       5     FOG W/VIS <= 1/4 MILE      0
HAZE                      1

-  INDICATES NEGATIVE NUMBERS.
R  INDICATES RECORD WAS SET OR TIED.
MM INDICATES DATA IS MISSING.
T  INDICATES TRACE AMOUNT.

&&

=================================================================

...26TH WARMEST NOVEMBER ON RECORD IN ELY...
...39TH DRIEST NOVEMBER ON RECORD IN ELY...
...14TH LEAST SNOWY NOVEMBER ON RECORD IN ELY...

THE AVERAGE TEMPERATURE IN ELY DURING NOVEMBER 2014 WAS 36.4
DEGREES...WHICH IS 2.7 DEGREES ABOVE THE 1981-2010 CLIMATOLOGICAL
NORMAL OF 33.7 DEGREES. THIS MAKES NOVEMBER 2014 THE 26TH WARMEST
ON RECORD. THE TOTAL PRECIPITATION WAS 0.44 INCHES...WHICH IS
0.26 INCHES OR 37 PERCENT BELOW THE 1981-2010 CLIMATOLOGICAL
NORMAL OF 0.70 INCHES. THIS MAKES NOVEMBER 2014 THE 39TH DRIEST
ON RECORD. THE TOTAL SNOWFALL WAS 0.7 INCHES...WHICH IS 5.4
INCHES OR 89 PERCENT BELOW THE 1981-2010 CLIMATOLOGICAL NORMAL OF
6.1 INCHES. THIS MAKES NOVEMBER 2014 THE 14TH LEAST SNOWY ON
RECORD.

A DAILY RECORD HIGH TEMPERATURE OF 63 DEGREES WAS SET ON NOVEMBER 28TH.

$$

RCM
