000
CXUS55 KLKN 011050
CLMELY


CLIMATE REPORT
NATIONAL WEATHER SERVICE ELKO NV
241 AM PST WED MAR 1 2017

...................................

...THE ELY AIRPORT NV CLIMATE SUMMARY FOR THE MONTH OF FEBRUARY 2017...

CLIMATE NORMAL PERIOD 1981 TO 2010
CLIMATE RECORD PERIOD 1893 TO 2017

WEATHER         OBSERVED          NORMAL  DEPART  LAST YEAR`S
                 VALUE   DATE(S)  VALUE   FROM    VALUE  DATE(S)
                                          NORMAL
................................................................
TEMPERATURE (F)
RECORD
 HIGH              67   02/28/1986
                        02/25/1986
                        02/24/1986
 LOW              -30   02/06/1989
HIGHEST            59   02/15        59       0       57  02/27
                                                          02/26
LOWEST             -3   02/28        -6       3      -18  02/03
AVG. MAXIMUM     43.3              42.5     0.8     42.4
AVG. MINIMUM     21.8              15.5     6.3     12.9
MEAN             32.6              29.0     3.6     27.6
DAYS MAX >= 90      0               0.0     0.0        0
DAYS MAX <= 32      5               4.1     0.9        4
DAYS MIN <= 32     21              26.8    -5.8       29
DAYS MIN <= 0       1               3.2    -2.2        4

PRECIPITATION (INCHES)
RECORD
 MAXIMUM         3.75   1897
 MINIMUM         0.01   1972
TOTALS           1.73              0.75    0.98     0.55
DAILY AVG.       0.06              0.03    0.03     0.02
DAYS >= .01         9               7.2     1.8        3
DAYS >= .10         4               2.8     1.2        1
DAYS >= .50         2               0.1     1.9        0
DAYS >= 1.00        0               0.0     0.0        0
GREATEST
 24 HR. TOTAL    0.86   02/10 TO 02/11              0.50

SNOWFALL (INCHES)
RECORDS
 TOTAL           33.0   1897
TOTALS           12.0               7.9     4.1      4.1
SINCE 7/1        49.6              34.9    14.7     79.3
SNOWDEPTH AVG.      3                                 10
DAYS >= TRACE      11               5.8     5.2        5
DAYS >= 1.0         4               2.7     1.3        1
DAYS >= 5.0         0                                  0
GREATEST
 SNOW DEPTH         7   02/01                         25
 24 HR TOTAL      4.5   02/21 TO 02/21               3.8

DEGREE_DAYS
HEATING TOTAL     837              1008    -171     1073
 SINCE 7/1       4961              5337    -376     5374
COOLING TOTAL       0                 0       0        0
 SINCE 1/1          0                 0       0        0
.................................................................

WIND (MPH)
AVERAGE WIND SPEED              12.1
HIGHEST WIND SPEED/DIRECTION    38/160    DATE  02/17
HIGHEST GUST SPEED/DIRECTION    49/170    DATE  02/21

AVERAGE RH (PERCENT)     70

WEATHER CONDITIONS. NUMBER OF DAYS WITH
THUNDERSTORM              0     MIXED PRECIP               0
HEAVY RAIN                1     RAIN                       2
LIGHT RAIN                8     FREEZING RAIN              0
LT FREEZING RAIN          0     HAIL                       0
HEAVY SNOW                1     SNOW                       1
LIGHT SNOW               11     SLEET                      0
FOG                       9     FOG W/VIS <= 1/4 MILE      0
HAZE                      1

-  INDICATES NEGATIVE NUMBERS.
R  INDICATES RECORD WAS SET OR TIED.
MM INDICATES DATA IS MISSING.
T  INDICATES TRACE AMOUNT.

&&

=====================================================================

...7TH WETTEST FEBRUARY ON RECORD IN ELY...
...TIED 17TH SNOWIEST FEBURARY ON RECORD IN ELY...

$$

DS
