149
CXUS53 KTOP 011414
CLMEMP


CLIMATE REPORT
NATIONAL WEATHER SERVICE TOPEKA KS
913 AM CDT SAT APR 1 2017

...................................

...THE EMPORIA KS CLIMATE SUMMARY FOR THE MONTH OF MARCH 2017...

CLIMATE NORMAL PERIOD 1981 TO 2010
CLIMATE RECORD PERIOD 9999 TO 9999

WEATHER         OBSERVED          NORMAL  DEPART  LAST YEAR`S
                 VALUE   DATE(S)  VALUE   FROM    VALUE
                                          NORMAL
.............................................................
TEMPERATURE (F)
HIGHEST            90   03/19                         80
LOWEST             22   03/14                         23
                        03/03
AVG. MAXIMUM     60.9              57.4     3.5     64.2
AVG. MINIMUM     38.6              33.4     5.2     36.8
MEAN             49.8              45.4     4.4     50.5
DAYS MAX >= 90      1               0.0     1.0        0
DAYS MAX <= 32      1               0.8     0.2        0
DAYS MIN <= 32     11              13.9    -2.9       13
DAYS MIN <= 0       0               0.0     0.0        0

PRECIPITATION (INCHES)
TOTALS           4.19              2.53    1.66     1.60
DAILY AVG.       0.14                               0.05
DAYS >= .01         9                                  8
DAYS >= .10         6                                  4
DAYS >= .50         3                                  1
DAYS >= 1.00        1                                  0
GREATEST
 24 HR. TOTAL    1.53   03/29 TO 03/29              0.77

DEGREE_DAYS
HEATING TOTAL     476               610    -134      443
 SINCE 7/1       3567              4432    -865     3556
COOLING TOTAL      12                 2      10        1
 SINCE 1/1         12                 2      10        1
..............................................................

WIND (MPH)
AVERAGE WIND SPEED              13.6
HIGHEST WIND SPEED/DIRECTION    45/200    DATE  03/06
HIGHEST GUST SPEED/DIRECTION    57/200    DATE  03/06

SKY COVER
POSSIBLE SUNSHINE (PERCENT)   MM
AVERAGE SKY COVER           0.50
NUMBER OF DAYS FAIR           13
NUMBER OF DAYS PC              8
NUMBER OF DAYS CLOUDY         10

AVERAGE RH (PERCENT)     65

WEATHER CONDITIONS. NUMBER OF DAYS WITH
THUNDERSTORM              5     MIXED PRECIP               0
HEAVY RAIN                5     RAIN                       4
LIGHT RAIN               10     FREEZING RAIN              0
LT FREEZING RAIN          0     HEAVY SNOW                 0
SNOW                      0     LIGHT SNOW                 1
FOG                      16     FOG W/VIS <= 1/4 MILE      0
HAZE                      4

-  INDICATES NEGATIVE NUMBERS.
R  INDICATES RECORD WAS SET OR TIED.
MM INDICATES DATA IS MISSING.
T  INDICATES TRACE AMOUNT.

$$
