213
CXUS53 KTOP 011612
CLMEMP


CLIMATE REPORT
NATIONAL WEATHER SERVICE TOPEKA KS
1007 AM CST THU DEC 1 2016

...................................

...THE EMPORIA KS CLIMATE SUMMARY FOR THE MONTH OF NOVEMBER 2016...

CLIMATE NORMAL PERIOD 1981 TO 2010
CLIMATE RECORD PERIOD 9999 TO 9999

WEATHER         OBSERVED          NORMAL  DEPART  LAST YEAR`S
                 VALUE   DATE(S)  VALUE   FROM    VALUE
                                          NORMAL
.............................................................
TEMPERATURE (F)
HIGHEST            82   11/01                         79
LOWEST             23   11/19                         21
AVG. MAXIMUM     64.5              55.9     8.6     60.1
AVG. MINIMUM     38.9              33.3     5.6     36.7
MEAN             51.7              44.6     7.1     48.4
DAYS MAX >= 90      0               0.0     0.0        0
DAYS MAX <= 32      0               0.5    -0.5        2
DAYS MIN <= 32      9              14.2    -5.2       12
DAYS MIN <= 0       0               0.0     0.0        0

PRECIPITATION (INCHES)
TOTALS           0.17              2.16   -1.99     4.09
DAILY AVG.       0.01                               0.14
DAYS >= .01         3                                 10
DAYS >= .10         1                                  5
DAYS >= .50         0                                  2
DAYS >= 1.00        0                                  1
GREATEST
 24 HR. TOTAL    0.13   11/07 TO 11/07              2.67
                        11/07 TO 11/08

DEGREE_DAYS
HEATING TOTAL     404               613    -209      491
 SINCE 7/1        550               940    -390      719
COOLING TOTAL      13                 1      12        0
 SINCE 1/1       1629              1403     226     1490
..............................................................

WIND (MPH)
AVERAGE WIND SPEED              10.3
HIGHEST WIND SPEED/DIRECTION    36/290    DATE  11/18
HIGHEST GUST SPEED/DIRECTION    46/180    DATE  11/27

SKY COVER
POSSIBLE SUNSHINE (PERCENT)   MM
AVERAGE SKY COVER           0.20
NUMBER OF DAYS FAIR           22
NUMBER OF DAYS PC              4
NUMBER OF DAYS CLOUDY          4

AVERAGE RH (PERCENT)     66

WEATHER CONDITIONS. NUMBER OF DAYS WITH
THUNDERSTORM              0     MIXED PRECIP               0
HEAVY RAIN                0     RAIN                       1
LIGHT RAIN                7     FREEZING RAIN              0
LT FREEZING RAIN          0     HEAVY SNOW                 0
SNOW                      0     LIGHT SNOW                 0
FOG                       5     FOG W/VIS <= 1/4 MILE      0
HAZE                      1

-  INDICATES NEGATIVE NUMBERS.
R  INDICATES RECORD WAS SET OR TIED.
MM INDICATES DATA IS MISSING.
T  INDICATES TRACE AMOUNT.

$$
