029
CXUS53 KTOP 011440
CLMEMP


CLIMATE REPORT
NATIONAL WEATHER SERVICE TOPEKA KS
828 AM CST MON FEB 1 2016

...................................

...THE EMPORIA KS CLIMATE SUMMARY FOR THE MONTH OF JANUARY 2016...

CLIMATE NORMAL PERIOD 1981 TO 2010
CLIMATE RECORD PERIOD 9999 TO 9999

WEATHER         OBSERVED          NORMAL  DEPART  LAST YEAR`S
                 VALUE   DATE(S)  VALUE   FROM    VALUE
                                          NORMAL
.............................................................
TEMPERATURE (F)
HIGHEST            71   01/29                         76
LOWEST              8   01/17                         -1
AVG. MAXIMUM     41.6              41.2     0.4     44.5
AVG. MINIMUM     22.6              20.7     1.9     19.7
MEAN             32.1              31.0     1.1     32.1
DAYS MAX >= 90      0               0.0     0.0        0
DAYS MAX <= 32      9               8.6     0.4        7
DAYS MIN <= 32     26              27.5    -1.5       29
DAYS MIN <= 0       0               0.8    -0.8        2

PRECIPITATION (INCHES)
TOTALS           0.46              0.63   -0.17     0.79
DAILY AVG.       0.01                               0.03
DAYS >= .01         5                                  2
DAYS >= .10         1                                  1
DAYS >= .50         0                                  1
DAYS >= 1.00        0                                  0
GREATEST
 24 HR. TOTAL    0.35   01/07 TO 01/08              0.73

DEGREE_DAYS
HEATING TOTAL     916              1055    -139     1009
 SINCE 7/1       2415              2988    -573     2990
COOLING TOTAL       0                 0       0        0
 SINCE 1/1          0                 0       0        0
..............................................................

WIND (MPH)
AVERAGE WIND SPEED              9.8
HIGHEST WIND SPEED/DIRECTION    26/320    DATE  01/25
HIGHEST GUST SPEED/DIRECTION    33/MM     DATE   MM

SKY COVER
POSSIBLE SUNSHINE (PERCENT)   MM
AVERAGE SKY COVER           0.40
NUMBER OF DAYS FAIR           18
NUMBER OF DAYS PC              3
NUMBER OF DAYS CLOUDY         10

AVERAGE RH (PERCENT)     72

WEATHER CONDITIONS. NUMBER OF DAYS WITH
THUNDERSTORM              0     MIXED PRECIP               0
HEAVY RAIN                0     RAIN                       1
LIGHT RAIN                3     FREEZING RAIN              0
LT FREEZING RAIN          3     HEAVY SNOW                 0
SNOW                      0     LIGHT SNOW                 3
FOG                      12     FOG W/VIS <= 1/4 MILE      2
HAZE                      6

-  INDICATES NEGATIVE NUMBERS.
R  INDICATES RECORD WAS SET OR TIED.
MM INDICATES DATA IS MISSING.
T  INDICATES TRACE AMOUNT.

$$
