000
CXUS53 KTOP 011429
CLMEMP


CLIMATE REPORT
NATIONAL WEATHER SERVICE TOPEKA KS
921 AM CDT FRI AUG 1 2014

...................................

...THE EMPORIA KS CLIMATE SUMMARY FOR THE MONTH OF JULY 2014...

CLIMATE NORMAL PERIOD 1981 TO 2010
CLIMATE RECORD PERIOD 9999 TO 9999

WEATHER         OBSERVED          NORMAL  DEPART  LAST YEAR`S
                 VALUE   DATE(S)  VALUE   FROM    VALUE
                                          NORMAL
.............................................................
TEMPERATURE (F)
HIGHEST           101   07/26                        105
                        07/22
LOWEST             49R  07/03                         55
AVG. MAXIMUM     85.9              89.8    -3.9     89.1
AVG. MINIMUM     62.9              68.2    -5.3     65.3
MEAN             74.4              79.0    -4.6     77.2
DAYS MAX >= 90      9              15.7    -6.7       16
DAYS MAX <= 32      0               0.0     0.0        0
DAYS MIN <= 32      0               0.0     0.0        0
DAYS MIN <= 0       0               0.0     0.0        0

PRECIPITATION (INCHES)
TOTALS           1.18              4.27   -3.09     5.20
DAILY AVG.       0.04                               0.17
DAYS >= .01         7                                 14
DAYS >= .10         5                                  8
DAYS >= .50         0                                  3
DAYS >= 1.00        0                                  2
GREATEST
 24 HR. TOTAL    0.31   07/23 TO 07/23              1.76

DEGREE_DAYS
HEATING TOTAL       2                 0       2        2
 SINCE 7/1          2                 0       2        2
COOLING TOTAL     302               434    -132      388
 SINCE 1/1        750               816     -66      803
..............................................................

WIND (MPH)
AVERAGE WIND SPEED              9.0
HIGHEST WIND SPEED/DIRECTION    29/180    DATE  07/25
HIGHEST GUST SPEED/DIRECTION    41/350    DATE  07/07

SKY COVER
POSSIBLE SUNSHINE (PERCENT)   MM
AVERAGE SKY COVER           0.20
NUMBER OF DAYS FAIR           25
NUMBER OF DAYS PC              5
NUMBER OF DAYS CLOUDY          1

AVERAGE RH (PERCENT)     69

WEATHER CONDITIONS. NUMBER OF DAYS WITH
THUNDERSTORM              4     MIXED PRECIP               0
HEAVY RAIN                2     RAIN                       4
LIGHT RAIN               10     FREEZING RAIN              0
LT FREEZING RAIN          0     HEAVY SNOW                 0
SNOW                      0     LIGHT SNOW                 0
FOG                      13     FOG W/VIS <= 1/4 MILE      1
HAZE                      6

-  INDICATES NEGATIVE NUMBERS.
R  INDICATES RECORD WAS SET OR TIED.
MM INDICATES DATA IS MISSING.
T  INDICATES TRACE AMOUNT.

$$
