000
CXUS53 KTOP 011427
CLMEMP


CLIMATE REPORT
NATIONAL WEATHER SERVICE TOPEKA KS
924 AM CDT TUE AUG 1 2017

...................................

...THE EMPORIA KS CLIMATE SUMMARY FOR THE MONTH OF JULY 2017...

CLIMATE NORMAL PERIOD 1981 TO 2010
CLIMATE RECORD PERIOD 9999 TO 9999

WEATHER         OBSERVED          NORMAL  DEPART  LAST YEAR`S
                 VALUE   DATE(S)  VALUE   FROM    VALUE
                                          NORMAL
.............................................................
TEMPERATURE (F)
HIGHEST           103   07/22                        100
LOWEST             57   07/01                         62
AVG. MAXIMUM     91.2              89.8     1.4     89.5
AVG. MINIMUM     67.3              68.2    -0.9     70.1
MEAN             79.2              79.0     0.2     79.8
DAYS MAX >= 90     20              15.7     4.3       17
DAYS MAX <= 32      0               0.0     0.0        0
DAYS MIN <= 32      0               0.0     0.0        0
DAYS MIN <= 0       0               0.0     0.0        0

PRECIPITATION (INCHES)
TOTALS           1.76              4.27   -2.51     4.78
DAILY AVG.       0.06                               0.15
DAYS >= .01         5                                 11
DAYS >= .10         3                                  8
DAYS >= .50         1                                  2
DAYS >= 1.00        1                                  1
GREATEST
 24 HR. TOTAL    1.40   06/30 TO 07/01              2.14

DEGREE_DAYS
HEATING TOTAL       0                 0       0        0
 SINCE 7/1          0                 0       0        0
COOLING TOTAL     432               434      -2      466
 SINCE 1/1        842               816      26      944
..............................................................

WIND (MPH)
AVERAGE WIND SPEED              8.5
HIGHEST WIND SPEED/DIRECTION    24/030    DATE  07/22
HIGHEST GUST SPEED/DIRECTION    31/160    DATE  07/11

SKY COVER
POSSIBLE SUNSHINE (PERCENT)    0
AVERAGE SKY COVER           0.10
NUMBER OF DAYS FAIR           26
NUMBER OF DAYS PC              4
NUMBER OF DAYS CLOUDY          1

AVERAGE RH (PERCENT)     68

WEATHER CONDITIONS. NUMBER OF DAYS WITH
THUNDERSTORM              4     MIXED PRECIP               0
HEAVY RAIN                1     RAIN                       1
LIGHT RAIN                7     FREEZING RAIN              0
LT FREEZING RAIN          0     HEAVY SNOW                 0
SNOW                      0     LIGHT SNOW                 0
FOG                      13     FOG W/VIS <= 1/4 MILE      1
HAZE                      1

-  INDICATES NEGATIVE NUMBERS.
R  INDICATES RECORD WAS SET OR TIED.
MM INDICATES DATA IS MISSING.
T  INDICATES TRACE AMOUNT.

$$
