000
CXUS53 KTOP 011421
CLMEMP


CLIMATE REPORT
NATIONAL WEATHER SERVICE TOPEKA KS
916 AM CDT THU JUN 1 2017

...................................

...THE EMPORIA KS CLIMATE SUMMARY FOR THE MONTH OF MAY 2017...

CLIMATE NORMAL PERIOD 1981 TO 2010
CLIMATE RECORD PERIOD 9999 TO 9999

WEATHER         OBSERVED          NORMAL  DEPART  LAST YEAR`S
                 VALUE   DATE(S)  VALUE   FROM    VALUE
                                          NORMAL
.............................................................
TEMPERATURE (F)
HIGHEST            87   05/15                         86
LOWEST             38   05/01                         39
AVG. MAXIMUM     76.0              76.1    -0.1     73.3
AVG. MINIMUM     53.1              54.8    -1.7     51.7
MEAN             64.5              65.4    -0.9     62.5
DAYS MAX >= 90      0               1.0    -1.0        0
DAYS MAX <= 32      0               0.0     0.0        0
DAYS MIN <= 32      0               0.0     0.0        0
DAYS MIN <= 0       0               0.0     0.0        0

PRECIPITATION (INCHES)
TOTALS           3.28              4.91   -1.63     6.41
DAILY AVG.       0.11                               0.21
DAYS >= .01        10                                 15
DAYS >= .10         8                                 10
DAYS >= .50         2                                  5
DAYS >= 1.00        0                                  1
GREATEST
 24 HR. TOTAL    0.97   05/18 TO 05/18              2.68

DEGREE_DAYS
HEATING TOTAL      94                82      12      124
 SINCE 7/1       3916              4811    -895     3902
COOLING TOTAL      90                96      -6       56
 SINCE 1/1        132               119      13       76
..............................................................

WIND (MPH)
AVERAGE WIND SPEED              10.4
HIGHEST WIND SPEED/DIRECTION    41/200    DATE  05/17
HIGHEST GUST SPEED/DIRECTION    53/190    DATE  05/17

SKY COVER
POSSIBLE SUNSHINE (PERCENT)   MM
AVERAGE SKY COVER           0.30
NUMBER OF DAYS FAIR           21
NUMBER OF DAYS PC              7
NUMBER OF DAYS CLOUDY          3

AVERAGE RH (PERCENT)     71

WEATHER CONDITIONS. NUMBER OF DAYS WITH
THUNDERSTORM              9     MIXED PRECIP               0
HEAVY RAIN                4     RAIN                       5
LIGHT RAIN               14     FREEZING RAIN              0
LT FREEZING RAIN          0     HEAVY SNOW                 0
SNOW                      0     LIGHT SNOW                 0
FOG                      14     FOG W/VIS <= 1/4 MILE      1
HAZE                      1

-  INDICATES NEGATIVE NUMBERS.
R  INDICATES RECORD WAS SET OR TIED.
MM INDICATES DATA IS MISSING.
T  INDICATES TRACE AMOUNT.

$$
