000
CXUS53 KTOP 011420
CLMEMP


CLIMATE REPORT
NATIONAL WEATHER SERVICE TOPEKA KS
819 AM CST SUN FEB 1 2015

...................................

...THE EMPORIA KS CLIMATE SUMMARY FOR THE MONTH OF JANUARY 2015...

CLIMATE NORMAL PERIOD 1981 TO 2010
CLIMATE RECORD PERIOD 9999 TO 9999

WEATHER         OBSERVED          NORMAL  DEPART  LAST YEAR`S
                 VALUE   DATE(S)  VALUE   FROM    VALUE
                                          NORMAL
.............................................................
TEMPERATURE (F)
HIGHEST            76   01/28                         64
LOWEST                  01/08                        -13
                        01/07
AVG. MAXIMUM     44.5              41.2     3.3     40.4
AVG. MINIMUM     19.7              20.7    -1.0     15.8
MEAN             32.1              31.0     1.1     28.1
DAYS MAX >= 90      0               0.0     0.0        0
DAYS MAX <= 32      7               8.6    -1.6        8
DAYS MIN <= 32     29              27.5     1.5       30
DAYS MIN <= 0       2               0.8     1.2        4

PRECIPITATION (INCHES)
TOTALS           0.79              0.63    0.16     0.20
DAILY AVG.       0.03                               0.01
DAYS >= .01         2                                  5
DAYS >= .10         1                                  0
DAYS >= .50         1                                  0
DAYS >= 1.00        0                                  0
GREATEST
 24 HR. TOTAL    0.73   01/31 TO 01/31              0.08

DEGREE_DAYS
HEATING TOTAL    1009              1055     -46     1135
 SINCE 7/1       2990              2988       2     3271
COOLING TOTAL       0                 0       0        0
 SINCE 1/1          0                 0       0        0
..............................................................

WIND (MPH)
AVERAGE WIND SPEED              10.1
HIGHEST WIND SPEED/DIRECTION    33/330    DATE  01/25
HIGHEST GUST SPEED/DIRECTION    43/330    DATE  01/25

SKY COVER
POSSIBLE SUNSHINE (PERCENT)   MM
AVERAGE SKY COVER           0.30
NUMBER OF DAYS FAIR           22
NUMBER OF DAYS PC              6
NUMBER OF DAYS CLOUDY          3

AVERAGE RH (PERCENT)     63

WEATHER CONDITIONS. NUMBER OF DAYS WITH
THUNDERSTORM              0     MIXED PRECIP               0
HEAVY RAIN                0     RAIN                       0
LIGHT RAIN                4     FREEZING RAIN              0
LT FREEZING RAIN          0     HEAVY SNOW                 0
SNOW                      0     LIGHT SNOW                 3
FOG                       8     FOG W/VIS <= 1/4 MILE      1
HAZE                      3

-  INDICATES NEGATIVE NUMBERS.
R  INDICATES RECORD WAS SET OR TIED.
MM INDICATES DATA IS MISSING.
T  INDICATES TRACE AMOUNT.

$$
