000
CXUS53 KTOP 011439
CLMEMP


CLIMATE REPORT
NATIONAL WEATHER SERVICE TOPEKA KS
827 AM CST WED FEB 1 2017

...................................

...THE EMPORIA KS CLIMATE SUMMARY FOR THE MONTH OF JANUARY 2017...

CLIMATE NORMAL PERIOD 1981 TO 2010
CLIMATE RECORD PERIOD 9999 TO 9999

WEATHER         OBSERVED          NORMAL  DEPART  LAST YEAR`S
                 VALUE   DATE(S)  VALUE   FROM    VALUE
                                          NORMAL
.............................................................
TEMPERATURE (F)
HIGHEST            70   01/30                         71
LOWEST              0   01/06                          8
AVG. MAXIMUM     46.1              41.2     4.9     41.6
AVG. MINIMUM     23.6              20.7     2.9     22.6
MEAN             34.9              31.0     3.9     32.1
DAYS MAX >= 90      0               0.0     0.0        0
DAYS MAX <= 32      6               8.6    -2.6        9
DAYS MIN <= 32     28              27.5     0.5       26
DAYS MIN <= 0       1               0.8     0.2        0

PRECIPITATION (INCHES)
TOTALS           1.05              0.63    0.42     0.46
DAILY AVG.       0.04                               0.01
DAYS >= .01         6                                  5
DAYS >= .10         2                                  1
DAYS >= .50         1                                  0
DAYS >= 1.00        0                                  0
GREATEST
 24 HR. TOTAL    0.83   01/15 TO 01/16              0.35

DEGREE_DAYS
HEATING TOTAL     926              1055    -129      916
 SINCE 7/1       2522              2988    -466     2415
COOLING TOTAL       0                 0       0        0
 SINCE 1/1          0                 0       0        0
..............................................................

WIND (MPH)
AVERAGE WIND SPEED              10.4
HIGHEST WIND SPEED/DIRECTION    33/190    DATE  01/10
HIGHEST GUST SPEED/DIRECTION    42/190    DATE  01/10

SKY COVER
POSSIBLE SUNSHINE (PERCENT)   MM
AVERAGE SKY COVER           0.40
NUMBER OF DAYS FAIR           15
NUMBER OF DAYS PC             10
NUMBER OF DAYS CLOUDY          6

AVERAGE RH (PERCENT)     69

WEATHER CONDITIONS. NUMBER OF DAYS WITH
THUNDERSTORM              0     MIXED PRECIP               0
HEAVY RAIN                1     RAIN                       2
LIGHT RAIN                7     FREEZING RAIN              1
LT FREEZING RAIN          2     HEAVY SNOW                 1
SNOW                      1     LIGHT SNOW                 2
FOG                      19     FOG W/VIS <= 1/4 MILE      6
HAZE                      4

-  INDICATES NEGATIVE NUMBERS.
R  INDICATES RECORD WAS SET OR TIED.
MM INDICATES DATA IS MISSING.
T  INDICATES TRACE AMOUNT.

$$
