000
CXUS56 KOTX 010837
CLMEPH


CLIMATE REPORT
NATIONAL WEATHER SERVICE SPOKANE, WA
134 AM PDT SAT APR 1 2017

...................................

...THE EPHRATA WA AIRPORT CLIMATE SUMMARY FOR THE MONTH OF MARCH 2017...

CLIMATE NORMAL PERIOD 1981 TO 2010
CLIMATE RECORD PERIOD 9999 TO 9999

WEATHER         OBSERVED          NORMAL  DEPART  LAST YEAR`S
                 VALUE   DATE(S)  VALUE   FROM    VALUE  DATE(S)
                                          NORMAL
................................................................
TEMPERATURE (F)
RECORD
 HIGH              75   03/25/1960
 LOW                2   03/04/1955
HIGHEST            63   03/15        MM      MM       72  03/31
                        03/14
                        03/10
LOWEST             24   03/07        MM      MM       26  03/08
AVG. MAXIMUM     52.4              53.9    -1.5     56.7
AVG. MINIMUM     33.1              32.0     1.1     33.9
MEAN             42.7              43.0    -0.3     45.3
DAYS MAX >= 90      0               0.0     0.0        0
DAYS MAX <= 32      0               0.2    -0.2        0
DAYS MIN <= 32     16              15.6     0.4       15
DAYS MIN <= 0       0               0.0     0.0        0

PRECIPITATION (INCHES)
RECORD
 MAXIMUM         2.05   1957
 MINIMUM            T   1973
TOTALS           1.12              0.68    0.44     1.60
DAILY AVG.       0.04              0.02    0.02     0.05
DAYS >= .01        11               6.8     4.2       12
DAYS >= .10         4               2.4     1.6        6
DAYS >= .50         0               0.1    -0.1        0
DAYS >= 1.00        0               0.0     0.0        0
GREATEST
 24 HR. TOTAL    0.30   03/24 TO 03/24           03/05 TO 03/06
                                                          03/06 TO 03/06
                                                          03/06 TO 03/06

SNOWFALL (INCHES)
RECORDS
 TOTAL            5.8   MM
 SNOW DEPTH        MM
TOTALS             MM               0.8      MM       MM
SINCE 7/1         0.0              18.9   -18.9       MM
SNOWDEPTH AVG.     MM                MM      MM
DAYS >= 1.0        MM               0.3      MM        0
GREATEST
 SNOW DEPTH        MM                                 MM  MM
 24 HR TOTAL      0.0   03/27 TO 03/27                MM

DEGREE_DAYS
HEATING TOTAL     682               684      -2      601
 SINCE 7/1       5460              5257     203     4554
COOLING TOTAL       0                 0       0        0
 SINCE 1/1          0                 0       0        0
.......................................................

WIND (MPH)
AVERAGE WIND SPEED              7.9
HIGHEST WIND SPEED/DIRECTION    30/260    DATE  03/18
HIGHEST GUST SPEED/DIRECTION    35/280    DATE  03/18

SKY COVER
POSSIBLE SUNSHINE (PERCENT)   MM
AVERAGE SKY COVER           0.40
NUMBER OF DAYS FAIR           13
NUMBER OF DAYS PC             12
NUMBER OF DAYS CLOUDY          6

AVERAGE RH (PERCENT)     61

WEATHER CONDITIONS. NUMBER OF DAYS WITH
THUNDERSTORM              0     MIXED PRECIP               0
HEAVY RAIN                0     RAIN                       1
LIGHT RAIN               15     FREEZING RAIN              0
LT FREEZING RAIN          0     HAIL                       0
HEAVY SNOW                0     SNOW                       0
LIGHT SNOW                2     SLEET                      0
FOG                      12     FOG W/VIS <= 1/4 MILE      7
HAZE                      9

-  INDICATES NEGATIVE NUMBERS.
R  INDICATES RECORD WAS SET OR TIED.
MM INDICATES DATA IS MISSING.
T  INDICATES TRACE AMOUNT.

$$
