000
CXUS56 KOTX 012318 CCA
CLMEPH

CLIMATE REPORT
NATIONAL WEATHER SERVICE SPOKANE, WA
451 AM PDT TUE AUG 1 2017

...................................

...THE EPHRATA WA AIRPORT CLIMATE SUMMARY FOR THE MONTH OF JULY 2017...

CLIMATE NORMAL PERIOD 1981 TO 2010
CLIMATE RECORD PERIOD 9999 TO 9999

WEATHER         OBSERVED          NORMAL  DEPART  LAST YEAR`S
                 VALUE   DATE(S)  VALUE   FROM    VALUE  DATE(S)
                                          NORMAL
................................................................
TEMPERATURE (F)
RECORD
 HIGH             109   07/18/1960
 LOW               40   07/08/1981
HIGHEST           103   07/07        MM      MM      101  07/29
LOWEST             55   07/28        MM      MM       53  07/19
                                                          07/11
AVG. MAXIMUM     92.4              88.2     4.2     85.7
AVG. MINIMUM     61.1              60.2     0.9     60.0
MEAN             76.7              74.2     2.5     72.9
DAYS MAX >= 90     25              13.8    11.2        9
DAYS MAX <= 32      0               0.0     0.0        0
DAYS MIN <= 32      0               0.0     0.0        0
DAYS MIN <= 0       0               0.0     0.0        0

PRECIPITATION (INCHES)
RECORD
 MAXIMUM         1.93   1998
 MINIMUM            T   2014
                        2013
                        2009
TOTALS           0.00R             0.40   -0.40     0.32
DAILY AVG.       0.00              0.01   -0.01     0.01
DAYS >= .01         0               2.5    -2.5        7
DAYS >= .10         0               0.9    -0.9        0
DAYS >= .50         0               0.2    -0.2        0
DAYS >= 1.00        0               0.1    -0.1        0
GREATEST
 24 HR. TOTAL    0.00   07/31 TO 07/31           07/18 TO 07/18

DEGREE_DAYS
HEATING TOTAL       0                 8      -8        0
 SINCE 7/1          0                 8      -8        0
COOLING TOTAL     371               293      78      252
 SINCE 1/1        584               440     144      459
.........................................................

WIND (MPH)
AVERAGE WIND SPEED              8.4
HIGHEST WIND SPEED/DIRECTION    31/310    DATE  07/02
HIGHEST GUST SPEED/DIRECTION    38/310    DATE  07/02

SKY COVER
POSSIBLE SUNSHINE (PERCENT)   MM
AVERAGE SKY COVER           0.00
NUMBER OF DAYS FAIR           31
NUMBER OF DAYS PC              0
NUMBER OF DAYS CLOUDY          0

AVERAGE RH (PERCENT)     29

WEATHER CONDITIONS. NUMBER OF DAYS WITH
THUNDERSTORM              0     MIXED PRECIP               0
HEAVY RAIN                0     RAIN                       0
LIGHT RAIN                0     FREEZING RAIN              0
LT FREEZING RAIN          0     HAIL                       0
HEAVY SNOW                0     SNOW                       0
LIGHT SNOW                0     SLEET                      0
FOG                       0     FOG W/VIS <= 1/4 MILE      0
HAZE                      1

-  INDICATES NEGATIVE NUMBERS.
R  INDICATES RECORD WAS SET OR TIED.
MM INDICATES DATA IS MISSING.
T  INDICATES TRACE AMOUNT.

$$
