000
CXUS56 KOTX 011149
CLMEPH


CLIMATE REPORT
NATIONAL WEATHER SERVICE SPOKANE, WA
331 AM PST MON DEC 1 2014

...................................

...THE EPHRATA WA AIRPORT CLIMATE SUMMARY FOR THE MONTH OF NOVEMBER 2014...

CLIMATE NORMAL PERIOD 1981 TO 2010
CLIMATE RECORD PERIOD 9999 TO 9999

WEATHER         OBSERVED          NORMAL  DEPART  LAST YEAR`S
                 VALUE   DATE(S)  VALUE   FROM    VALUE  DATE(S)
                                          NORMAL
................................................................
TEMPERATURE (F)
RECORD
 HIGH              72   11/09/1989
 LOW              -15   11/23/1985
HIGHEST            64   11/04        MM      MM       59  11/19
                                                          11/02
                                                          11/01
LOWEST             10   11/18        MM      MM       16  11/24
                                                          11/22
AVG. MAXIMUM     46.2              45.1     1.1     45.0
AVG. MINIMUM     28.0              29.0    -1.0     29.3
MEAN             37.1              37.0     0.1     37.2
DAYS MAX >= 90      0               0.0     0.0        0
DAYS MAX <= 32      1               2.3    -1.3        2
DAYS MIN <= 32     19              19.4    -0.4       17
DAYS MIN <= 0       0               0.2    -0.2        0

PRECIPITATION (INCHES)
RECORD
 MAXIMUM         3.63   1983
 MINIMUM            T   2004
TOTALS           0.90              1.06   -0.16     0.59
DAILY AVG.       0.03              0.04   -0.01     0.02
DAYS >= .01         6               8.7    -2.7        8
DAYS >= .10         3               3.5    -0.5        2
DAYS >= .50         0               0.3    -0.3        0
DAYS >= 1.00        0               0.0     0.0        0
GREATEST
 24 HR. TOTAL    0.44   11/21 TO 11/21

SNOWFALL (INCHES)
RECORDS
 TOTAL             MM   MM
TOTALS             MM                MM      MM       MM
SINCE 7/1          MM                MM      MM       MM
SNOWDEPTH AVG.     MM                MM      MM       MM
DAYS >= 1.0        MM                MM      MM       MM
GREATEST
 SNOW DEPTH        MM                                 MM  MM
 24 HR TOTAL       MM                                 MM

DEGREE_DAYS
HEATING TOTAL     830               838      -8      801
 SINCE 7/1       1147              1419    -272     1369
COOLING TOTAL       0                 0       0        0
 SINCE 1/1       1137               772     365     1084
...................................................

WIND (MPH)
AVERAGE WIND SPEED              7.2
HIGHEST WIND SPEED/DIRECTION    39/220    DATE  11/28
HIGHEST GUST SPEED/DIRECTION    47/220    DATE  11/28

SKY COVER
POSSIBLE SUNSHINE (PERCENT)   MM
AVERAGE SKY COVER           0.30
NUMBER OF DAYS FAIR           18
NUMBER OF DAYS PC              9
NUMBER OF DAYS CLOUDY          3

AVERAGE RH (PERCENT)     68

WEATHER CONDITIONS. NUMBER OF DAYS WITH
THUNDERSTORM              0     MIXED PRECIP               0
HEAVY RAIN                0     RAIN                       3
LIGHT RAIN                8     FREEZING RAIN              1
LT FREEZING RAIN          1     HAIL                       0
HEAVY SNOW                0     SNOW                       0
LIGHT SNOW                1     SLEET                      0
FOG                      15     FOG W/VIS <= 1/4 MILE      4
HAZE                      5

-  INDICATES NEGATIVE NUMBERS.
R  INDICATES RECORD WAS SET OR TIED.
MM INDICATES DATA IS MISSING.
T  INDICATES TRACE AMOUNT.

$$
