000
CXUS56 KOTX 011134
CLMEPH


CLIMATE REPORT
NATIONAL WEATHER SERVICE SPOKANE, WA
418 AM PDT FRI MAY 1 2015

...................................

...THE EPHRATA WA AIRPORT CLIMATE SUMMARY FOR THE MONTH OF APRIL 2015...

CLIMATE NORMAL PERIOD 1981 TO 2010
CLIMATE RECORD PERIOD 9999 TO 9999

WEATHER         OBSERVED          NORMAL  DEPART  LAST YEAR`S
                 VALUE   DATE(S)  VALUE   FROM    VALUE  DATE(S)
                                          NORMAL
................................................................
TEMPERATURE (F)
RECORD
 HIGH              94   04/24/1977
 LOW               21   04/19/2008
HIGHEST            80   04/28        MM      MM       79  04/30
LOWEST             26   04/12        MM      MM       30  04/14
AVG. MAXIMUM     64.4              62.9     1.5     64.8
AVG. MINIMUM     38.1              37.9     0.2     39.4
MEAN             51.2              50.4     0.8     52.1
DAYS MAX >= 90      0               0.0     0.0        0
DAYS MAX <= 32      0               0.0     0.0        0
DAYS MIN <= 32      5               5.8    -0.8        2
DAYS MIN <= 0       0               0.0     0.0        0

PRECIPITATION (INCHES)
RECORD
 MAXIMUM         1.43   1967
 MINIMUM            T   1985
TOTALS           0.57              0.48    0.09     0.95
DAILY AVG.       0.02              0.02    0.00     0.03
DAYS >= .01         2               5.3    -3.3        7
DAYS >= .10         1               1.6    -0.6        3
DAYS >= .50         1               0.0     1.0        0
DAYS >= 1.00        0               0.0     0.0        0
GREATEST
 24 HR. TOTAL    0.50   04/06 TO 04/06           04/21 TO 04/22
                        04/05 TO 04/06                    04/22 TO 04/22
                        04/06 TO 04/06                    04/22 TO 04/22

DEGREE_DAYS
HEATING TOTAL     405               440     -35      379
 SINCE 7/1       4603              5697   -1094     5623
COOLING TOTAL       0                 2      -2        0
 SINCE 1/1          0                 2      -2        0
...................................................

WIND (MPH)
AVERAGE WIND SPEED              9.1
HIGHEST WIND SPEED/DIRECTION    33/300    DATE  04/22
HIGHEST GUST SPEED/DIRECTION    42/300    DATE  04/14

SKY COVER
POSSIBLE SUNSHINE (PERCENT)   MM
AVERAGE SKY COVER           0.20
NUMBER OF DAYS FAIR           25
NUMBER OF DAYS PC              5
NUMBER OF DAYS CLOUDY          0

AVERAGE RH (PERCENT)     47

WEATHER CONDITIONS. NUMBER OF DAYS WITH
THUNDERSTORM              0     MIXED PRECIP               0
HEAVY RAIN                0     RAIN                       1
LIGHT RAIN                3     FREEZING RAIN              0
LT FREEZING RAIN          0     HAIL                       0
HEAVY SNOW                0     SNOW                       0
LIGHT SNOW                0     SLEET                      0
FOG                       1     FOG W/VIS <= 1/4 MILE      0
HAZE                      1

-  INDICATES NEGATIVE NUMBERS.
R  INDICATES RECORD WAS SET OR TIED.
MM INDICATES DATA IS MISSING.
T  INDICATES TRACE AMOUNT.

$$
