000
CXUS56 KOTX 010948 CCA
CLMEPH

CLIMATE REPORT
NATIONAL WEATHER SERVICE SPOKANE, WA
135 AM PDT FRI JUL 1 2016

...................................

...THE EPHRATA WA AIRPORT CLIMATE SUMMARY FOR THE MONTH OF JUNE 2016...

CLIMATE NORMAL PERIOD 1981 TO 2010
CLIMATE RECORD PERIOD 9999 TO 9999

WEATHER         OBSERVED          NORMAL  DEPART  LAST YEAR`S
                 VALUE   DATE(S)  VALUE   FROM    VALUE  DATE(S)
                                          NORMAL
................................................................
TEMPERATURE (F)
RECORD
 HIGH             110   06/28/2015
 LOW               33   06/28/1976
HIGHEST           101   06/06        MM      MM      110  06/28
                        06/05
LOWEST             37   06/15        MM      MM       48  06/03
AVG. MAXIMUM     82.1              79.7     2.4     90.8
AVG. MINIMUM     54.4              53.6     0.8     63.3
MEAN             68.2              66.6     1.6     77.1
DAYS MAX >= 90      8               3.3     4.7       16
DAYS MAX <= 32      0               0.0     0.0        0
DAYS MIN <= 32      0               0.0     0.0        0
DAYS MIN <= 0       0               0.0     0.0        0

PRECIPITATION (INCHES)
RECORD
 MAXIMUM         1.90   1984
 MINIMUM            T   2015
                        2003
TOTALS           1.27              0.61    0.66        T
DAILY AVG.       0.04              0.02    0.02        T
DAYS >= .01         6               4.7     1.3        0
DAYS >= .10         4               2.0     2.0        0
DAYS >= .50         0               0.2    -0.2        0
DAYS >= 1.00        0               0.0     0.0        0
GREATEST
 24 HR. TOTAL    0.48   06/09 TO 06/10           06/29 TO 06/29

DEGREE_DAYS
HEATING TOTAL      70                60      10        4
 SINCE 7/1       4932              5969   -1037     4682
COOLING TOTAL     175               110      65      373
 SINCE 1/1        207               147      60      458
..........................................................

WIND (MPH)
AVERAGE WIND SPEED              8.8
HIGHEST WIND SPEED/DIRECTION    30/200    DATE  06/13
HIGHEST GUST SPEED/DIRECTION    39/240    DATE  06/23

SKY COVER
POSSIBLE SUNSHINE (PERCENT)    0
AVERAGE SKY COVER           0.10
NUMBER OF DAYS FAIR           27
NUMBER OF DAYS PC              3
NUMBER OF DAYS CLOUDY          0

AVERAGE RH (PERCENT)     42

WEATHER CONDITIONS. NUMBER OF DAYS WITH
THUNDERSTORM              2     MIXED PRECIP               0
HEAVY RAIN                2     RAIN                       2
LIGHT RAIN                7     FREEZING RAIN              0
LT FREEZING RAIN          0     HAIL                       0
HEAVY SNOW                0     SNOW                       0
LIGHT SNOW                0     SLEET                      0
FOG                       3     FOG W/VIS <= 1/4 MILE      0
HAZE                      1

-  INDICATES NEGATIVE NUMBERS.
R  INDICATES RECORD WAS SET OR TIED.
MM INDICATES DATA IS MISSING.
T  INDICATES TRACE AMOUNT.

$$
