000
CXUS56 KOTX 011425
CLMEPH


CLIMATE REPORT
NATIONAL WEATHER SERVICE SPOKANE, WA
625 AM PST WED MAR 1 2017

...................................

...THE EPHRATA WA AIRPORT CLIMATE SUMMARY FOR THE MONTH OF FEBRUARY 2017...

CLIMATE NORMAL PERIOD 1981 TO 2010
CLIMATE RECORD PERIOD 9999 TO 9999

WEATHER         OBSERVED          NORMAL  DEPART  LAST YEAR`S
                 VALUE   DATE(S)  VALUE   FROM    VALUE  DATE(S)
                                          NORMAL
................................................................
TEMPERATURE (F)
RECORD
 HIGH              65   02/16/1977
 LOW              -24   02/01/1950
HIGHEST            42   02/23        MM      MM       63  02/27
LOWEST              2   02/07        MM      MM       20  02/02
AVG. MAXIMUM     34.6              42.5    -7.9     48.8
AVG. MINIMUM     21.8              25.7    -3.9     30.5
MEAN             28.2              34.1    -5.9     39.7
DAYS MAX >= 90      0               0.0     0.0        0
DAYS MAX <= 32     10               3.3     6.7        0
DAYS MIN <= 32     26              22.0     4.0       19
DAYS MIN <= 0       0               0.5    -0.5        0

PRECIPITATION (INCHES)
RECORD
 MAXIMUM         1.76   1983
 MINIMUM            T   1988
TOTALS           1.31              0.74    0.57     0.38
DAILY AVG.       0.05              0.03    0.02     0.01
DAYS >= .01        12               6.4     5.6        5
DAYS >= .10         4               2.6     1.4        1
DAYS >= .50         1               0.1     0.9        0
DAYS >= 1.00        0               0.0     0.0        0
GREATEST
 24 HR. TOTAL    0.60   02/15 TO 02/15           02/19 TO 02/19
                                                          02/19 TO 02/19
                                                          02/19 TO 02/19

SNOWFALL (INCHES)
RECORDS
 TOTAL           13.7   MM
 SNOW DEPTH        MM
TOTALS            0.0               3.1    -3.1       MM
SINCE 7/1         0.0              18.1   -18.1       MM
SNOWDEPTH AVG.      0                 3      -3
DAYS >= 1.0         0               1.2    -1.2        0
GREATEST
 SNOW DEPTH         0   MM                            MM  MM
 24 HR TOTAL      0.0   02/01 TO 02/01                MM

DEGREE_DAYS
HEATING TOTAL    1024               865     159      727
 SINCE 7/1       4778              4573     205     3953
COOLING TOTAL       0                 0       0        0
 SINCE 1/1          0                 0       0        0
..........................................................

WIND (MPH)
AVERAGE WIND SPEED              7.4
HIGHEST WIND SPEED/DIRECTION    28/340    DATE  02/07
HIGHEST GUST SPEED/DIRECTION    32/330    DATE  02/07

SKY COVER
POSSIBLE SUNSHINE (PERCENT)   MM
AVERAGE SKY COVER           0.50
NUMBER OF DAYS FAIR           12
NUMBER OF DAYS PC              5
NUMBER OF DAYS CLOUDY         11

AVERAGE RH (PERCENT)     71

WEATHER CONDITIONS. NUMBER OF DAYS WITH
THUNDERSTORM              0     MIXED PRECIP               0
HEAVY RAIN                0     RAIN                       1
LIGHT RAIN                6     FREEZING RAIN              0
LT FREEZING RAIN          3     HAIL                       0
HEAVY SNOW                3     SNOW                       3
LIGHT SNOW                7     SLEET                      0
FOG                      12     FOG W/VIS <= 1/4 MILE     12
HAZE                     15

-  INDICATES NEGATIVE NUMBERS.
R  INDICATES RECORD WAS SET OR TIED.
MM INDICATES DATA IS MISSING.
T  INDICATES TRACE AMOUNT.

$$
