000
CXUS51 KCLE 011415
CLMERI


CLIMATE REPORT
NATIONAL WEATHER SERVICE CLEVELAND OH
1011 AM EDT TUE SEP 1 2015

...................................

...THE ERIE PA CLIMATE SUMMARY FOR THE MONTH OF AUGUST 2015...

CLIMATE NORMAL PERIOD 1981 TO 2010
CLIMATE RECORD PERIOD 1873 TO 2015

WEATHER         OBSERVED          NORMAL  DEPART  LAST YEAR`S
                 VALUE   DATE(S)  VALUE   FROM    VALUE
                                          NORMAL
.............................................................
TEMPERATURE (F)
RECORD
 HIGH              96   08/06/1918
 LOW               37   08/29/1982
HIGHEST            92   08/19
LOWEST             53   08/13
AVG. MAXIMUM     79.2              78.6     0.6     78.1
AVG. MINIMUM     62.6              62.5     0.1     61.5
MEAN             70.9              70.5     0.4     69.8
DAYS MAX >= 90      1               0.6     0.4        1
DAYS MAX <= 32      0               0.0     0.0        0
DAYS MIN <= 32      0               0.0     0.0        0
DAYS MIN <= 0       0               0.0     0.0        0

PRECIPITATION (INCHES)
RECORD
 MAXIMUM        11.06   1977
 MINIMUM         0.29   1929
TOTALS           1.45              3.47   -2.02     3.32
DAYS >= .01         9              10.3    -1.3       10
DAYS >= .10         6               6.1    -0.1        6
DAYS >= .50         0               2.1    -2.1        3
DAYS >= 1.00        0               0.9    -0.9        0
GREATEST
 24 HR. TOTAL    1.30   08/25 TO 08/26              0.95

SNOWFALL (INCHES)
RECORDS
 TOTAL            0.0               MM
TOTALS            0.0               0.0     0.0      0.0
SINCE 7/1         0.0               0.0     0.0      0.0
DAYS >= 1.0         0               0.0     0.0        0
GREATEST
 24 HR TOTAL      0.0   08/31 TO 08/31

DEGREE_DAYS
HEATING TOTAL       6                11      -5       13
 SINCE 7/1         18                18       0       18
COOLING TOTAL     195               183      12      167
 SINCE 1/1        606               558      48      516
..............................................................

WIND (MPH)
AVERAGE WIND SPEED              7.6
HIGHEST WIND SPEED/DIRECTION    29/200    DATE  08/02
HIGHEST GUST SPEED/DIRECTION    40/200    DATE  08/02

SKY COVER
AVERAGE SKY COVER           0.30

AVERAGE RH (PERCENT)     65

WEATHER CONDITIONS. NUMBER OF DAYS WITH
THUNDERSTORM              0     MIXED PRECIP               0
HEAVY RAIN                2     RAIN                       5
LIGHT RAIN               11     FREEZING RAIN              0
LT FREEZING RAIN          0     HAIL                       0
HEAVY SNOW                0     SNOW                       0
LIGHT SNOW                0     SLEET                      0
FOG                       9     FOG W/VIS <= 1/4 MILE      0
HAZE                      4

-  INDICATES NEGATIVE NUMBERS.
R  INDICATES RECORD WAS SET OR TIED.
MM INDICATES DATA IS MISSING.
T  INDICATES TRACE AMOUNT.

$$
