000
CXUS51 KCLE 031853
CLMERI


CLIMATE REPORT...CORRECTED
NATIONAL WEATHER SERVICE CLEVELAND OH
249 PM EDT FRI JUL 3 2015

...................................

...THE ERIE PA CLIMATE SUMMARY FOR THE MONTH OF JUNE 2015...

CLIMATE NORMAL PERIOD 1981 TO 2010
CLIMATE RECORD PERIOD 1873 TO 2015

WEATHER         OBSERVED          NORMAL  DEPART  LAST YEAR`S
                 VALUE   DATE(S)  VALUE   FROM    VALUE
                                          NORMAL
.............................................................
TEMPERATURE (F)
RECORD
 HIGH             100   06/25/1988
 LOW               32   06/11/1972
HIGHEST            90   06/12
LOWEST             46   06/01
AVG. MAXIMUM     75.0              75.7    -0.7     77.8
AVG. MINIMUM     58.7              58.4     0.3     60.5
MEAN             66.9              67.1    -0.2     69.2
DAYS MAX >= 90      1               0.5     0.5        1
DAYS MAX <= 32      0               0.0     0.0        0
DAYS MIN <= 32      0               0.0     0.0        0
DAYS MIN <= 0       0               0.0     0.0        0

PRECIPITATION (INCHES)
RECORD
 MAXIMUM         8.35   1996
 MINIMUM         0.75   1991
TOTALS           5.28              3.76    1.52     4.99
DAYS >= .01        15              11.1     3.9       14
DAYS >= .10        10               7.2     2.8       10
DAYS >= .50         4               2.0     2.0        4
DAYS >= 1.00        2               0.9     1.1        1
GREATEST
 24 HR. TOTAL    1.22   06/27 TO 06/28              1.06

SNOWFALL (INCHES)
RECORDS
 TOTAL             MM   MM
TOTALS            0.0               0.0     0.0      0.0
SINCE 7/1       110.3             100.9     9.4    138.4
DAYS >= 1.0         0               0.0     0.0        0
GREATEST
 24 HR TOTAL      0.0   06/30 TO 06/30

DEGREE_DAYS
HEATING TOTAL      37                61     -24       30
 SINCE 7/1       6651              6147     504     6757
COOLING TOTAL     100               123     -23      165
 SINCE 1/1        212               162      50      204
..............................................................

WIND (MPH)
AVERAGE WIND SPEED              8.6
HIGHEST WIND SPEED/DIRECTION    33/250    DATE  06/12
HIGHEST GUST SPEED/DIRECTION    47/270    DATE  06/12

SKY COVER
AVERAGE SKY COVER           0.40

AVERAGE RH (PERCENT)     71

WEATHER CONDITIONS. NUMBER OF DAYS WITH
THUNDERSTORM              0     MIXED PRECIP               0
HEAVY RAIN                7     RAIN                       9
LIGHT RAIN               17     FREEZING RAIN              0
LT FREEZING RAIN          0     HAIL                       0
HEAVY SNOW                0     SNOW                       0
LIGHT SNOW                0     SLEET                      0
FOG                      18     FOG W/VIS <= 1/4 MILE      0
HAZE                     14

-  INDICATES NEGATIVE NUMBERS.
R  INDICATES RECORD WAS SET OR TIED.
MM INDICATES DATA IS MISSING.
T  INDICATES TRACE AMOUNT.

$$
