000
CXUS56 KPQR 011532
CLMEUG


CLIMATE REPORT
NATIONAL WEATHER SERVICE PORTLAND OREGON
831 AM PDT THU SEP 1 2016

...................................

...THE EUGENE OR CLIMATE SUMMARY FOR THE MONTH OF AUGUST 2016...

CLIMATE NORMAL PERIOD 1981 TO 2010
CLIMATE RECORD PERIOD 1892 TO 2016

WEATHER         OBSERVED          NORMAL  DEPART  LAST YEAR`S
                 VALUE   DATE(S)  VALUE   FROM    VALUE  DATE(S)
                                          NORMAL
................................................................
TEMPERATURE (F)
HIGHEST           104                                100  08/01
LOWEST             42                                 45  08/25
AVG. MAXIMUM     87.5              82.8     4.7     85.8
AVG. MINIMUM     51.4              51.1     0.3     53.9
MEAN             69.5              66.9     2.6     69.9
DAYS MAX >= 90     13               5.6     7.4        6
DAYS MAX <= 32      0               0.0     0.0        0
DAYS MIN <= 32      0               0.0     0.0        0
DAYS MIN <= 0       0               0.0     0.0        0

PRECIPITATION (INCHES)
RECORD
 MAXIMUM         5.79   1968
 MINIMUM         0.00   2006
                        1967
                        1931
TOTALS              T              0.61   -0.61     0.23
DAYS >= .01         0               3.2    -3.2        2
DAYS >= .10         0               1.4    -1.4        2
DAYS >= .50         0               0.3    -0.3        0
DAYS >= 1.00        0               0.1    -0.1        0
GREATEST
 24 HR. TOTAL       T   08/08 TO 08/08
                        08/07 TO 08/08
                        08/08 TO 08/08

DEGREE_DAYS
HEATING TOTAL      13                31     -18        2
 SINCE 7/1         23                67     -44        7
COOLING TOTAL     160                91      69      161
 SINCE 1/1        313               208     105      492
.................................................................

WIND (MPH)
AVERAGE WIND SPEED              7.5
RESULTANT WIND SPEED/DIRECTION   4/356
HIGHEST WIND SPEED/DIRECTION    28/010    DATE  08/25
HIGHEST GUST SPEED/DIRECTION    33/020    DATE  08/25

SKY COVER
POSSIBLE SUNSHINE (PERCENT)   MM
AVERAGE SKY COVER           0.20
NUMBER OF DAYS FAIR           22
NUMBER OF DAYS PC              9
NUMBER OF DAYS CLOUDY          0

AVERAGE RH (PERCENT)     56

WEATHER CONDITIONS. NUMBER OF DAYS WITH
THUNDERSTORM              0     MIXED PRECIP               0
HEAVY RAIN                0     RAIN                       0
LIGHT RAIN                1     FREEZING RAIN              0
LT FREEZING RAIN          0     HAIL                       0
HEAVY SNOW                0     SNOW                       0
LIGHT SNOW                0     SLEET                      0
FOG                       3     FOG W/VIS <= 1/4 MILE      1
HAZE                     11

-  INDICATES NEGATIVE NUMBERS.
R  INDICATES RECORD WAS SET OR TIED.
MM INDICATES DATA IS MISSING.
T  INDICATES TRACE AMOUNT.

$$
