000
CXUS56 KPQR 011511
CLMEUG


CLIMATE REPORT
NATIONAL WEATHER SERVICE PORTLAND OREGON
811 AM PDT FRI SEP 1 2017

...................................

...THE EUGENE OR CLIMATE SUMMARY FOR THE MONTH OF AUGUST 2017...

CLIMATE NORMAL PERIOD 1981 TO 2010
CLIMATE RECORD PERIOD 1892 TO 2017

WEATHER         OBSERVED          NORMAL  DEPART  LAST YEAR`S
                 VALUE   DATE(S)  VALUE   FROM    VALUE  DATE(S)
                                          NORMAL
................................................................
TEMPERATURE (F)
HIGHEST           102                                104  08/19
LOWEST             43                                 42  08/06
AVG. MAXIMUM     86.8              82.8     4.0     87.5
AVG. MINIMUM     52.9              51.1     1.8     51.4
MEAN             69.9              66.9     3.0     69.5
DAYS MAX >= 90     10               5.6     4.4       13
DAYS MAX <= 32      0               0.0     0.0        0
DAYS MIN <= 32      0               0.0     0.0        0
DAYS MIN <= 0       0               0.0     0.0        0

PRECIPITATION (INCHES)
RECORD
 MAXIMUM         5.79   1968
 MINIMUM         0.00   2006
                        1967
                        1931
TOTALS           0.14              0.61   -0.47        T
DAYS >= .01         1               3.2    -2.2        0
DAYS >= .10         1               1.4    -0.4        0
DAYS >= .50         0               0.3    -0.3        0
DAYS >= 1.00        0               0.1    -0.1        0
GREATEST
 24 HR. TOTAL    0.14   08/13 TO 08/13

DEGREE_DAYS
HEATING TOTAL      11                31     -20       13
 SINCE 7/1         16                67     -51       23
COOLING TOTAL     173                91      82      160
 SINCE 1/1        302               208      94      313
.................................................................

WIND (MPH)
AVERAGE WIND SPEED              7.3
RESULTANT WIND SPEED/DIRECTION   2/345
HIGHEST WIND SPEED/DIRECTION    25/030    DATE  08/20
HIGHEST GUST SPEED/DIRECTION    31/030    DATE  08/20

SKY COVER
POSSIBLE SUNSHINE (PERCENT)   MM
AVERAGE SKY COVER           0.30
NUMBER OF DAYS FAIR           18
NUMBER OF DAYS PC             10
NUMBER OF DAYS CLOUDY          3

AVERAGE RH (PERCENT)     62

WEATHER CONDITIONS. NUMBER OF DAYS WITH
THUNDERSTORM              0     MIXED PRECIP               0
HEAVY RAIN                0     RAIN                       0
LIGHT RAIN                1     FREEZING RAIN              0
LT FREEZING RAIN          0     HAIL                       0
HEAVY SNOW                0     SNOW                       0
LIGHT SNOW                0     SLEET                      0
FOG                       5     FOG W/VIS <= 1/4 MILE      0
HAZE                     17

-  INDICATES NEGATIVE NUMBERS.
R  INDICATES RECORD WAS SET OR TIED.
MM INDICATES DATA IS MISSING.
T  INDICATES TRACE AMOUNT.

$$
