000
CXUS52 KMHX 051000
CLMEWN


CLIMATE REPORT
NATIONAL WEATHER SERVICE NEWPORT/MOREHEAD CITY NC
557 AM EDT THU OCT 5 2017

...................................

...THE NEW BERN NC CLIMATE SUMMARY FOR THE MONTH OF SEPTEMBER 2017...

CLIMATE NORMAL PERIOD 1981 TO 2010
CLIMATE RECORD PERIOD 1948 TO 2017

WEATHER         OBSERVED          NORMAL  DEPART  LAST YEAR`S
                 VALUE   DATE(S)  VALUE   FROM    VALUE  DATE(S)
                                          NORMAL
................................................................
TEMPERATURE (F)
RECORD
 HIGH             101   09/06/1954
 LOW               43   09/30/1970
HIGHEST            92   09/28                         93  09/08
LOWEST             56   09/08                         63  09/14
                                                          09/05
AVG. MAXIMUM     83.8              82.9     0.9     85.0
AVG. MINIMUM     66.3              64.9     1.4     69.1
MEAN             75.0              73.9     1.1     77.1
DAYS MAX >= 90      3               3.1    -0.1        5
DAYS MAX <= 32      0               0.0     0.0        0
DAYS MIN <= 32      0               0.0     0.0        0
DAYS MIN <= 0       0               0.0     0.0        0

PRECIPITATION (INCHES)
RECORD
 MAXIMUM        19.43   1955
 MINIMUM         0.52   1951
TOTALS           3.25              5.89   -2.64    11.10
DAILY AVG.       0.11              0.20   -0.09     0.37
DAYS >= .01         9               9.1    -0.1       15
DAYS >= .10         6               6.2    -0.2       10
DAYS >= .50         2               2.9    -0.9        5
DAYS >= 1.00        1               1.7    -0.7        4
GREATEST
 24 HR. TOTAL    1.24   09/02 TO 09/02

DEGREE_DAYS
COOLING TOTAL     310               274      36      370
 SINCE 1/1       1993              1803     190     2125
.................................................................

WIND (MPH)
AVERAGE WIND SPEED              7.0
RESULTANT WIND SPEED/DIRECTION   3/020
HIGHEST WIND SPEED/DIRECTION    28/320    DATE  09/21
HIGHEST GUST SPEED/DIRECTION    35/320    DATE  09/21

SKY COVER
POSSIBLE SUNSHINE (PERCENT)   MM
AVERAGE SKY COVER           0.40
NUMBER OF DAYS FAIR           15
NUMBER OF DAYS PC             11
NUMBER OF DAYS CLOUDY          4

AVERAGE RH (PERCENT)     78

WEATHER CONDITIONS. NUMBER OF DAYS WITH
THUNDERSTORM              6     MIXED PRECIP               0
HEAVY RAIN                6     RAIN                       6
LIGHT RAIN               14     FREEZING RAIN              0
LT FREEZING RAIN          0     HAIL                       0
HEAVY SNOW                0     SNOW                       0
LIGHT SNOW                0     SLEET                      0
FOG                      25     FOG W/VIS <= 1/4 MILE      5
HAZE                      3

-  INDICATES NEGATIVE NUMBERS.
R  INDICATES RECORD WAS SET OR TIED.
MM INDICATES DATA IS MISSING.
T  INDICATES TRACE AMOUNT.

$$
