000
CXUS52 KMHX 042216
CLMEWN


CLIMATE REPORT
NATIONAL WEATHER SERVICE NEWPORT/MOREHEAD CITY NC
615 PM EDT SUN SEP 4 2016

...................................

...THE NEW BERN NC CLIMATE SUMMARY FOR THE MONTH OF AUGUST 2016...

CLIMATE NORMAL PERIOD 1981 TO 2010
CLIMATE RECORD PERIOD 1948 TO 2016

WEATHER         OBSERVED          NORMAL  DEPART  LAST YEAR`S
                 VALUE   DATE(S)  VALUE   FROM    VALUE  DATE(S)
                                          NORMAL
................................................................
TEMPERATURE (F)
RECORD
 HIGH             103   08/05/1954
 LOW               50   08/30/1965
HIGHEST            95   08/15                         96  08/05
LOWEST             65   08/24                         65  08/16
                                                          08/15
AVG. MAXIMUM     90.3              87.9     2.4     87.6
AVG. MINIMUM     73.1              70.4     2.7     69.8
MEAN             81.7              79.1     2.6     78.7
DAYS MAX >= 90     19              10.8     8.2        7
DAYS MAX <= 32      0               0.0     0.0        0
DAYS MIN <= 32      0               0.0     0.0        0
DAYS MIN <= 0       0               0.0     0.0        0

PRECIPITATION (INCHES)
RECORD
 MAXIMUM        24.23   1955
 MINIMUM         1.19   2005
TOTALS           5.14              6.65   -1.51     8.77
DAILY AVG.       0.17              0.21   -0.04     0.28
DAYS >= .01        16              12.7     3.3        9
DAYS >= .10        10               8.8     1.2        8
DAYS >= .50         5               4.3     0.7        5
DAYS >= 1.00        1               2.2    -1.2        4
GREATEST
 24 HR. TOTAL    1.22   08/19 TO 08/20

DEGREE_DAYS
COOLING TOTAL     527               439      88      432
 SINCE 1/1       1755              1529     226     1721
.................................................................

WIND (MPH)
AVERAGE WIND SPEED              5.0
RESULTANT WIND SPEED/DIRECTION   1/191
HIGHEST WIND SPEED/DIRECTION    31/280    DATE  08/18
HIGHEST GUST SPEED/DIRECTION    42/280    DATE  08/18

SKY COVER
POSSIBLE SUNSHINE (PERCENT)   MM
AVERAGE SKY COVER           0.20
NUMBER OF DAYS FAIR           23
NUMBER OF DAYS PC              8
NUMBER OF DAYS CLOUDY          0

AVERAGE RH (PERCENT)     77

WEATHER CONDITIONS. NUMBER OF DAYS WITH
THUNDERSTORM             12     MIXED PRECIP               0
HEAVY RAIN               10     RAIN                       8
LIGHT RAIN               13     FREEZING RAIN              0
LT FREEZING RAIN          0     HAIL                       0
HEAVY SNOW                0     SNOW                       0
LIGHT SNOW                0     SLEET                      0
FOG                      18     FOG W/VIS <= 1/4 MILE      2
HAZE                      5

-  INDICATES NEGATIVE NUMBERS.
R  INDICATES RECORD WAS SET OR TIED.
MM INDICATES DATA IS MISSING.
T  INDICATES TRACE AMOUNT.

$$
