000
CXUS51 KOKX 031651 AAA
CLMEWR

CLIMATE REPORT...UPDATED
NATIONAL WEATHER SERVICE NEW YORK NY
1251 PM EDT WED SEP 3 2014

...................................

...THE NEWARK NJ CLIMATE SUMMARY FOR THE MONTH OF JUNE 2014...

CLIMATE NORMAL PERIOD 1981 TO 2010
CLIMATE RECORD PERIOD 1929 TO 2014

WEATHER         OBSERVED          NORMAL  DEPART  LAST YEAR`S
                 VALUE   DATE(S)  VALUE   FROM    VALUE  DATE(S)
                                          NORMAL
................................................................
TEMPERATURE (F)
RECORD
 HIGH             102   06/09/2011
                        06/19/1994
                        06/26/1952
 LOW               41   06/01/1938
HIGHEST            92   06/18        MM      MM       96  06/24
LOWEST             53   06/02        MM      MM       54  06/05
AVG. MAXIMUM     82.0              81.5     0.5     82.0
AVG. MINIMUM     63.7              63.3     0.4     64.6
MEAN             72.8              72.4     0.4     73.3
DAYS MAX >= 90      2               4.6    -2.6        4
DAYS MAX <= 32      0               0.0     0.0        0
DAYS MIN <= 32      0               0.0     0.0        0
DAYS MIN <= 0       0               0.0     0.0        0

PRECIPITATION (INCHES)
RECORD
 MAXIMUM        11.51   1903
 MINIMUM         0.07   1949
TOTALS           4.41              4.02    0.39     8.74
DAILY AVG.       0.15              0.13    0.02     0.29
DAYS >= .01         6              11.0    -5.0       13
DAYS >= .10         5               6.6    -1.6       11
DAYS >= .50         4               2.7     1.3        5
DAYS >= 1.00        2               1.2     0.8        3
GREATEST
 24 HR. TOTAL    1.87   06/09 TO 06/09           06/06 TO 06/07
                                                          06/30 TO 06/30
                                                          06/30 TO 06/30
 STORM TOTAL       MM                                 MM
 (MM/DD(HH))            MM                    06/07(00) TO 06/07(00)
                                                 06/30(00) TO 06/30(00)0
                                                 06/30(00) TO 06/30(00)0

DEGREE_DAYS
HEATING TOTAL       0                17     -17        8
 SINCE 7/1       5166              4872     294     4639
COOLING TOTAL     242               239       3      265
 SINCE 1/1        304               315     -11      365
.................................................

WIND (MPH)
AVERAGE WIND SPEED              7.9
HIGHEST WIND SPEED/DIRECTION    35/260    DATE  06/03
HIGHEST GUST SPEED/DIRECTION    41/260    DATE  06/03


WEATHER CONDITIONS. NUMBER OF DAYS WITH
THUNDERSTORM              0     MIXED PRECIP               0
HEAVY RAIN                5     RAIN                       4
LIGHT RAIN               10     FREEZING RAIN              0
LT FREEZING RAIN          0     HAIL                       0
HEAVY SNOW                0     SNOW                       0
LIGHT SNOW                0     SLEET                      0
FOG                      10     FOG W/VIS <= 1/4 MILE      1
HAZE                      4

-  INDICATES NEGATIVE NUMBERS.
R  INDICATES RECORD WAS SET OR TIED.
MM INDICATES DATA IS MISSING.
T  INDICATES TRACE AMOUNT.

$$
