000
CXUS51 KOKX 011740
CLMEWR

CLIMATE REPORT
NATIONAL WEATHER SERVICE NEW YORK NY
139 PM EDT FRI JUL 1 2016

...................................

...THE NEWARK NJ CLIMATE SUMMARY FOR THE MONTH OF JUNE 2016...

CLIMATE NORMAL PERIOD 1981 TO 2010
CLIMATE RECORD PERIOD 1929 TO 2016

WEATHER         OBSERVED          NORMAL  DEPART  LAST YEAR`S
                 VALUE   DATE(S)  VALUE   FROM    VALUE  DATE(S)
                                          NORMAL
................................................................
TEMPERATURE (F)
RECORD
 HIGH             102   06/09/2011
                        06/19/1994
                        06/26/1952
 LOW               41   06/01/1938
HIGHEST            91   06/21        MM      MM       93  06/23
                        06/11                             06/11
LOWEST             52   06/05        MM      MM       49  06/02
AVG. MAXIMUM     82.5              81.5     1.0     79.9
AVG. MINIMUM     62.9              63.3    -0.4     64.1
MEAN             72.7              72.4     0.3     72.0
DAYS MAX >= 90      3               4.6    -1.6        4
DAYS MAX <= 32      0               0.0     0.0        0
DAYS MIN <= 32      0               0.0     0.0        0
DAYS MIN <= 0       0               0.0     0.0        0

PRECIPITATION (INCHES)
RECORD
 MAXIMUM        11.51   1903
 MINIMUM         0.07   1949
TOTALS           2.40              4.02   -1.62     5.90
DAILY AVG.       0.08              0.13   -0.05     0.20
DAYS >= .01         8              11.0    -3.0       14
DAYS >= .10         5               6.6    -1.6       11
DAYS >= .50         2               2.7    -0.7        3
DAYS >= 1.00        0               1.2    -1.2        3
GREATEST
 24 HR. TOTAL    0.95   06/04 TO 06/05           05/31 TO 06/01
                                                          06/30 TO 06/30
                                                          06/30 TO 06/30
 STORM TOTAL       MM                                 MM
 (MM/DD(HH))            MM                    06/01(00) TO 06/01(00)
                                                 06/30(00) TO 06/30(00)0
                                                 06/30(00) TO 06/30(00)0

DEGREE_DAYS
HEATING TOTAL       6                17     -11       29
 SINCE 7/1       3901              4872    -971     5143
COOLING TOTAL     245               239       6      249
 SINCE 1/1        363               315      48      409
.................................................

WIND (MPH)
AVERAGE WIND SPEED              8.8
HIGHEST WIND SPEED/DIRECTION    32/300    DATE  06/12
HIGHEST GUST SPEED/DIRECTION    45/300    DATE  06/05


WEATHER CONDITIONS. NUMBER OF DAYS WITH
THUNDERSTORM              0     MIXED PRECIP               0
HEAVY RAIN                4     RAIN                       6
LIGHT RAIN               10     FREEZING RAIN              0
LT FREEZING RAIN          0     HAIL                       0
HEAVY SNOW                0     SNOW                       0
LIGHT SNOW                0     SLEET                      0
FOG                       7     FOG W/VIS <= 1/4 MILE      0
HAZE                      3

-  INDICATES NEGATIVE NUMBERS.
R  INDICATES RECORD WAS SET OR TIED.
MM INDICATES DATA IS MISSING.
T  INDICATES TRACE AMOUNT.

$$
