000
CXUS51 KOKX 011319
CLMEWR

CLIMATE REPORT
NATIONAL WEATHER SERVICE NEW YORK NY
918 AM EDT SAT AUG 1 2015

...................................

...THE NEWARK NJ CLIMATE SUMMARY FOR THE MONTH OF JULY 2015...

CLIMATE NORMAL PERIOD 1981 TO 2010
CLIMATE RECORD PERIOD 1929 TO 2015

WEATHER         OBSERVED          NORMAL  DEPART  LAST YEAR`S
                 VALUE   DATE(S)  VALUE   FROM    VALUE  DATE(S)
                                          NORMAL
................................................................
TEMPERATURE (F)
RECORD
 HIGH             108   07/22/2011
 LOW               52   07/12/1945
HIGHEST            98   07/19        MM      MM       96  07/02
LOWEST             63   07/17        MM      MM       61  07/06
                        07/16
AVG. MAXIMUM     87.5              86.0     1.5     86.0
AVG. MINIMUM     70.4              68.7     1.7     68.0
MEAN             79.0              77.4     1.6     77.0
DAYS MAX >= 90     11               8.5     2.5        8
DAYS MAX <= 32      0               0.0     0.0        0
DAYS MIN <= 32      0               0.0     0.0        0
DAYS MIN <= 0       0               0.0     0.0        0

PRECIPITATION (INCHES)
RECORD
 MAXIMUM        19.09   1897
 MINIMUM         0.84   1932
TOTALS           2.69              4.76   -2.07     5.10
DAILY AVG.       0.09              0.15   -0.06     0.16
DAYS >= .01         9              10.1    -1.1       11
DAYS >= .10         5               6.8    -1.8        9
DAYS >= .50         2               3.0    -1.0        4
DAYS >= 1.00        0               1.5    -1.5        2
GREATEST
 24 HR. TOTAL    0.99   07/01 TO 07/01           07/03 TO 07/04
                                                          07/31 TO 07/31
                                                          07/31 TO 07/31
 STORM TOTAL       MM                                 MM
 (MM/DD(HH))            MM                    07/04(00) TO 07/04(00)
                                                 07/31(00) TO 07/31(00)1
                                                 07/31(00) TO 07/31(00)1

DEGREE_DAYS
HEATING TOTAL       0                 0       0        0
 SINCE 7/1          0                 0       0        0
COOLING TOTAL     441               383      58      381
 SINCE 1/1        850               698     152      689
..................................................

WIND (MPH)
AVERAGE WIND SPEED              7.7
HIGHEST WIND SPEED/DIRECTION    40/240    DATE  07/01
HIGHEST GUST SPEED/DIRECTION    51/230    DATE  07/01


WEATHER CONDITIONS. NUMBER OF DAYS WITH
THUNDERSTORM              0     MIXED PRECIP               0
HEAVY RAIN                3     RAIN                       4
LIGHT RAIN               11     FREEZING RAIN              0
LT FREEZING RAIN          0     HAIL                       0
HEAVY SNOW                0     SNOW                       0
LIGHT SNOW                0     SLEET                      0
FOG                       6     FOG W/VIS <= 1/4 MILE      0
HAZE                      1

-  INDICATES NEGATIVE NUMBERS.
R  INDICATES RECORD WAS SET OR TIED.
MM INDICATES DATA IS MISSING.
T  INDICATES TRACE AMOUNT.

$$
