000
CXUS51 KOKX 011532 RRA
CLMEWR

CLIMATE REPORT
NATIONAL WEATHER SERVICE NEW YORK NY
1132 AM EDT TUE AUG 1 2017

...................................

...THE NEWARK NJ CLIMATE SUMMARY FOR THE MONTH OF JULY 2017...

CLIMATE NORMAL PERIOD 1981 TO 2010
CLIMATE RECORD PERIOD 1929 TO 2017

WEATHER         OBSERVED          NORMAL  DEPART  LAST YEAR`S
                 VALUE   DATE(S)  VALUE   FROM    VALUE  DATE(S)
                                          NORMAL
................................................................
TEMPERATURE (F)
RECORD
 HIGH             108   07/22/2011
 LOW               52   07/12/1945
HIGHEST            98   07/20        MM      MM       99  07/25
LOWEST             60   07/30        MM      MM       62  07/04
AVG. MAXIMUM     85.5              86.0    -0.5     88.9
AVG. MINIMUM     69.0              68.7     0.3     71.0
MEAN             77.3              77.4    -0.1     79.9
DAYS MAX >= 90      9               8.5     0.5       16
DAYS MAX <= 32      0               0.0     0.0        0
DAYS MIN <= 32      0               0.0     0.0        0
DAYS MIN <= 0       0               0.0     0.0        0

PRECIPITATION (INCHES)
RECORD
 MAXIMUM        22.88   2016
 MINIMUM         0.84   1932
TOTALS           4.36              4.76   -0.40     6.08
DAILY AVG.       0.14              0.15   -0.01     0.20
DAYS >= .01        11              10.1     0.9       13
DAYS >= .10         5               6.8    -1.8       11
DAYS >= .50         2               3.0    -1.0        4
DAYS >= 1.00        1               1.5    -0.5        1
GREATEST
 24 HR. TOTAL    2.15   07/07 TO 07/07           07/25 TO 07/25
                                                          07/31 TO 07/31
                                                          07/31 TO 07/31
 STORM TOTAL       MM                                 MM
 (MM/DD(HH))            MM                    07/25(00) TO 07/25(00)
                                                 07/31(00) TO 07/31(00)1
                                                 07/31(00) TO 07/31(00)1

DEGREE_DAYS
HEATING TOTAL       0                 0       0        0
 SINCE 7/1          0                 0       0        0
COOLING TOTAL     391               383       8      470
 SINCE 1/1        743               698      45      838
..................................................

WIND (MPH)
AVERAGE WIND SPEED              8.4
HIGHEST WIND SPEED/DIRECTION    29/020    DATE  07/29
HIGHEST GUST SPEED/DIRECTION    34/020    DATE  07/29


WEATHER CONDITIONS. NUMBER OF DAYS WITH
THUNDERSTORM              0     MIXED PRECIP               0
HEAVY RAIN                5     RAIN                       6
LIGHT RAIN               16     FREEZING RAIN              0
LT FREEZING RAIN          0     HAIL                       0
HEAVY SNOW                0     SNOW                       0
LIGHT SNOW                0     SLEET                      0
FOG                       8     FOG W/VIS <= 1/4 MILE      0
HAZE                      1

-  INDICATES NEGATIVE NUMBERS.
R  INDICATES RECORD WAS SET OR TIED.
MM INDICATES DATA IS MISSING.
T  INDICATES TRACE AMOUNT.

$$
