000
CXUS51 KOKX 020012
CLMEWR

CLIMATE REPORT
NATIONAL WEATHER SERVICE NEW YORK NY
812 PM EDT THU SEP 1 2016

...................................

...THE NEWARK NJ CLIMATE SUMMARY FOR THE MONTH OF AUGUST 2016...

CLIMATE NORMAL PERIOD 1981 TO 2010
CLIMATE RECORD PERIOD 1929 TO 2016

WEATHER         OBSERVED          NORMAL  DEPART  LAST YEAR`S
                 VALUE   DATE(S)  VALUE   FROM    VALUE  DATE(S)
                                          NORMAL
................................................................
TEMPERATURE (F)
RECORD
 HIGH             105   08/09/2001
 LOW               45   08/29/1982
HIGHEST            98   08/13        MM      MM       97  08/17
LOWEST             59   08/23        MM      MM       63  08/29
                                                          08/28
                                                          08/14
AVG. MAXIMUM     88.5              84.1     4.4     88.2
AVG. MINIMUM     71.2              67.5     3.7     69.2
MEAN             79.9              75.8     4.1     78.7
DAYS MAX >= 90     13               5.2     7.8       13
DAYS MAX <= 32      0               0.0     0.0        0
DAYS MIN <= 32      0               0.0     0.0        0
DAYS MIN <= 0       0               0.0     0.0        0

PRECIPITATION (INCHES)
RECORD
 MAXIMUM        22.48   1843
 MINIMUM         0.27   1916
TOTALS           0.93              3.70   -2.77     1.40
DAILY AVG.       0.03              0.12   -0.09     0.05
DAYS >= .01         9               9.7    -0.7        4
DAYS >= .10         6               6.1    -0.1        3
DAYS >= .50         0               2.6    -2.6        1
DAYS >= 1.00        0               1.0    -1.0        0
GREATEST
 24 HR. TOTAL    0.71   07/31 TO 08/01           08/11 TO 08/11
                                                          08/31 TO 08/31
                                                          08/31 TO 08/31
 STORM TOTAL       MM                                 MM
 (MM/DD(HH))            MM                    08/11(00) TO 08/11(00)
                                                 08/31(00) TO 08/31(00)1
                                                 08/31(00) TO 08/31(00)1

DEGREE_DAYS
HEATING TOTAL       0                 1      -1        0
 SINCE 7/1          0                 1      -1        0
COOLING TOTAL     472               336     136      432
 SINCE 1/1       1310              1034     276     1282
..................................................

WIND (MPH)
AVERAGE WIND SPEED              8.5
HIGHEST WIND SPEED/DIRECTION    36/250    DATE  08/17
HIGHEST GUST SPEED/DIRECTION    46/250    DATE  08/12


WEATHER CONDITIONS. NUMBER OF DAYS WITH
THUNDERSTORM              0     MIXED PRECIP               0
HEAVY RAIN                1     RAIN                       5
LIGHT RAIN               10     FREEZING RAIN              0
LT FREEZING RAIN          0     HAIL                       0
HEAVY SNOW                0     SNOW                       0
LIGHT SNOW                0     SLEET                      0
FOG                       5     FOG W/VIS <= 1/4 MILE      0
HAZE                      2

-  INDICATES NEGATIVE NUMBERS.
R  INDICATES RECORD WAS SET OR TIED.
MM INDICATES DATA IS MISSING.
T  INDICATES TRACE AMOUNT.

$$
