000
CXUS51 KOKX 011718 CCA
CLMEWR

NYCCLMEWR 000
TTAA00 KOKX 011712


CLIMATE REPORT...CORRECTED
NATIONAL WEATHER SERVICE NEW YORK NY
1217 PM EST SUN FEB 1 2015

...................................

...THE NEWARK NJ CLIMATE SUMMARY FOR THE MONTH OF JANUARY 2015...

CLIMATE NORMAL PERIOD 1981 TO 2010
CLIMATE RECORD PERIOD 1929 TO 2015

WEATHER         OBSERVED          NORMAL  DEPART  LAST YEAR`S
                 VALUE   DATE(S)  VALUE   FROM    VALUE  DATE(S)
                                          NORMAL
................................................................
TEMPERATURE (F)
RECORD
 HIGH              74   01/26/1950
 LOW               -8   01/21/1985
HIGHEST            56   01/04        MM      MM       61  01/11
LOWEST              6   01/08        MM      MM        3  01/07
AVG. MAXIMUM     35.9              38.8    -2.9     35.3
AVG. MINIMUM     21.1              24.5    -3.4     18.9
MEAN             28.5              31.6    -3.1     27.1
DAYS MAX >= 90      0               0.0     0.0        0
DAYS MAX <= 32     10               7.8     2.2       13
DAYS MIN <= 32     28              23.3     4.7       27
DAYS MIN <= 0       0               0.4    -0.4        0

PRECIPITATION (INCHES)
RECORD
 MAXIMUM        10.10   1979
 MINIMUM         0.45   1981
TOTALS           4.42              3.54    0.88     2.78
DAILY AVG.       0.14              0.11    0.03     0.09
DAYS >= .01        11              10.4     0.6       12
DAYS >= .10         7               6.2     0.8        9
DAYS >= .50         3               2.6     0.4        1
DAYS >= 1.00        1               0.9     0.1        0
GREATEST
 24 HR. TOTAL    1.84   01/18 TO 01/18           01/10 TO 01/11

 STORM TOTAL       MM                                 MM
 (MM/DD(HH))            MM

SNOWFALL (INCHES)
TOTALS           14.9               7.9     7.0     20.8
 LIQUID EQUIV    1.49              0.80    0.69     2.08
SINCE 7/1        16.6              13.7     2.9     30.2
 LIQUID 7/1      1.66              1.40    0.26     3.02
SNOWDEPTH AVG.      1                 3      -2        2
DAYS >= TRACE      14               4.8     9.2       11
DAYS >= 1.0         4               2.2     1.8        4
GREATEST
 SNOW DEPTH         8   01/27                         10  01/22
 24 HR TOTAL      5.1   01/24 TO 01/24           01/21 TO 01/21

 STORM TOTAL       MM                                 MM
 (MM/DD(HH))            MM

DEGREE_DAYS
HEATING TOTAL    1123              1034      89     1166
 SINCE 7/1       2720              2784     -64     2898
COOLING TOTAL       0                 0       0        0
 SINCE 1/1          0                 0       0        0
..................................................

WIND (MPH)
AVERAGE WIND SPEED              11.2
HIGHEST WIND SPEED/DIRECTION    37/270    DATE  01/05
HIGHEST GUST SPEED/DIRECTION    47/260    DATE  01/05


WEATHER CONDITIONS. NUMBER OF DAYS WITH
THUNDERSTORM              0     MIXED PRECIP               0
HEAVY RAIN                1     RAIN                       4
LIGHT RAIN                6     FREEZING RAIN              1
LT FREEZING RAIN          2     HAIL                       0
HEAVY SNOW                1     SNOW                       5
LIGHT SNOW               12     SLEET                      3
FOG                      12     FOG W/VIS <= 1/4 MILE      3
HAZE                      0

-  INDICATES NEGATIVE NUMBERS.
R  INDICATES RECORD WAS SET OR TIED.
MM INDICATES DATA IS MISSING.
T  INDICATES TRACE AMOUNT.

$$
