000
CXUS51 KOKX 011647
CLMEWR

NYCCLMEWR 000
TTAA00 KOKX 011636


CLIMATE REPORT
NATIONAL WEATHER SERVICE NEW YORK NY
1147 AM EST THU JAN 1 2015

...................................

...THE NEWARK NJ CLIMATE SUMMARY FOR THE MONTH OF DECEMBER 2014...

CLIMATE NORMAL PERIOD 1981 TO 2010
CLIMATE RECORD PERIOD 1929 TO 2014

WEATHER         OBSERVED          NORMAL  DEPART  LAST YEAR`S
                 VALUE   DATE(S)  VALUE   FROM    VALUE  DATE(S)
                                          NORMAL
................................................................
TEMPERATURE (F)
RECORD
 HIGH              76   12/07/1998
 LOW               -8   12/30/1933
HIGHEST            66   12/01        MM      MM       71  12/22
LOWEST             23   12/31        MM      MM       17  12/13
                        12/08
AVG. MAXIMUM     45.9              43.5     2.4     44.1
AVG. MINIMUM     34.2              29.6     4.6     29.8
MEAN             40.1              36.5     3.6     36.9
DAYS MAX >= 90      0               0.0     0.0        0
DAYS MAX <= 32      0               3.1    -3.1        6
DAYS MIN <= 32     12              18.7    -6.7       21
DAYS MIN <= 0       0               0.0     0.0        0

PRECIPITATION (INCHES)
RECORD
 MAXIMUM         9.47   1983
 MINIMUM         0.27   1955
TOTALS           4.91              3.81    1.10     4.62
DAILY AVG.       0.16              0.12    0.04     0.15
DAYS >= .01        14              10.6     3.4       12
DAYS >= .10         7               6.5     0.5       10
DAYS >= .50         3               2.9     0.1        3
DAYS >= 1.00        3               1.1     1.9        1
GREATEST
 24 HR. TOTAL    1.34   12/09 TO 12/09           12/29 TO 12/29

 STORM TOTAL       MM                                 MM
 (MM/DD(HH))            MM

SNOWFALL (INCHES)
TOTALS            0.3               5.4    -5.1      9.4
 LIQUID EQUIV    0.03              0.50   -0.47     0.94
SINCE 7/1         1.7               5.8    -4.1      9.4
 LIQUID 7/1      0.17              0.60   -0.43     0.94
SNOWDEPTH AVG.      0                MM      MM        0
DAYS >= TRACE       5               2.9     2.1        7
DAYS >= 1.0         0               1.1    -1.1        3
GREATEST
 SNOW DEPTH         T   12/11                          3  12/18
                                                          12/15
 24 HR TOTAL      0.3   12/10 TO 12/11           12/29 TO 12/29

 STORM TOTAL       MM                                 MM
 (MM/DD(HH))            MM

DEGREE_DAYS
HEATING TOTAL     765               882    -117      862
 SINCE 7/1       1597              1750    -153     1732
COOLING TOTAL       0                 0       0        0
 SINCE 1/1       1175              1192     -17     1337
..........................................................

WIND (MPH)
AVERAGE WIND SPEED              10.3
HIGHEST WIND SPEED/DIRECTION    35/360    DATE  12/09
HIGHEST GUST SPEED/DIRECTION    44/350    DATE  12/09


WEATHER CONDITIONS. NUMBER OF DAYS WITH
THUNDERSTORM              0     MIXED PRECIP               1
HEAVY RAIN                1     RAIN                       5
LIGHT RAIN               15     FREEZING RAIN              0
LT FREEZING RAIN          0     HAIL                       0
HEAVY SNOW                0     SNOW                       2
LIGHT SNOW                2     SLEET                      1
FOG                      13     FOG W/VIS <= 1/4 MILE      2
HAZE                      0

-  INDICATES NEGATIVE NUMBERS.
R  INDICATES RECORD WAS SET OR TIED.
MM INDICATES DATA IS MISSING.
T  INDICATES TRACE AMOUNT.

$$
