000
CXUS51 KOKX 011431
CLMEWR

CLIMATE REPORT
NATIONAL WEATHER SERVICE NEW YORK NY
924 AM EST THU DEC 1 2016



...THE NEWARK NJ CLIMATE SUMMARY FOR THE MONTH OF NOVEMBER 2016...

CLIMATE NORMAL PERIOD 1981 TO 2010
CLIMATE RECORD PERIOD 1929 TO 2016

WEATHER         OBSERVED          NORMAL  DEPART  LAST YEAR`S
                 VALUE   DATE(S)  VALUE   FROM    VALUE  DATE(S)
                                          NORMAL
................................................................
TEMPERATURE (F)
RECORD
 HIGH              84   11/02/1950
 LOW               12   11/27/1932
HIGHEST            74   11/03        MM      MM       75  11/06
                                                          11/03
LOWEST             32   11/28        MM      MM       27  11/24
AVG. MAXIMUM     58.2              54.6     3.6     60.4
AVG. MINIMUM     41.1              39.0     2.1     43.7
MEAN             49.7              46.8     2.9     52.0
DAYS MAX >= 90      0               0.0     0.0        0
DAYS MAX <= 32      0               0.1    -0.1        0
DAYS MIN <= 32      1               5.3    -4.3        4
DAYS MIN <= 0       0               0.0     0.0        0

PRECIPITATION (INCHES)
RECORD
 MAXIMUM        11.53   1977
 MINIMUM         0.35   1908
TOTALS           6.52              3.65    2.87     1.30
DAILY AVG.       0.22              0.12    0.10     0.04
DAYS >= .01         7               9.5    -2.5        6
DAYS >= .10         6               5.7     0.3        3
DAYS >= .50         3               2.7     0.3        1
DAYS >= 1.00        3               1.0     2.0        0
GREATEST
 24 HR. TOTAL    2.79   11/15 TO 11/15           11/19 TO 11/19
                        11/14 TO 11/15                    11/18 TO 11/19
                        11/15 TO 11/15                    11/19 TO 11/19
 STORM TOTAL       MM                                 MM
 (MM/DD(HH))            MM                    11/19(00) TO 11/19(00)
                                                 11/19(00) TO 11/19(00)9
                                                 11/19(00) TO 11/19(00)9

SNOWFALL (INCHES)
TOTALS              T               0.4    -0.4      0.0
 LIQUID EQUIV      MM              0.00      MM     0.00
SINCE 7/1           T               0.4    -0.4      0.0
 LIQUID 7/1        MM              0.00      MM     0.00
SNOWDEPTH AVG.      0                MM      MM        0
DAYS >= TRACE       4               0.4     3.6        0
DAYS >= 1.0         0               0.1    -0.1        0
GREATEST
 SNOW DEPTH         0   MM                             0  MM
 24 HR TOTAL        T   11/22 TO 11/22           11/30 TO 11/30
                                                          11/19 TO 11/19
                                                          11/19 TO 11/19
 STORM TOTAL       MM                                 MM
 (MM/DD(HH))            MM                    11/30(00) TO 11/30(00)
                                                 11/19(00) TO 11/19(00)9
                                                 11/19(00) TO 11/19(00)9

DEGREE_DAYS
HEATING TOTAL     452               547     -95      388
 SINCE 7/1        683               868    -185      632
COOLING TOTAL       1                 1       0        5
 SINCE 1/1       1571              1192     379     1555
..........................................................

WIND (MPH)
AVERAGE WIND SPEED              9.8
HIGHEST WIND SPEED/DIRECTION    37/260    DATE  11/20
HIGHEST GUST SPEED/DIRECTION    46/280    DATE  11/21


WEATHER CONDITIONS. NUMBER OF DAYS WITH
THUNDERSTORM              0     MIXED PRECIP               0
HEAVY RAIN                4     RAIN                       6
LIGHT RAIN                8     FREEZING RAIN              0
LT FREEZING RAIN          0     HAIL                       0
HEAVY SNOW                0     SNOW                       1
LIGHT SNOW                3     SLEET                      1
FOG                       7     FOG W/VIS <= 1/4 MILE      0
HAZE                      1

-  INDICATES NEGATIVE NUMBERS.
R  INDICATES RECORD WAS SET OR TIED.
MM INDICATES DATA IS MISSING.
T  INDICATES TRACE AMOUNT.

$$
