000
CXUS53 KIND 011620
CLMEYE


CLIMATE REPORT
NATIONAL WEATHER SERVICE INDIANAPOLIS IN
1115 AM EST THU JAN 1 2015

...................................

...THE INDIANAPOLIS EAGLE CREEK IN CLIMATE SUMMARY FOR THE MONTH OF DECEMBER 2014...

CLIMATE NORMAL PERIOD 1981 TO 2010
CLIMATE RECORD PERIOD 9999 TO 9999

WEATHER         OBSERVED          NORMAL  DEPART  LAST YEAR`S
                 VALUE   DATE(S)  VALUE   FROM    VALUE  DATE(S)
                                          NORMAL
................................................................
TEMPERATURE (F)
HIGHEST            55   12/23                         62  12/04
LOWEST             11   12/31                          2  12/12
AVG. MAXIMUM     39.2              38.5     0.7     37.4
AVG. MINIMUM     28.0              24.9     3.1     22.7
MEAN             33.6              31.7     1.9     30.0
DAYS MAX >= 90      0               0.0     0.0        0
DAYS MAX <= 32      5               9.2    -4.2       15
DAYS MIN <= 32     23              23.5    -0.5       24
DAYS MIN <= 0       0               0.4    -0.4        0

PRECIPITATION (INCHES)
TOTALS           2.48              3.08   -0.60     3.50
DAILY AVG.       0.08              0.10   -0.02     0.11
DAYS >= .01        15                MM      MM       10
DAYS >= .10         6                MM      MM        4
DAYS >= .50         1                MM      MM        1
DAYS >= 1.00        0                MM      MM        1
GREATEST
 24 HR. TOTAL    1.21   12/05 TO 12/06

DEGREE_DAYS
HEATING TOTAL     967              1032     -65     1076
 SINCE 7/1       2206              2056     150     2254
COOLING TOTAL       0                 0       0        0
 SINCE 1/1        893              1058    -165     1006
.................................................................

WIND (MPH)
AVERAGE WIND SPEED              6.9
HIGHEST WIND SPEED/DIRECTION    23/270    DATE  12/16
HIGHEST GUST SPEED/DIRECTION    33/270    DATE  12/16

SKY COVER
POSSIBLE SUNSHINE (PERCENT)   MM
AVERAGE SKY COVER           0.70
NUMBER OF DAYS FAIR            6
NUMBER OF DAYS PC              9
NUMBER OF DAYS CLOUDY         16

AVERAGE RH (PERCENT)     81

WEATHER CONDITIONS. NUMBER OF DAYS WITH
THUNDERSTORM              0     MIXED PRECIP               1
HEAVY RAIN                1     RAIN                       5
LIGHT RAIN               14     FREEZING RAIN              0
LT FREEZING RAIN          0     HAIL                       0
HEAVY SNOW                0     SNOW                       0
LIGHT SNOW                6     SLEET                      0
FOG                      21     FOG W/VIS <= 1/4 MILE      1
HAZE                      6

-  INDICATES NEGATIVE NUMBERS.
R  INDICATES RECORD WAS SET OR TIED.
MM INDICATES DATA IS MISSING.
T  INDICATES TRACE AMOUNT.

$$
