000
CXUS53 KIND 011612
CLMEYE


CLIMATE REPORT
NATIONAL WEATHER SERVICE INDIANAPOLIS IN
1112 AM EST SUN JAN 1 2017

...................................

...THE INDIANAPOLIS EAGLE CREEK IN CLIMATE SUMMARY FOR THE MONTH OF DECEMBER 2016...

CLIMATE NORMAL PERIOD 1981 TO 2010
CLIMATE RECORD PERIOD 9999 TO 9999

WEATHER         OBSERVED          NORMAL  DEPART  LAST YEAR`S
                 VALUE   DATE(S)  VALUE   FROM    VALUE  DATE(S)
                                          NORMAL
................................................................
TEMPERATURE (F)
HIGHEST            66   12/26                         69  12/12
LOWEST                  12/19                         21  12/19
AVG. MAXIMUM     37.2              38.5    -1.3     49.2
AVG. MINIMUM     23.8              24.9    -1.1     35.5
MEAN             30.5              31.7    -1.2     42.4
DAYS MAX >= 90      0               0.0     0.0        0
DAYS MAX <= 32      9               9.2    -0.2        1
DAYS MIN <= 32     23              23.5    -0.5       13
DAYS MIN <= 0       1               0.4     0.6        0

PRECIPITATION (INCHES)
TOTALS           1.31              3.08   -1.77     5.23
DAILY AVG.       0.04              0.10   -0.06     0.17
DAYS >= .01        13                MM      MM       12
DAYS >= .10         6                MM      MM        7
DAYS >= .50         0                MM      MM        5
DAYS >= 1.00        0                MM      MM        1
GREATEST
 24 HR. TOTAL    0.29   12/16 TO 12/17

DEGREE_DAYS
HEATING TOTAL    1063              1032      31      693
 SINCE 7/1       1747              2056    -309     1514
COOLING TOTAL       0                 0       0        0
 SINCE 1/1       1453              1058     395     1030
.................................................................

WIND (MPH)
AVERAGE WIND SPEED              7.9
HIGHEST WIND SPEED/DIRECTION    29/290    DATE  12/30
HIGHEST GUST SPEED/DIRECTION    40/300    DATE  12/30

SKY COVER
POSSIBLE SUNSHINE (PERCENT)   MM
AVERAGE SKY COVER           0.60
NUMBER OF DAYS FAIR            7
NUMBER OF DAYS PC              9
NUMBER OF DAYS CLOUDY         15

AVERAGE RH (PERCENT)     71

WEATHER CONDITIONS. NUMBER OF DAYS WITH
THUNDERSTORM              0     MIXED PRECIP               0
HEAVY RAIN                1     RAIN                       0
LIGHT RAIN               12     FREEZING RAIN              1
LT FREEZING RAIN          3     HAIL                       0
HEAVY SNOW                1     SNOW                       1
LIGHT SNOW                8     SLEET                      0
FOG                      15     FOG W/VIS <= 1/4 MILE      3
HAZE                      5

-  INDICATES NEGATIVE NUMBERS.
R  INDICATES RECORD WAS SET OR TIED.
MM INDICATES DATA IS MISSING.
T  INDICATES TRACE AMOUNT.

$$
