000
CXUS53 KIND 011617
CLMEYE


CLIMATE REPORT
NATIONAL WEATHER SERVICE INDIANAPOLIS IN
1111 AM EST SUN MAR 1 2015

...................................

...THE INDIANAPOLIS EAGLE CREEK IN CLIMATE SUMMARY FOR THE MONTH OF FEBRUARY 2015...

CLIMATE NORMAL PERIOD 1981 TO 2010
CLIMATE RECORD PERIOD 9999 TO 9999

WEATHER         OBSERVED          NORMAL  DEPART  LAST YEAR`S
                 VALUE   DATE(S)  VALUE   FROM    VALUE  DATE(S)
                                          NORMAL
................................................................
TEMPERATURE (F)
HIGHEST            56   02/08                         63  02/20
LOWEST             -7   02/24                        -10  02/11
                        02/20                             02/07
AVG. MAXIMUM     28.2              40.0   -11.8     30.9
AVG. MINIMUM     10.0              24.0   -14.0     13.4
MEAN             19.1              32.0   -12.9     22.1
DAYS MAX >= 90      0               0.0     0.0        0
DAYS MAX <= 32     17               6.5    10.5       18
DAYS MIN <= 32     27              22.3     4.7       25
DAYS MIN <= 0       5               0.7     4.3        5

PRECIPITATION (INCHES)
TOTALS           0.73              2.13   -1.40     2.50
DAILY AVG.       0.03              0.08   -0.05     0.09
DAYS >= .01         6                MM      MM       10
DAYS >= .10         3                MM      MM        7
DAYS >= .50         0                MM      MM        1
DAYS >= 1.00        0                MM      MM        0
GREATEST
 24 HR. TOTAL    0.36   01/31 TO 02/01

DEGREE_DAYS
HEATING TOTAL    1276               924     352     1193
 SINCE 7/1       4686              4125     561     4826
COOLING TOTAL       0                 0       0        0
 SINCE 1/1          0                 0       0        0
.................................................................

WIND (MPH)
AVERAGE WIND SPEED              8.4
HIGHEST WIND SPEED/DIRECTION    37/300    DATE  02/14
HIGHEST GUST SPEED/DIRECTION    49/290    DATE  02/14

SKY COVER
POSSIBLE SUNSHINE (PERCENT)   MM
AVERAGE SKY COVER           0.50
NUMBER OF DAYS FAIR            9
NUMBER OF DAYS PC              9
NUMBER OF DAYS CLOUDY         10

AVERAGE RH (PERCENT)     71

WEATHER CONDITIONS. NUMBER OF DAYS WITH
THUNDERSTORM              0     MIXED PRECIP               0
HEAVY RAIN                0     RAIN                       0
LIGHT RAIN                2     FREEZING RAIN              0
LT FREEZING RAIN          1     HAIL                       0
HEAVY SNOW                1     SNOW                       3
LIGHT SNOW               13     SLEET                      0
FOG                      15     FOG W/VIS <= 1/4 MILE      1
HAZE                     11

-  INDICATES NEGATIVE NUMBERS.
R  INDICATES RECORD WAS SET OR TIED.
MM INDICATES DATA IS MISSING.
T  INDICATES TRACE AMOUNT.

$$
