000
CXUS53 KFGF 011012 AAA
CLMFAR

BISCLMFAR 000
TTAA00 KFGF 011001


CLIMATE REPORT
NATIONAL WEATHER SERVICE EASTERN NORTH DAKOTA/GRAND FORKS
400 AM CST FRI DEC 1 2017

...................................

...THE FARGO HECTOR INTL AP ND CLIMATE SUMMARY FOR THE MONTH OF NOVEMBER 2017...

CLIMATE NORMAL PERIOD 1981 TO 2010
CLIMATE RECORD PERIOD 1881 TO 2017

WEATHER         OBSERVED          NORMAL  DEPART  LAST YEAR`S
                 VALUE   DATE(S)  VALUE   FROM    VALUE  DATE(S)
                                          NORMAL
................................................................
TEMPERATURE (F)
RECORD
 HIGH              74   11/01/1990
 LOW              -27   11/30/1905
HIGHEST            54   11/27        35      19       73  11/06
                        11/20
LOWEST              4   11/09        19     -15       19  11/19
                        11/07
AVG. MAXIMUM     37.1              37.3    -0.2     50.1
AVG. MINIMUM     19.5              20.3    -0.8     33.4
MEAN             28.3              28.8    -0.5     41.8
DAYS MAX >= 90      0               0.0     0.0        0
DAYS MAX <= 32     11              10.3     0.7        2
DAYS MIN <= 32     29              25.9     3.1        9
DAYS MIN <= 0       0               1.8    -1.8        0

PRECIPITATION (INCHES)
RECORD
 MAXIMUM         4.58   1977
 MINIMUM            T   1999
TOTALS           0.36              1.00   -0.64     1.80
DAILY AVG.       0.01              0.03   -0.02     0.06
DAYS >= .01         8               7.1     0.9        8
DAYS >= .10         2               2.8    -0.8        5
DAYS >= .50         0               0.5    -0.5        1
DAYS >= 1.00        0               0.0     0.0        0
GREATEST
 24 HR. TOTAL    0.21   11/03 TO 11/04           11/27 TO 11/28
                                                          11/28 TO 11/28
                                                          11/28 TO 11/28
 STORM TOTAL       MM                                 MM
 (MM/DD(HH))            MM                    11/28(00) TO 11/28(00)
                                                 11/28(00) TO 11/28(00)8
                                                 11/28(00) TO 11/28(00)8

SNOWFALL (INCHES)
RECORDS
 TOTAL           26.4   1997
TOTALS            3.3               7.9    -4.6      3.7
SINCE 7/1         3.7               8.6    -4.9      3.7
SNOWDEPTH AVG.      0                 3      -3        0
DAYS >= 1.0         1               2.2    -1.2        1
GREATEST
 SNOW DEPTH         1   11/01                          3  11/18
 24 HR TOTAL      1.3   MM
 STORM TOTAL       MM                                 MM
 (MM/DD(HH))            MM                    11/28(00) TO 11/28(00)
                                                 11/28(00) TO 11/28(00)8
                                                 11/28(00) TO 11/28(00)8

DEGREE_DAYS
HEATING TOTAL    1093              1086       7      691
 SINCE 7/1       1798              1962    -164     1305
COOLING TOTAL       0                 0       0        0
 SINCE 1/1        518               551     -33      661
.........................................................

WIND (MPH)
AVERAGE WIND SPEED              11.8
HIGHEST WIND SPEED/DIRECTION    43/200    DATE  11/29
HIGHEST GUST SPEED/DIRECTION    54/210    DATE  11/29

SKY COVER
POSSIBLE SUNSHINE (PERCENT)   MM
AVERAGE SKY COVER           0.40
NUMBER OF DAYS FAIR           14
NUMBER OF DAYS PC              9
NUMBER OF DAYS CLOUDY          7

AVERAGE RH (PERCENT)     74

WEATHER CONDITIONS. NUMBER OF DAYS WITH
THUNDERSTORM              0     MIXED PRECIP               0
HEAVY RAIN                0     RAIN                       0
LIGHT RAIN                2     FREEZING RAIN              0
LT FREEZING RAIN          0     HAIL                       0
HEAVY SNOW                0     SNOW                       0
LIGHT SNOW                9     SLEET                      0
FOG                      12     FOG W/VIS <= 1/4 MILE      1
HAZE                      0

-  INDICATES NEGATIVE NUMBERS.
R  INDICATES RECORD WAS SET OR TIED.
MM INDICATES DATA IS MISSING.
T  INDICATES TRACE AMOUNT.

&&

REMARKS...

THE MONTH OF NOVEMBER SAW QUITE THE ROLLER-COASTER OF TEMPERATURES.
THE BEGINNING OF THE MONTH WAS MARKED BY REPEATED DAYS OF BELOW
AVERAGE TEMPERATURES. NO LOW TEMPERATURE RECORDS WERE BROKEN OR
TIED. TOWARDS THE END OF THE MONTH MOTHER NATURE FLIPPED THE
THERMOSTAT WITH SEVERAL DAYS OF ABOVE AVERAGE TEMPERATURES. ONE
RECORD HIGH WAS TIED ON NOV 29 WITH A HIGH TEMPERATURE OF 52 DEGREES.

SIMILAR TO THE SWING IN TEMPERATURES, FARGO EXPERIENCED A SWING IN
PRECIPITATION WITH MUCH OF THE MONTH`S PRECIPITATION OCCURING DURING
THE FIRST TWO WEEKS OF NOVEMBER. THE MONTH ENDED WITH 0.36 INCHES OF
PRECIP, WHICH IS 0.64 INCHES SHORT OF THE NOVEMBER AVERAGE.

MUCH OF THE SNOW THAT FELL ACROSS THE REGION FELL NORTH OF THE FARGO
AREA. FARGO RECIEVED 3.3 INCHES OF SNOW THIS MONTH. THIS IS 4.6
INCHES BELOW THE MONTHLY AVERAGE OF 7.9 INCHES.

REMEMBER... THIS DATA IS PROVISIONAL AND SUBJECT TO CHANGE. THE
FINAL AND OFFICIAL RECORDS WILL BE AVAILABLE FROM THE NATIONAL
CENTERS FOR ENVIRONMENTAL INFORMATION (FORMERLY THE NATIONAL CLIMATE
DATA CENTER).

$$
