000
CXUS53 KFGF 011035
CLMFAR

BISCLMFAR 000
TTAA00 KFGF 011033


CLIMATE REPORT
NATIONAL WEATHER SERVICE EASTERN NORTH DAKOTA/GRAND FORKS
341 AM CST MON DEC 1 2014

...................................

...THE FARGO HECTOR INTL AP ND CLIMATE SUMMARY FOR THE MONTH OF NOVEMBER 2014...

CLIMATE NORMAL PERIOD 1981 TO 2010
CLIMATE RECORD PERIOD 1881 TO 2014

WEATHER         OBSERVED          NORMAL  DEPART  LAST YEAR`S
                 VALUE   DATE(S)  VALUE   FROM    VALUE  DATE(S)
                                          NORMAL
................................................................
TEMPERATURE (F)
RECORD
 HIGH              74   11/01/1990
 LOW              -27   11/30/1905
HIGHEST            57   11/02        35      22       61  11/13
LOWEST            -13   11/27        19     -32       -6  11/23
AVG. MAXIMUM     30.9              37.3    -6.4     38.2
AVG. MINIMUM     14.7              20.3    -5.6     18.2
MEAN             22.8              28.8    -6.0     28.2
DAYS MAX >= 90      0               0.0     0.0        0
DAYS MAX <= 32     18              10.3     7.7        8
DAYS MIN <= 32     26              25.9     0.1       27
DAYS MIN <= 0       3               1.8     1.2        1

PRECIPITATION (INCHES)
RECORD
 MAXIMUM           MM   MM
 MINIMUM           MM   MM
TOTALS           0.71              1.00   -0.29     0.40
DAILY AVG.       0.02              0.03   -0.01     0.01
DAYS >= .01        11               7.1     3.9        6
DAYS >= .10         1               2.8    -1.8        1
DAYS >= .50         0               0.5    -0.5        0
DAYS >= 1.00        0               0.0     0.0        0
GREATEST
 24 HR. TOTAL    0.44   11/05 TO 11/05           11/08 TO 11/08
                                                          11/22 TO 11/22
                                                          11/22 TO 11/22
 STORM TOTAL       MM                                 MM
 (MM/DD(HH))            MM                    11/08(00) TO 11/08(00)
                                                 11/22(00) TO 11/22(00)2
                                                 11/22(00) TO 11/22(00)2

SNOWFALL (INCHES)
RECORDS
 TOTAL             MM   MM
TOTALS            3.6               7.9    -4.3      0.3
SINCE 7/1         3.6               8.6    -5.0      0.3
SNOWDEPTH AVG.      0                 3      -3        0
DAYS >= 1.0         0               2.2    -2.2        0
GREATEST
 SNOW DEPTH         2   11/30                          0  MM
                        11/29
                        11/28
 24 HR TOTAL      0.8   MM
 STORM TOTAL       MM                                 MM
 (MM/DD(HH))            MM                    11/22(00) TO 11/22(00)
                                                 11/22(00) TO 11/22(00)2
                                                 11/22(00) TO 11/22(00)2

DEGREE_DAYS
HEATING TOTAL    1258              1086     172     1097
 SINCE 7/1       1957              1962      -5     1841
COOLING TOTAL       0                 0       0        0
 SINCE 1/1        544               551      -7      699
...................................................

WIND (MPH)
AVERAGE WIND SPEED              13.3
HIGHEST WIND SPEED/DIRECTION    37/320    DATE  11/07
HIGHEST GUST SPEED/DIRECTION    46/320    DATE  11/07

SKY COVER
POSSIBLE SUNSHINE (PERCENT)   MM
AVERAGE SKY COVER           0.50
NUMBER OF DAYS FAIR           11
NUMBER OF DAYS PC              9
NUMBER OF DAYS CLOUDY         10

AVERAGE RH (PERCENT)     70

WEATHER CONDITIONS. NUMBER OF DAYS WITH
THUNDERSTORM              0     MIXED PRECIP               0
HEAVY RAIN                0     RAIN                       0
LIGHT RAIN                6     FREEZING RAIN              0
LT FREEZING RAIN          0     HAIL                       0
HEAVY SNOW                0     SNOW                       1
LIGHT SNOW               17     SLEET                      0
FOG                      10     FOG W/VIS <= 1/4 MILE      0
HAZE                     11

-  INDICATES NEGATIVE NUMBERS.
R  INDICATES RECORD WAS SET OR TIED.
MM INDICATES DATA IS MISSING.
T  INDICATES TRACE AMOUNT.

$$

THE AVERAGE TEMPERATURE FOR NOVEMBER 2014 AT FARGO-HECTOR FIELD WAS
22.8 DEGREES, WHICH WAS 6 DEGREES BELOW NORMAL.  THIS MAKES IT THE
11TH COLDEST NOVEMBER ON RECORD.
