000
CXUS53 KFGF 010956
CLMFAR

CLIMATE REPORT
NATIONAL WEATHER SERVICE EASTERN NORTH DAKOTA/GRAND FORKS
455 AM CDT TUE AUG 1 2017

...................................

...THE FARGO HECTOR INTL AP ND CLIMATE SUMMARY FOR THE MONTH OF JULY 2017...

CLIMATE NORMAL PERIOD 1981 TO 2010
CLIMATE RECORD PERIOD 1881 TO 2017

WEATHER         OBSERVED          NORMAL  DEPART  LAST YEAR`S
                 VALUE   DATE(S)  VALUE   FROM    VALUE  DATE(S)
                                          NORMAL
................................................................
TEMPERATURE (F)
RECORD
 HIGH             114   07/06/1936
 LOW               36   07/03/1967
HIGHEST            95   07/04        82      13       92  07/22
LOWEST             46   07/02        59     -13       45  07/01
AVG. MAXIMUM     84.7              82.5     2.2     82.3
AVG. MINIMUM     59.5              59.5     0.0     61.4
MEAN             72.1              71.0     1.1     71.9
DAYS MAX >= 90      7               3.8     3.2        4
DAYS MAX <= 32      0               0.0     0.0        0
DAYS MIN <= 32      0               0.0     0.0        0
DAYS MIN <= 0       0               0.0     0.0        0

PRECIPITATION (INCHES)
RECORD
 MAXIMUM         8.42   1952
 MINIMUM         0.42   1950
TOTALS           1.06              2.79   -1.73     5.98
DAILY AVG.       0.03              0.09   -0.06     0.19
DAYS >= .01         8               9.5    -1.5       12
DAYS >= .10         4               5.4    -1.4        7
DAYS >= .50         0               1.7    -1.7        3
DAYS >= 1.00        0               0.7    -0.7        3
GREATEST
 24 HR. TOTAL    0.37   07/04 TO 07/04           07/10 TO 07/11
                        07/04 TO 07/05                    07/11 TO 07/11
                                                          07/11 TO 07/11
 STORM TOTAL       MM                                 MM
 (MM/DD(HH))            MM                    07/11(00) TO 07/11(00)
                                                 07/11(00) TO 07/11(00)1
                                                 07/11(00) TO 07/11(00)1

SNOWFALL (INCHES)
RECORDS
 TOTAL             MM   MM
TOTALS            0.0               0.0     0.0      0.0
SINCE 7/1         0.0               0.0     0.0      0.0
SNOWDEPTH AVG.      0                MM      MM        0
DAYS >= 1.0         0               0.0     0.0        0
GREATEST
 SNOW DEPTH         0   MM                             0  MM
 24 HR TOTAL      0.0   07/31 TO 07/31
 STORM TOTAL       MM                                 MM
 (MM/DD(HH))            MM                    07/31(00) TO 07/31(00)
                                                 07/11(00) TO 07/11(00)1
                                                 07/11(00) TO 07/11(00)1

DEGREE_DAYS
HEATING TOTAL       7                16      -9        8
 SINCE 7/1          7                16      -9        8
COOLING TOTAL     237               202      35      228
 SINCE 1/1        374               340      34      423
..................................................

WIND (MPH)
AVERAGE WIND SPEED              8.9
HIGHEST WIND SPEED/DIRECTION    39/330    DATE  07/04
HIGHEST GUST SPEED/DIRECTION    57/320    DATE  07/04

SKY COVER
POSSIBLE SUNSHINE (PERCENT)   MM
AVERAGE SKY COVER           0.10
NUMBER OF DAYS FAIR           28
NUMBER OF DAYS PC              2
NUMBER OF DAYS CLOUDY          1

AVERAGE RH (PERCENT)     69

WEATHER CONDITIONS. NUMBER OF DAYS WITH
THUNDERSTORM              0     MIXED PRECIP               0
HEAVY RAIN                5     RAIN                       2
LIGHT RAIN               12     FREEZING RAIN              0
LT FREEZING RAIN          0     HAIL                       0
HEAVY SNOW                0     SNOW                       0
LIGHT SNOW                0     SLEET                      0
FOG                       9     FOG W/VIS <= 1/4 MILE      1
HAZE                      0

-  INDICATES NEGATIVE NUMBERS.
R  INDICATES RECORD WAS SET OR TIED.
MM INDICATES DATA IS MISSING.
T  INDICATES TRACE AMOUNT.

&&

REMARKS...

THE MONTH OF JULY WAS SLIGHTLY ABOVE NORMAL WITH RESPECT TO
TEMPERATURES. THE AVERAGE TEMPERATURE FOR JULY WAS 72.1 DEGREES
WHICH IS 1.1 DEGREES ABOVE NORMAL.

PRECIPITATION FOR JULY WAS MUCH BELOW NORMAL.  THE TOTAL
RAINFALL FOR THE MONTH WAS 1.06 INCHES WHICH IS 1.73 INCHES BELOW
NORMAL.

REMEMBER...THIS DATA IS PROVISIONAL AND SUBJECT TO CHANGE. THE FINAL
AND OFFICIAL RECORDS WILL BE AVAILABLE FROM THE NATIONAL CENTERS FOR
ENVIRONMENTAL INFORMATION (FORMERLY THE NATIONAL CLIMATE DATA
CENTER).

$$
