000
CXUS56 KHNX 011718
CLMFAT


CLIMATE REPORT
NATIONAL WEATHER SERVICE SAN JOAQUIN VALLEY, CA
911 AM PST WED MAR 1 2017

...................................

...THE FRESNO CA CLIMATE SUMMARY FOR THE MONTH OF FEBRUARY 2017...

CLIMATE NORMAL PERIOD 1981 TO 2010
CLIMATE RECORD PERIOD 1887 TO 2017

WEATHER         OBSERVED          NORMAL  DEPART  LAST YEAR`S
                 VALUE   DATE(S)  VALUE   FROM    VALUE  DATE(S)
                                          NORMAL
................................................................
TEMPERATURE (F)
RECORD
 HIGH              84   02/18/1930
                        02/17/1930
 LOW               24   02/15/1990
                        02/07/1989
                        02/13/1949
HIGHEST            73   02/15        MM      MM       78  02/09
LOWEST             31   02/24        MM      MM       33  02/03
AVG. MAXIMUM     61.7              61.6     0.1     67.7
AVG. MINIMUM     46.1              41.5     4.6     43.4
MEAN             53.9              51.5     2.4     55.5
DAYS MAX >= 90      0               0.0     0.0        0
DAYS MIN <= 32      1               1.6    -0.6        0

PRECIPITATION (INCHES)
RECORD
 MAXIMUM         6.12   2000
TOTALS           2.52              2.03    0.49     0.33
DAYS >= .01        12               8.6     3.4        2
DAYS >= .10         7               5.4     1.6        1
DAYS >= .50         2               1.3     0.7        0
DAYS >= 1.00        0               0.2    -0.2        0
GREATEST
 24 HR. TOTAL    0.73   02/17 TO 02/17

SNOWFALL (INCHES)
RECORDS
 TOTAL              T   2000
TOTALS            0.0               0.0

DEGREE_DAYS
HEATING TOTAL     305               377     -72      268
 SINCE 7/1       1614              1912    -298     1701
COOLING TOTAL       0                 0       0        0
 SINCE 1/1          0                 0       0        0
.................................................................

WIND (MPH)
AVERAGE WIND SPEED              6.9
HIGHEST WIND SPEED/DIRECTION    24/150    DATE  02/17
HIGHEST GUST SPEED/DIRECTION    30/280    DATE  02/22

AVERAGE RH (PERCENT)     74

WEATHER CONDITIONS. NUMBER OF DAYS WITH
THUNDERSTORM              0     RAIN                       7
HAIL                      0     FOG                       14
FOG W/VIS <= 1/4 MILE     1     HAZE                       5

-  INDICATES NEGATIVE NUMBERS.
R  INDICATES RECORD WAS SET OR TIED.
MM INDICATES DATA IS MISSING.
T  INDICATES TRACE AMOUNT.

$$
