000
CXUS56 KHNX 020015
CLMFAT


CLIMATE REPORT
NATIONAL WEATHER SERVICE SAN JOAQUIN VALLEY - HANFORD CA
515 PM PDT TUE SEP 1 2015

...................................

...THE FRESNO CA CLIMATE SUMMARY FOR THE MONTH OF AUGUST 2015...

CLIMATE NORMAL PERIOD 1981 TO 2010
CLIMATE RECORD PERIOD 1887 TO 2015

WEATHER         OBSERVED          NORMAL  DEPART  LAST YEAR`S
                 VALUE   DATE(S)  VALUE   FROM    VALUE  DATE(S)
                                          NORMAL
................................................................
TEMPERATURE (F)
RECORD
 HIGH             113   08/08/1908
                        08/11/1898
 LOW               49   08/30/1966
HIGHEST           108   08/17        MM      MM      109  08/01
LOWEST             62   08/05        MM      MM       65  08/26
AVG. MAXIMUM     97.1              97.1     0.0     98.6
AVG. MINIMUM     67.6              66.2     1.4     70.1
MEAN             82.4              81.7     0.7     84.4
DAYS MAX >= 90     29              27.1     1.9       29
DAYS MIN <= 32      0               0.0     0.0        0

PRECIPITATION (INCHES)
RECORD
 MAXIMUM         0.25   1964
TOTALS           0.00              0.01   -0.01        T
DAYS >= .01         0               0.3    -0.3        0
DAYS >= .10         0               0.0     0.0        0
DAYS >= .50         0               0.0     0.0        0
DAYS >= 1.00        0               0.0     0.0        0
GREATEST
 24 HR. TOTAL    0.00   MM

SNOWFALL (INCHES)
RECORDS
 TOTAL            0.0   MM
TOTALS            0.0               0.0

DEGREE_DAYS
HEATING TOTAL       0                 0       0        0
 SINCE 7/1          0                 0       0        0
COOLING TOTAL     545               516      29      606
 SINCE 1/1       1899              1684     215     2221
.................................................................

WIND (MPH)
AVERAGE WIND SPEED              7.6
HIGHEST WIND SPEED/DIRECTION    23/320    DATE  08/29
HIGHEST GUST SPEED/DIRECTION    28/330    DATE  08/29

AVERAGE RH (PERCENT)     39

WEATHER CONDITIONS. NUMBER OF DAYS WITH
THUNDERSTORM              0     RAIN                       0
HAIL                      0     FOG                        0
FOG W/VIS <= 1/4 MILE     0     HAZE                       6

-  INDICATES NEGATIVE NUMBERS.
R  INDICATES RECORD WAS SET OR TIED.
MM INDICATES DATA IS MISSING.
T  INDICATES TRACE AMOUNT.

$$

SANGER/OCHS/ROWE

WEATHER.GOV/HANFORD
