000
CXUS56 KHNX 011300
CLMFAT


CLIMATE REPORT
NATIONAL WEATHER SERVICE SAN JOAQUIN VALLEY - HANFORD CA
500 AM PST THU JAN 1 2015

...................................

...THE FRESNO CA CLIMATE SUMMARY FOR THE MONTH OF DECEMBER 2014...

CLIMATE NORMAL PERIOD 1981 TO 2010
CLIMATE RECORD PERIOD 1887 TO 2014

WEATHER         OBSERVED          NORMAL  DEPART  LAST YEAR`S
                 VALUE   DATE(S)  VALUE   FROM    VALUE  DATE(S)
                                          NORMAL
................................................................
TEMPERATURE (F)
RECORD
 HIGH              77   12/08/2006
 LOW               18   12/23/1990
                        12/12/1932
HIGHEST            73   12/01        MM      MM       69  12/25
                                                          12/01
LOWEST             31   12/31        MM      MM       27  12/09
AVG. MAXIMUM     59.4              54.9     4.5     59.9
AVG. MINIMUM     44.4              38.0     6.4     34.8
MEAN             51.9              46.5     5.4     47.3
DAYS MAX >= 90      0               0.0     0.0        0
DAYS MIN <= 32      4               5.1    -1.1       10

PRECIPITATION (INCHES)
RECORD
 MAXIMUM         6.73   1955
TOTALS           2.29              1.77    0.52     0.15
DAYS >= .01         6               7.5    -1.5        1
DAYS >= .10         5               4.3     0.7        1
DAYS >= .50         1               1.0     0.0        0
DAYS >= 1.00        1               0.2     0.8        0
GREATEST
 24 HR. TOTAL    1.38   12/11 TO 12/12

SNOWFALL (INCHES)
RECORDS
 TOTAL            1.5   12/28/1911
TOTALS            0.0                 T

DEGREE_DAYS
HEATING TOTAL     401               575    -174      540
 SINCE 7/1        622               963    -341      761
COOLING TOTAL       0                 0       0        0
 SINCE 1/1       2932              2124     808     2625
.................................................................

WIND (MPH)
AVERAGE WIND SPEED              4.1
HIGHEST WIND SPEED/DIRECTION    28/310    DATE  12/24
HIGHEST GUST SPEED/DIRECTION    33/310    DATE  12/24

AVERAGE RH (PERCENT)     78

WEATHER CONDITIONS. NUMBER OF DAYS WITH
THUNDERSTORM              0     RAIN                      11
HAIL                      0     FOG                       23
FOG W/VIS <= 1/4 MILE     9     HAZE                      17

-  INDICATES NEGATIVE NUMBERS.
R  INDICATES RECORD WAS SET OR TIED.
MM INDICATES DATA IS MISSING.
T  INDICATES TRACE AMOUNT.

$$

SANGER/OCHS

WEATHER.GOV/HANFORD
