000
CXUS56 KHNX 020616
CLMFAT


CLIMATE REPORT
NATIONAL WEATHER SERVICE SAN JOAQUIN VALLEY, CA
1107 PM PDT MON MAY 1 2017

...................................

...THE FRESNO CA CLIMATE SUMMARY FOR THE MONTH OF APRIL 2017...

CLIMATE NORMAL PERIOD 1981 TO 2010
CLIMATE RECORD PERIOD 1887 TO 2017

WEATHER         OBSERVED          NORMAL  DEPART  LAST YEAR`S
                 VALUE   DATE(S)  VALUE   FROM    VALUE  DATE(S)
                                          NORMAL
................................................................
TEMPERATURE (F)
RECORD
 HIGH             101   04/24/1910
                        04/25/1898
 LOW               32   04/07/1982
                        04/01/1975
                        04/09/1953
HIGHEST            84   04/30        MM      MM       90  04/19
                                                          04/18
LOWEST             39   04/09        MM      MM       46  04/26
                                                          04/15
AVG. MAXIMUM     73.8              74.6    -0.8     77.6
AVG. MINIMUM     50.3              49.4     0.9     52.9
MEAN             62.1              62.0     0.1     65.3
DAYS MAX >= 90      0               1.8    -1.8        2
DAYS MIN <= 32      0               0.0     0.0        0

PRECIPITATION (INCHES)
RECORD
 MAXIMUM         4.41   1967
TOTALS           3.42              0.95    2.47     1.06
DAYS >= .01         7               4.5     2.5        4
DAYS >= .10         4               2.3     1.7        2
DAYS >= .50         2               0.5     1.5        1
DAYS >= 1.00        1               0.1     0.9        0
GREATEST
 24 HR. TOTAL    2.04   04/13 TO 04/13

SNOWFALL (INCHES)
RECORDS
 TOTAL            0.0
TOTALS            0.0               0.0

DEGREE_DAYS
HEATING TOTAL      94               136     -42       47
 SINCE 7/1       1910              2313    -403     1937
COOLING TOTAL      13                46     -33       63
 SINCE 1/1         30                51     -21       64
.................................................................

WIND (MPH)
AVERAGE WIND SPEED              8.2
HIGHEST WIND SPEED/DIRECTION    29/310    DATE  04/28
HIGHEST GUST SPEED/DIRECTION    38/060    DATE  04/13

AVERAGE RH (PERCENT)     59

WEATHER CONDITIONS. NUMBER OF DAYS WITH
THUNDERSTORM              0     RAIN                       4
HAIL                      1     FOG                        5
FOG W/VIS <= 1/4 MILE     0     HAZE                       2

-  INDICATES NEGATIVE NUMBERS.
R  INDICATES RECORD WAS SET OR TIED.
MM INDICATES DATA IS MISSING.
T  INDICATES TRACE AMOUNT.

$$
