000
CXUS56 KHNX 091536 CCA
CLMFAT

CLIMATE REPORT
NATIONAL WEATHER SERVICE SAN JOAQUIN VALLEY, CA
1157 AM PDT TUE AUG 1 2017

...................................

...THE FRESNO CA CLIMATE SUMMARY FOR THE MONTH OF JULY 2017...

CLIMATE NORMAL PERIOD 1981 TO 2010
CLIMATE RECORD PERIOD 1887 TO 2017

WEATHER         OBSERVED          NORMAL  DEPART  LAST YEAR`S
                 VALUE   DATE(S)  VALUE   FROM    VALUE  DATE(S)
                                          NORMAL
................................................................
TEMPERATURE (F)
RECORD
 HIGH             115   07/08/1905
 LOW               50   07/06/1955
                        07/03/1901
HIGHEST           107   07/17        MM      MM      109  07/29
                        07/08                             07/27
LOWEST             65   07/01        MM      MM       61  07/11
                                                          07/10
AVG. MAXIMUM    101.9              98.4     3.5    100.0
AVG. MINIMUM     71.1              67.6     3.5     68.0
MEAN             86.5              83.0     3.5     84.0
DAYS MAX >= 90     31              28.7     2.3       30
DAYS MIN <= 32      0               0.0     0.0        0

PRECIPITATION (INCHES)
RECORD
 MAXIMUM         0.43   2015
TOTALS           0.00R             0.01   -0.01     0.00
DAYS >= .01         0               0.2    -0.2        0
DAYS >= .10         0               0.0     0.0        0
DAYS >= .50         0               0.0     0.0        0
DAYS >= 1.00        0               0.0     0.0        0
GREATEST
 24 HR. TOTAL    0.00   07/31 TO 07/31

SNOWFALL (INCHES)
RECORDS
 TOTAL            0.0
TOTALS            0.0               0.0

DEGREE_DAYS
HEATING TOTAL       0                 0       0        0
 SINCE 7/1          0                 0       0        0
COOLING TOTAL     674               558     116      598
 SINCE 1/1       1402              1168     234     1363
.................................................................

WIND (MPH)
AVERAGE WIND SPEED              7.4
HIGHEST WIND SPEED/DIRECTION    20/310    DATE  07/18
HIGHEST GUST SPEED/DIRECTION    30/360    DATE  07/19

AVERAGE RH (PERCENT)     34

WEATHER CONDITIONS. NUMBER OF DAYS WITH
THUNDERSTORM              0     RAIN                       0
HAIL                      0     FOG                        0
FOG W/VIS <= 1/4 MILE     0     HAZE                       2

-  INDICATES NEGATIVE NUMBERS.
R  INDICATES RECORD WAS SET OR TIED.
MM INDICATES DATA IS MISSING.
T  INDICATES TRACE AMOUNT.

$$
