000
CXUS56 KHNX 011511
CLMFAT


CLIMATE REPORT
NATIONAL WEATHER SERVICE SAN JOAQUIN VALLEY, CA
807 AM PDT SUN OCT 1 2017

...................................

...THE FRESNO CA CLIMATE SUMMARY FOR THE MONTH OF SEPTEMBER 2017...

CLIMATE NORMAL PERIOD 1981 TO 2010
CLIMATE RECORD PERIOD 1887 TO 2017

WEATHER         OBSERVED          NORMAL  DEPART  LAST YEAR`S
                 VALUE   DATE(S)  VALUE   FROM    VALUE  DATE(S)
                                          NORMAL
................................................................
TEMPERATURE (F)
RECORD
 HIGH             111   09/03/1955
                        09/11/1888
 LOW               37   09/30/1950
HIGHEST           109   09/02        MM      MM      104  09/19
LOWEST             51   09/23        MM      MM       52  09/23
AVG. MAXIMUM     90.1              90.9    -0.8     91.3
AVG. MINIMUM     64.2              61.5     2.7     60.9
MEAN             77.1              76.2     0.9     76.1
DAYS MAX >= 90     16              18.1    -2.1       21
DAYS MIN <= 32      0               0.0     0.0        0

PRECIPITATION (INCHES)
RECORD
 MAXIMUM         1.78   1904
TOTALS           0.16              0.17   -0.01     0.00
DAYS >= .01         2               1.0     1.0        0
DAYS >= .10         1               0.5     0.5        0
DAYS >= .50         0               0.1    -0.1        0
DAYS >= 1.00        0               0.0     0.0        0
GREATEST
 24 HR. TOTAL    0.10   09/11 TO 09/11

SNOWFALL (INCHES)
RECORDS
 TOTAL            0.0
TOTALS            0.0               0.0

DEGREE_DAYS
HEATING TOTAL       4                 2       2        2
 SINCE 7/1          4                 2       2        2
COOLING TOTAL     375               338      37      344
 SINCE 1/1       2414              2022     392     2259
.................................................................

WIND (MPH)
AVERAGE WIND SPEED              6.3
HIGHEST WIND SPEED/DIRECTION    25/120    DATE  09/03
HIGHEST GUST SPEED/DIRECTION    32/320    DATE  09/21

AVERAGE RH (PERCENT)     48

WEATHER CONDITIONS. NUMBER OF DAYS WITH
THUNDERSTORM              0     RAIN                       1
HAIL                      0     FOG                        2
FOG W/VIS <= 1/4 MILE     0     HAZE                      12

-  INDICATES NEGATIVE NUMBERS.
R  INDICATES RECORD WAS SET OR TIED.
MM INDICATES DATA IS MISSING.
T  INDICATES TRACE AMOUNT.

$$
