000
CXUS56 KHNX 020550
CLMFAT


CLIMATE REPORT
NATIONAL WEATHER SERVICE SAN JOAQUIN VALLEY, CA
1001 PM PDT SAT APR 1 2017

...................................

...THE FRESNO CA CLIMATE SUMMARY FOR THE MONTH OF MARCH 2017...

CLIMATE NORMAL PERIOD 1981 TO 2010
CLIMATE RECORD PERIOD 1887 TO 2017

WEATHER         OBSERVED          NORMAL  DEPART  LAST YEAR`S
                 VALUE   DATE(S)  VALUE   FROM    VALUE  DATE(S)
                                          NORMAL
................................................................
TEMPERATURE (F)
RECORD
 HIGH              91   03/27/2015
                        03/15/2015
                        55/11/2629
 LOW               26   03/03/1966
                        03/02/1953
HIGHEST            87   03/14        MM      MM       79  03/18
                                                          03/01
LOWEST             34   03/06        MM      MM       40  03/29
                                                          03/23
AVG. MAXIMUM     70.3              67.6     2.7     69.2
AVG. MINIMUM     47.2              45.6     1.6     48.2
MEAN             58.8              56.6     2.2     58.7
DAYS MAX >= 90      0               0.0     0.0        0
DAYS MIN <= 32      0               0.1    -0.1        0

PRECIPITATION (INCHES)
RECORD
 MAXIMUM         7.24   1991
TOTALS           1.08              2.03   -0.95     2.93
DAYS >= .01         7               7.5    -0.5        7
DAYS >= .10         2               4.9    -2.9        6
DAYS >= .50         0               1.3    -1.3        3
DAYS >= 1.00        0               0.2    -0.2        1
GREATEST
 24 HR. TOTAL    0.48   03/25 TO 03/25

SNOWFALL (INCHES)
RECORDS
 TOTAL            0.2   1929
TOTALS            0.0               0.0

DEGREE_DAYS
HEATING TOTAL     202               265     -63      189
 SINCE 7/1       1816              2177    -361     1890
COOLING TOTAL      17                 5      12        1
 SINCE 1/1         17                 5      12        1
.................................................................

WIND (MPH)
AVERAGE WIND SPEED              5.4
HIGHEST WIND SPEED/DIRECTION    36/290    DATE  03/30
HIGHEST GUST SPEED/DIRECTION    42/290    DATE  03/30

AVERAGE RH (PERCENT)     66

WEATHER CONDITIONS. NUMBER OF DAYS WITH
THUNDERSTORM              0     RAIN                       3
HAIL                      0     FOG                       13
FOG W/VIS <= 1/4 MILE     1     HAZE                      10

-  INDICATES NEGATIVE NUMBERS.
R  INDICATES RECORD WAS SET OR TIED.
MM INDICATES DATA IS MISSING.
T  INDICATES TRACE AMOUNT.

$$
