000
CXUS56 KHNX 012325
CLMFAT


CLIMATE REPORT
NATIONAL WEATHER SERVICE SAN JOAQUIN VALLEY - HANFORD CA
425 PM PDT WED OCT 1 2014

...................................

...THE FRESNO CA CLIMATE SUMMARY FOR THE MONTH OF SEPTEMBER 2014...

CLIMATE NORMAL PERIOD 1981 TO 2010
CLIMATE RECORD PERIOD 1887 TO 2014

WEATHER         OBSERVED          NORMAL  DEPART  LAST YEAR`S
                 VALUE   DATE(S)  VALUE   FROM    VALUE  DATE(S)
                                          NORMAL
................................................................
TEMPERATURE (F)
RECORD
 HIGH             111   09/03/1955
                        09/11/1888
 LOW               37   09/30/1950
HIGHEST           105   09/14        MM      MM      103  09/08
LOWEST             59   09/29        MM      MM       51  09/27
                        09/27
AVG. MAXIMUM     94.6              90.9     3.7     91.5
AVG. MINIMUM     66.9              61.5     5.4     64.2
MEAN             80.7              76.2     4.5     77.8
DAYS MAX >= 90     23              18.1     4.9       19
DAYS MIN <= 32      0               0.0     0.0        0

PRECIPITATION (INCHES)
RECORD
 MAXIMUM         1.78   1904
TOTALS           0.18              0.17    0.01     0.01
DAYS >= .01         1               1.0     0.0        1
DAYS >= .10         1               0.5     0.5        0
DAYS >= .50         0               0.1    -0.1        0
DAYS >= 1.00        0               0.0     0.0        0
GREATEST
 24 HR. TOTAL    0.18   09/28 TO 09/28

SNOWFALL (INCHES)
RECORDS
 TOTAL             MM   MM
TOTALS            0.0               0.0

DEGREE_DAYS
HEATING TOTAL       0                 2      -2        2
 SINCE 7/1          0                 2      -2        0
COOLING TOTAL     479               338     141      394
 SINCE 1/1       2700              2022     678     2540
.................................................................

WIND (MPH)
AVERAGE WIND SPEED              6.2
HIGHEST WIND SPEED/DIRECTION    22/300    DATE  09/25
HIGHEST GUST SPEED/DIRECTION    28/300    DATE  09/25

AVERAGE RH (PERCENT)     42

WEATHER CONDITIONS. NUMBER OF DAYS WITH
THUNDERSTORM              0     RAIN                       0
HAIL                      0     FOG                        0
FOG W/VIS <= 1/4 MILE     0     HAZE                      10

-  INDICATES NEGATIVE NUMBERS.
R  INDICATES RECORD WAS SET OR TIED.
MM INDICATES DATA IS MISSING.
T  INDICATES TRACE AMOUNT.

$$

SANGER/OCHS

WEATHER.GOV/HANFORD
