000
CXUS52 KRAH 011351
CLMFAY


CLIMATE REPORT
NATIONAL WEATHER SERVICE RALEIGH NC
949 AM EDT WED OCT 1 2014

...................................

...THE FAYETTEVILLE REGL AIRPORT NC CLIMATE SUMMARY FOR THE MONTH OF SEPTEMBER 2014...

CLIMATE NORMAL PERIOD 1981 TO 2010
CLIMATE RECORD PERIOD 1910 TO 2014

WEATHER         OBSERVED          NORMAL  DEPART  LAST YEAR`S
                 VALUE   DATE(S)  VALUE   FROM    VALUE
                                          NORMAL
.............................................................
TEMPERATURE (F)
RECORD
 HIGH             106   09/18/1931
 LOW               28   09/20/1941
HIGHEST            98   09/02                         93
LOWEST             57   09/27                         51
                        09/23
AVG. MAXIMUM     82.4              83.6    -1.2     85.1
AVG. MINIMUM     66.3              63.7     2.6     62.1
MEAN             74.4              73.6     0.8     73.6
DAYS MAX >= 90      7                                 12
DAYS MAX <= 32      0                                  0
DAYS MIN <= 32      0                                  0
DAYS MIN <= 0       0                                  0

PRECIPITATION (INCHES)
RECORD
 MAXIMUM         8.72   2010
TOTALS           6.86              4.40    2.46     1.07
DAYS >= .01        15
DAYS >= .10        11
DAYS >= .50         2
DAYS >= 1.00        2
GREATEST
 24 HR. TOTAL    2.33   09/07 TO 09/08

DEGREE_DAYS
HEATING TOTAL       5                 9      -4        0
 SINCE 7/1          5                 9      -4        0
COOLING TOTAL     293               268      25      265
 SINCE 1/1       2034              1908     126     1844
..............................................................

WIND (MPH)
AVERAGE WIND SPEED              6.3
HIGHEST WIND SPEED/DIRECTION    28/290    DATE  09/02
HIGHEST GUST SPEED/DIRECTION    35/290    DATE  09/02

SKY COVER
POSSIBLE SUNSHINE (PERCENT)   MM
AVERAGE SKY COVER           0.50
NUMBER OF DAYS FAIR           14
NUMBER OF DAYS PC              8
NUMBER OF DAYS CLOUDY          8

AVERAGE RH (PERCENT)     78

WEATHER CONDITIONS. NUMBER OF DAYS WITH
THUNDERSTORM              6     MIXED PRECIP               0
HEAVY RAIN                4     RAIN                       7
LIGHT RAIN               15     FREEZING RAIN              0
LT FREEZING RAIN          0     HAIL                       0
HEAVY SNOW                0     SNOW                       0
LIGHT SNOW                0     SLEET                      0
FOG                      23     FOG W/VIS <= 1/4 MILE      2
HAZE                      1

-  INDICATES NEGATIVE NUMBERS.
R  INDICATES RECORD WAS SET OR TIED.
MM INDICATES DATA IS MISSING.
T  INDICATES TRACE AMOUNT.

&&

A RECORD LOW MAXIMUM OF 75 DEGREES WAS TIED AT FAYETTEVILLE REGL AIRPORT ON SEPTEMBER 2

$$
