000
CXUS52 KRAH 011443
CLMFAY


CLIMATE REPORT
NATIONAL WEATHER SERVICE RALEIGH NC
1038 AM EDT SAT AUG 1 2015

...................................

...THE FAYETTEVILLE REGL AIRPORT NC CLIMATE SUMMARY FOR THE MONTH OF JULY 2015...

CLIMATE NORMAL PERIOD 1981 TO 2010
CLIMATE RECORD PERIOD 1910 TO 2015

WEATHER         OBSERVED          NORMAL  DEPART  LAST YEAR`S
                 VALUE   DATE(S)  VALUE   FROM    VALUE
                                          NORMAL
.............................................................
TEMPERATURE (F)
RECORD
 HIGH             107   07/22/1932
 LOW               51   07/23/1944
                        07/05/1933
HIGHEST           100   07/10                        100
LOWEST             65   07/26                         61
                        07/25
AVG. MAXIMUM     92.8              91.2     1.6     90.5
AVG. MINIMUM     72.5              71.5     1.0     70.3
MEAN             82.7              81.4     1.3     80.4
DAYS MAX >= 90     25                                 16
DAYS MAX <= 32      0                                  0
DAYS MIN <= 32      0                                  0
DAYS MIN <= 0       0                                  0

PRECIPITATION (INCHES)
RECORD
 MAXIMUM        13.35   1943
TOTALS           3.38              5.92   -2.54     1.86
DAYS >= .01         6
DAYS >= .10         4
DAYS >= .50         2
DAYS >= 1.00        2
GREATEST
 24 HR. TOTAL    1.54   07/19 TO 07/19
                        07/18 TO 07/19
                        07/19 TO 07/19

DEGREE_DAYS
COOLING TOTAL     555               507      48      484
 SINCE 1/1       1374              1187     187     1307
..............................................................

WIND (MPH)
AVERAGE WIND SPEED              7.1
HIGHEST WIND SPEED/DIRECTION    30/100    DATE  07/19
HIGHEST GUST SPEED/DIRECTION    38/200    DATE  07/19

SKY COVER
POSSIBLE SUNSHINE (PERCENT)   MM
AVERAGE SKY COVER           0.20
NUMBER OF DAYS FAIR           26
NUMBER OF DAYS PC              5
NUMBER OF DAYS CLOUDY          0

AVERAGE RH (PERCENT)     69

WEATHER CONDITIONS. NUMBER OF DAYS WITH
THUNDERSTORM              9     MIXED PRECIP               0
HEAVY RAIN                4     RAIN                       2
LIGHT RAIN                8     FREEZING RAIN              0
LT FREEZING RAIN          0     HAIL                       0
HEAVY SNOW                0     SNOW                       0
LIGHT SNOW                0     SLEET                      0
FOG                      14     FOG W/VIS <= 1/4 MILE      0
HAZE                      4

-  INDICATES NEGATIVE NUMBERS.
R  INDICATES RECORD WAS SET OR TIED.
MM INDICATES DATA IS MISSING.
T  INDICATES TRACE AMOUNT.

&&

A RECORD HIGH MINIMUM TEMPERATURE OF 78 DEGREES WAS TIED AT
FAYETTEVILLE REGIONAL AIRPORT ON JULY 15TH. THIS TIED THE RECORD
ORIGINALLY SET IN 1993.

THE MONTHLY AVERAGE TEMPERATURE AT FAYETTEVILLE REGIONAL AIRPORT FOR
JULY 2015 WAS 82.7 DEGREES (AS OF 8 PM ON THE 31ST). THIS MAKES JULY
2015 THE 6TH WARMEST JULY ON RECORD.

$$
