000
CXUS52 KRAH 011337
CLMFAY


CLIMATE REPORT
NATIONAL WEATHER SERVICE RALEIGH NC
933 AM EDT TUE AUG 1 2017

...................................

...THE FAYETTEVILLE REGL AIRPORT NC CLIMATE SUMMARY FOR THE MONTH OF JULY 2017...

CLIMATE NORMAL PERIOD 1981 TO 2010
CLIMATE RECORD PERIOD 1910 TO 2017

WEATHER         OBSERVED          NORMAL  DEPART  LAST YEAR`S
                 VALUE   DATE(S)  VALUE   FROM    VALUE
                                          NORMAL
.............................................................
TEMPERATURE (F)
RECORD
 HIGH             107   07/22/1932
 LOW               51   07/23/1944
                        07/05/1933
HIGHEST           102   07/23                        101
LOWEST             59   07/31                         70
AVG. MAXIMUM     93.8              91.2     2.6     95.1
AVG. MINIMUM     74.5              71.5     3.0     74.2
MEAN             84.2              81.4     2.8     84.7
DAYS MAX >= 90     25                                 30
DAYS MAX <= 32      0                                  0
DAYS MIN <= 32      0                                  0
DAYS MIN <= 0       0                                  0

PRECIPITATION (INCHES)
RECORD
 MAXIMUM        13.35   1943
TOTALS           7.89              5.92    1.97     4.55
DAYS >= .01         9
DAYS >= .10         6
DAYS >= .50         5
DAYS >= 1.00        3
GREATEST
 24 HR. TOTAL    2.33   07/23 TO 07/23

DEGREE_DAYS
COOLING TOTAL     582               507      75      619
 SINCE 1/1       1517              1187     330     1407
..............................................................

WIND (MPH)
AVERAGE WIND SPEED              7.5
HIGHEST WIND SPEED/DIRECTION    40/010    DATE  07/23
HIGHEST GUST SPEED/DIRECTION    55/360    DATE  07/23

SKY COVER
POSSIBLE SUNSHINE (PERCENT)   MM
AVERAGE SKY COVER           0.20
NUMBER OF DAYS FAIR           22
NUMBER OF DAYS PC              9
NUMBER OF DAYS CLOUDY          0

AVERAGE RH (PERCENT)     70

WEATHER CONDITIONS. NUMBER OF DAYS WITH
THUNDERSTORM             10     MIXED PRECIP               0
HEAVY RAIN                6     RAIN                       4
LIGHT RAIN               10     FREEZING RAIN              0
LT FREEZING RAIN          0     HAIL                       0
HEAVY SNOW                0     SNOW                       0
LIGHT SNOW                0     SLEET                      0
FOG                       7     FOG W/VIS <= 1/4 MILE      1
HAZE                      4

-  INDICATES NEGATIVE NUMBERS.
R  INDICATES RECORD WAS SET OR TIED.
MM INDICATES DATA IS MISSING.
T  INDICATES TRACE AMOUNT.

&&

A RECORD HIGH MINIMUM TEMPERATURE OF 79 DEGREES WAS SET AT
FAYETTEVILLE REGL AIRPORT NC ON JULY 23. THIS TIED THE OLD RECORD,
LAST SET IN 1998.

A RECORD DAILY RAINFALL OF 2.33 INCHES WAS SET AT FAYETTEVILLE REGL
AIRPORT NC ON JULY 23. THIS BROKE THE OLD RECORD OF 1.70 INCHES, SET
IN 1923.

A RECORD HIGH MINIMUM TEMPERATURE OF 82 DEGREES WAS SET AT THE
FAYETTEVILLE REGL AIRPORT NC ON JULY 22. THIS BROKE THE OLD RECORD
OF 79 DEGREES, LAST SET IN 2011.

A RECORD HIGH MINIMUM TEMPERATURE OF 80 DEGREES WAS SET AT THE
FAYETTEVILLE REGL AIRPORT NC ON JULY 21. THIS BROKE THE OLD RECORD
OF 79 DEGREES, LAST SET IN 1944.

A RECORD HIGH MINIMUM TEMPERATURE OF 76 DEGREES WAS SET AT
FAYETTEVILLE REGL AIRPORT NC ON JULY 17. THIS TIED THE OLD RECORD,
LAST SET IN 2013.

A RECORD DAILY RAINFALL OF 2.05 INCHES WAS SET AT FAYETTEVILLE REGL
AIRPORT NC ON JULY 15. THIS BROKE THE OLD RECORD OF 1.20 INCHES,
LAST SET IN 1916.

A RECORD HIGH MINIMUM TEMPERATURE OF 80 DEGREES WAS SET AT
FAYETTEVILLE REGL AIRPORT NC ON JULY 14. THIS TIED THE OLD RECORD,
LAST SET IN 1992.

A RECORD HIGH MINIMUM TEMPERATURE OF 78 DEGREES WAS SET AT
FAYETTEVILLE REGL AIRPORT NC ON JULY 13. THIS TIED THE OLD RECORD,
LAST SET IN 1992.

A RECORD HIGH MINIMUM TEMPERATURE OF 78 DEGREES WAS SET AT THE
FAYETTEVILLE REGL AIRPORT NC ON JULY 7. THIS BROKE THE OLD RECORD OF
77 DEGREES, LAST SET IN 2012.

A RECORD HIGH MINIMUM TEMPERATURE OF 76 DEGREES WAS SET AT
FAYETTEVILLE REGL AIRPORT NC ON JULY 6. THIS TIED THE OLD RECORD,
LAST SET IN 2003.

$$
