873
CXUS52 KRAH 011434
CLMFAY


CLIMATE REPORT
NATIONAL WEATHER SERVICE RALEIGH NC
928 AM EST MON FEB 1 2016

...................................

...THE FAYETTEVILLE REGL AIRPORT NC CLIMATE SUMMARY FOR THE MONTH OF JANUARY 2016...

CLIMATE NORMAL PERIOD 1981 TO 2010
CLIMATE RECORD PERIOD 1910 TO 2016

WEATHER         OBSERVED          NORMAL  DEPART  LAST YEAR`S
                 VALUE   DATE(S)  VALUE   FROM    VALUE
                                          NORMAL
.............................................................
TEMPERATURE (F)
RECORD
 HIGH              81   01/03/1952
                        01/27/1950
 LOW                    01/22/1985
                        01/21/1985
HIGHEST            70   01/31                         76
LOWEST             20   01/20                         13
                        01/19
AVG. MAXIMUM     50.9              53.9    -3.0     52.9
AVG. MINIMUM     32.1              33.2    -1.1     32.4
MEAN             41.5              43.5    -2.0     42.7
DAYS MAX >= 90      0                                  0
DAYS MAX <= 32      0                                  1
DAYS MIN <= 32     20                                 13
DAYS MIN <= 0       0                                  0

PRECIPITATION (INCHES)
RECORD
 MAXIMUM         7.84   1987
TOTALS           1.70              3.30   -1.60     4.37
DAYS >= .01         8
DAYS >= .10         4
DAYS >= .50         2
DAYS >= 1.00        0
GREATEST
 24 HR. TOTAL    0.72   01/22 TO 01/22

DEGREE_DAYS
HEATING TOTAL     720               667      53      683
 SINCE 7/1       1272              1726    -454     1767
..............................................................

WIND (MPH)
AVERAGE WIND SPEED              7.8
HIGHEST WIND SPEED/DIRECTION    30/230    DATE  01/10
HIGHEST GUST SPEED/DIRECTION    39/220    DATE  01/12

SKY COVER
POSSIBLE SUNSHINE (PERCENT)   MM
AVERAGE SKY COVER           0.40
NUMBER OF DAYS FAIR           17
NUMBER OF DAYS PC              8
NUMBER OF DAYS CLOUDY          6

AVERAGE RH (PERCENT)     66

WEATHER CONDITIONS. NUMBER OF DAYS WITH
THUNDERSTORM              0     MIXED PRECIP               0
HEAVY RAIN                1     RAIN                       2
LIGHT RAIN                6     FREEZING RAIN              1
LT FREEZING RAIN          1     HAIL                       0
HEAVY SNOW                0     SNOW                       0
LIGHT SNOW                1     SLEET                      0
FOG                      12     FOG W/VIS <= 1/4 MILE      2
HAZE                      2

-  INDICATES NEGATIVE NUMBERS.
R  INDICATES RECORD WAS SET OR TIED.
MM INDICATES DATA IS MISSING.
T  INDICATES TRACE AMOUNT.

$$
