000
CXUS52 KRAH 011450
CLMFAY


CLIMATE REPORT
NATIONAL WEATHER SERVICE RALEIGH NC
947 AM EST THU FEB 1 2018

...................................

...THE FAYETTEVILLE REGL AIRPORT NC CLIMATE SUMMARY FOR THE MONTH OF JANUARY 2018...

CLIMATE NORMAL PERIOD 1981 TO 2010
CLIMATE RECORD PERIOD 1910 TO 2018

WEATHER         OBSERVED          NORMAL  DEPART  LAST YEAR`S
                 VALUE   DATE(S)  VALUE   FROM    VALUE
                                          NORMAL
.............................................................
TEMPERATURE (F)
RECORD
 HIGH              81   01/03/1952
                        01/27/1950
 LOW                    01/22/1985
                        01/21/1985
HIGHEST            74   01/23                         80
                        01/11
LOWEST              9   01/07                         14
AVG. MAXIMUM     51.7              53.9    -2.2     59.9
AVG. MINIMUM     27.8              33.2    -5.4     40.1
MEAN             39.7              43.5    -3.8     50.0
DAYS MAX >= 90      0                                  0
DAYS MAX <= 32      3                                  1
DAYS MIN <= 32     21                                  6
DAYS MIN <= 0       0                                  0

PRECIPITATION (INCHES)
RECORD
 MAXIMUM         7.84   1987
TOTALS           3.08              3.30   -0.22     2.43
DAYS >= .01         7
DAYS >= .10         6
DAYS >= .50         2
DAYS >= 1.00        2
GREATEST
 24 HR. TOTAL    2.17   01/28 TO 01/29

DEGREE_DAYS
HEATING TOTAL     774               667     107      457
 SINCE 7/1       1787              1726      61     1365
..............................................................

WIND (MPH)
AVERAGE WIND SPEED              7.4
HIGHEST WIND SPEED/DIRECTION    32/250    DATE  01/23
HIGHEST GUST SPEED/DIRECTION    41/230    DATE  01/23

SKY COVER
POSSIBLE SUNSHINE (PERCENT)   MM
AVERAGE SKY COVER           0.30
NUMBER OF DAYS FAIR           23
NUMBER OF DAYS PC              3
NUMBER OF DAYS CLOUDY          5

AVERAGE RH (PERCENT)     62

WEATHER CONDITIONS. NUMBER OF DAYS WITH
THUNDERSTORM              0     MIXED PRECIP               0
HEAVY RAIN                3     RAIN                       5
LIGHT RAIN                7     FREEZING RAIN              0
LT FREEZING RAIN          0     HAIL                       0
HEAVY SNOW                0     SNOW                       0
LIGHT SNOW                4     SLEET                      0
FOG                      11     FOG W/VIS <= 1/4 MILE      0
HAZE                      4

-  INDICATES NEGATIVE NUMBERS.
R  INDICATES RECORD WAS SET OR TIED.
MM INDICATES DATA IS MISSING.
T  INDICATES TRACE AMOUNT.


&&

THE HIGH TEMPERATURE AT THE FAYETTEVILLE REGIONAL AIRPORT ON JANUARY
1ST WAS 30 DEGREES. THIS BROKE A 100-YEAR OLD RECORD LOW MAXIMUM
TEMPERATURE OF 32 DEGREES, SET IN 1918.

THE LOW TEMPERATURE AT FAYETTEVILLE REGIONAL AIRPORT ON JANUARY 7TH
WAS 9 DEGREES. THIS BROKE THE OLD RECORD LOW TEMPERATURE OF 12
DEGREES, SET IN 2014.

THE LOW TEMPERATURE AT FAYETTEVILLE REGIONAL AIRPORT ON JANUARY 12TH
WAS 58 DEGREES. THIS BROKE THE OLD RECORD HIGH MINIMUM TEMPERATURE
OF 55 DEGREES, SET IN 1916.

$$
