000
CXUS52 KRAH 011454
CLMFAY


CLIMATE REPORT
NATIONAL WEATHER SERVICE RALEIGH NC
949 AM EST FRI DEC 1 2017

...................................

...THE FAYETTEVILLE REGL AIRPORT NC CLIMATE SUMMARY FOR THE MONTH OF NOVEMBER 2017...

CLIMATE NORMAL PERIOD 1981 TO 2010
CLIMATE RECORD PERIOD 1910 TO 2017

WEATHER         OBSERVED          NORMAL  DEPART  LAST YEAR`S
                 VALUE   DATE(S)  VALUE   FROM    VALUE
                                          NORMAL
.............................................................
TEMPERATURE (F)
RECORD
 HIGH              88   11/03/1974
 LOW               15   11/26/1950
HIGHEST            83   11/03                         84
LOWEST             29   11/28                         28
AVG. MAXIMUM     65.7              66.8    -1.1     67.9
AVG. MINIMUM     41.1              42.7    -1.6     42.7
MEAN             53.4              54.7    -1.3     55.3
DAYS MAX >= 90      0                                  0
DAYS MAX <= 32      0                                  0
DAYS MIN <= 32      7                                  5
DAYS MIN <= 0       0                                  0

PRECIPITATION (INCHES)
RECORD
 MAXIMUM         8.84   2006
TOTALS           0.54              2.77   -2.23     0.81
DAYS >= .01         5
DAYS >= .10         2
DAYS >= .50         0
DAYS >= 1.00        0
GREATEST
 24 HR. TOTAL    0.19   11/13 TO 11/13
                        11/09 TO 11/09

DEGREE_DAYS
HEATING TOTAL     352               321      31      302
 SINCE 7/1        433               448     -15      351
..............................................................

WIND (MPH)
AVERAGE WIND SPEED              5.9
HIGHEST WIND SPEED/DIRECTION    28/220    DATE  11/19
HIGHEST GUST SPEED/DIRECTION    35/230    DATE  11/19

SKY COVER
POSSIBLE SUNSHINE (PERCENT)   MM
AVERAGE SKY COVER           0.20
NUMBER OF DAYS FAIR           21
NUMBER OF DAYS PC              6
NUMBER OF DAYS CLOUDY          3

AVERAGE RH (PERCENT)     71

WEATHER CONDITIONS. NUMBER OF DAYS WITH
THUNDERSTORM              0     MIXED PRECIP               0
HEAVY RAIN                0     RAIN                       0
LIGHT RAIN                5     FREEZING RAIN              0
LT FREEZING RAIN          0     HAIL                       0
HEAVY SNOW                0     SNOW                       0
LIGHT SNOW                0     SLEET                      0
FOG                      10     FOG W/VIS <= 1/4 MILE      1
HAZE                      1

-  INDICATES NEGATIVE NUMBERS.
R  INDICATES RECORD WAS SET OR TIED.
MM INDICATES DATA IS MISSING.
T  INDICATES TRACE AMOUNT.

&&

RECORDS

MONTHLY RAINFALL OF 0.54 INCHES AS OF 9PM NOVEMBER 30TH IS THE FIFTH
DRIEST NOVEMBER IN RECORD.

$$
