000
CXUS53 KLMK 011719
CLMFFT


CLIMATE REPORT
NATIONAL WEATHER SERVICE LOUISVILLE KY
1131 AM EST SUN MAR 1 2015

...................................

...THE FRANKFORT KY CLIMATE SUMMARY FOR THE MONTH OF FEBRUARY 2015...

CLIMATE NORMAL PERIOD 1981 TO 2010
CLIMATE RECORD PERIOD 1895 TO 2015

WEATHER         OBSERVED          NORMAL  DEPART  LAST YEAR`S
                 VALUE   DATE(S)  VALUE   FROM    VALUE  DATE(S)
                                          NORMAL
................................................................
TEMPERATURE (F)
RECORD
 HIGH              80   02/10/1932
 LOW              -21   02/20/2015
HIGHEST            60   02/07        MM      MM       70  02/20
LOWEST            -21R  02/20        MM      MM        4  02/11
                                                          02/07
AVG. MAXIMUM     35.1              46.2   -11.1     39.5
AVG. MINIMUM     14.5              26.6   -12.1     20.9
MEAN             24.8              36.4   -11.6     30.2
DAYS MAX >= 90      0               0.0     0.0        0
DAYS MAX <= 32     11               3.0     8.0       10
DAYS MIN <= 32     26              20.7     5.3       25
DAYS MIN <= 0       3               0.1     2.9        0

PRECIPITATION (INCHES)
RECORD
 MAXIMUM         9.97   1909
 MINIMUM         0.31   1947
TOTALS           2.10              3.29   -1.19     3.92
DAILY AVG.       0.07              0.12   -0.05     0.14
DAYS >= .01         8                MM      MM       13
DAYS >= .10         3                MM      MM        7
DAYS >= .50         1                MM      MM        2
DAYS >= 1.00        1                MM      MM        1
GREATEST
 24 HR. TOTAL    1.16   02/21 TO 02/21
                        02/20 TO 02/21
                        02/21 TO 02/21

SNOWFALL (INCHES)
RECORDS
 TOTAL             MM   MM
TOTALS             MM                MM      MM       MM
SINCE 7/1          MM                MM      MM       MM
SNOWDEPTH AVG.     MM                MM      MM       MM
DAYS >= 1.0         0                MM      MM        0
GREATEST
 SNOW DEPTH        MM                                 MM  MM
 24 HR TOTAL       MM

DEGREE_DAYS
HEATING TOTAL    1117               801     316      967
 SINCE 7/1       4120              3639     481     4112
COOLING TOTAL       0                 0       0        0
 SINCE 1/1          0                 0       0        0
.................................................................

WIND (MPH)
AVERAGE WIND SPEED              7.9
HIGHEST WIND SPEED/DIRECTION    31/300    DATE  02/14
HIGHEST GUST SPEED/DIRECTION    44/290    DATE  02/14

SKY COVER
POSSIBLE SUNSHINE (PERCENT)   MM
AVERAGE SKY COVER           0.50
NUMBER OF DAYS FAIR           12
NUMBER OF DAYS PC              8
NUMBER OF DAYS CLOUDY          8

AVERAGE RH (PERCENT)     63

WEATHER CONDITIONS. NUMBER OF DAYS WITH
THUNDERSTORM              0     MIXED PRECIP               0
HEAVY RAIN                0     RAIN                       2
LIGHT RAIN                4     FREEZING RAIN              1
LT FREEZING RAIN          2     HAIL                       0
HEAVY SNOW                2     SNOW                       3
LIGHT SNOW                9     SLEET                      0
FOG                      14     FOG W/VIS <= 1/4 MILE      1
HAZE                     10

-  INDICATES NEGATIVE NUMBERS.
R  INDICATES RECORD WAS SET OR TIED.
MM INDICATES DATA IS MISSING.
T  INDICATES TRACE AMOUNT.

$$

2ND COLDIEST FEBRUARY AND 4TH COLDEST MONTH
20TH WAS COLDIEST DAY IN FEBRUARY
DAILY RECORD LOWS SET ON 17TH, 19TH, AND 20TH
