000
CXUS53 KLMK 091849 CCA
CLMFFT

CLIMATE REPORT
NATIONAL WEATHER SERVICE LOUISVILLE KY
921 AM EDT MON AUG 1 2016

...................................

...THE FRANKFORT KY CLIMATE SUMMARY FOR THE MONTH OF JULY 2016...
...COR FOR THUNDERSTORM DAYS...

CLIMATE NORMAL PERIOD 1981 TO 2010
CLIMATE RECORD PERIOD 1895 TO 2016

WEATHER         OBSERVED          NORMAL  DEPART  LAST YEAR`S
                 VALUE   DATE(S)  VALUE   FROM    VALUE  DATE(S)
                                          NORMAL
................................................................
TEMPERATURE (F)
RECORD
 HIGH             111   07/15/1936
 LOW               48   07/01/1937
                        07/02/1937
                        07/23/1947
HIGHEST            93   07/25        MM      MM       92  07/28
                        07/24
                        07/23
LOWEST             60   07/02        MM      MM       60  07/24
AVG. MAXIMUM     87.3              86.9     0.4     84.9
AVG. MINIMUM     69.4              65.7     3.7     67.1
MEAN             78.3              76.3     2.0     76.0
DAYS MAX >= 90     12               8.8     3.2        5
DAYS MAX <= 32      0               0.0     0.0        0
DAYS MIN <= 32      0               0.0     0.0        0
DAYS MIN <= 0       0               0.0     0.0        0

PRECIPITATION (INCHES)
RECORD
 MAXIMUM        11.02   2015
 MINIMUM         0.18   1930
TOTALS           7.61              4.39    3.22    11.02
DAILY AVG.       0.25              0.14    0.11     0.36
DAYS >= .01        18                MM      MM       18
DAYS >= .10        12                MM      MM       11
DAYS >= .50         5                MM      MM        8
DAYS >= 1.00        1                MM      MM        6
GREATEST
 24 HR. TOTAL    2.52   07/27 TO 07/28

SNOWFALL (INCHES)
RECORDS
 TOTAL             MM   MM
TOTALS             MM                MM      MM       MM
SINCE 7/1          MM                MM      MM       MM
SNOWDEPTH AVG.      0                MM      MM       MM
DAYS >= 1.0         0                MM      MM        0
GREATEST
 SNOW DEPTH         0   MM                            MM  MM
 24 HR TOTAL       MM

DEGREE_DAYS
HEATING TOTAL       0                 0       0        0
 SINCE 7/1          0                 0       0        0
COOLING TOTAL     420               350      70      348
 SINCE 1/1        852               685     167      799
.................................................................

WIND (MPH)
AVERAGE WIND SPEED              4.5
HIGHEST WIND SPEED/DIRECTION    24/350    DATE  07/18
HIGHEST GUST SPEED/DIRECTION    33/340    DATE  07/18

SKY COVER
POSSIBLE SUNSHINE (PERCENT)   MM
AVERAGE SKY COVER           0.30
NUMBER OF DAYS FAIR           21
NUMBER OF DAYS PC              9
NUMBER OF DAYS CLOUDY          1

AVERAGE RH (PERCENT)     73

WEATHER CONDITIONS. NUMBER OF DAYS WITH
THUNDERSTORM             14     MIXED PRECIP               0
HEAVY RAIN               10     RAIN                      13
LIGHT RAIN               17     FREEZING RAIN              0
LT FREEZING RAIN          0     HAIL                       0
HEAVY SNOW                0     SNOW                       0
LIGHT SNOW                0     SLEET                      0
FOG                      16     FOG W/VIS <= 1/4 MILE      1
HAZE                      9

-  INDICATES NEGATIVE NUMBERS.
R  INDICATES RECORD WAS SET OR TIED.
MM INDICATES DATA IS MISSING.
T  INDICATES TRACE AMOUNT.

$$
