159
CXUS55 KFGZ 020248
CLMFLG


CLIMATE REPORT
NATIONAL WEATHER SERVICE FLAGSTAFF, AZ
747 PM MST MON FEB 1 2016

...................................

...THE FLAGSTAFF AZ AIRPORT CLIMATE SUMMARY FOR THE MONTH OF JANUARY 2016...

CLIMATE NORMAL PERIOD 1981 TO 2010
CLIMATE RECORD PERIOD 1898 TO 2016

WEATHER         OBSERVED          NORMAL  DEPART  LAST YEAR`S
                 VALUE   DATE(S)  VALUE   FROM    VALUE  DATE(S)
                                          NORMAL
................................................................
TEMPERATURE (F)
RECORD
 HIGH              66   01/30/1971
 LOW              -30   01/22/1937
HIGHEST            57   01/28                         61  01/18
LOWEST             -3   01/13                         -2  01/03
                        01/12
AVG. MAXIMUM     41.3              42.5    -1.2     46.9
AVG. MINIMUM     15.4              17.3    -1.9     21.0
MEAN             28.4              29.9    -1.5     34.0
DAYS MAX >= 90      0               0.0     0.0        0
DAYS MAX <= 32      7               3.6     3.4        3
DAYS MIN <= 32     31              30.0     1.0       30
DAYS MIN <= 0       2               1.3     0.7        2

PRECIPITATION (INCHES)
RECORD
 MAXIMUM         9.55   1993
 MINIMUM         0.00   1972
TOTALS           3.41              2.05    1.36     2.19
DAILY AVG.       0.11              0.07    0.04     0.07
DAYS >= .01         7               7.6    -0.6       10
DAYS >= .10         6               4.4     1.6        6
DAYS >= .50         3               1.2     1.8        2
DAYS >= 1.00        1               0.4     0.6        0
GREATEST
 24 HR. TOTAL    1.16   01/06 TO 01/07              1.00

SNOWFALL (INCHES)
RECORDS
 TOTAL          104.8   1949
TOTALS           36.4              23.2             10.7
SINCE 7/1        63.9              52.3    11.6     29.7
SNOWDEPTH AVG.     12                 7       5        2
GREATEST
 SNOW DEPTH        22   01/08                         15  01/01
 24 HR TOTAL     12.3   MM                           6.0

DEGREE_DAYS
HEATING TOTAL    1128              1088      40      954
 SINCE 7/1       3859              3916     -57     3349
COOLING TOTAL       0                 0       0        0
 SINCE 1/1          0                 0       0        0
.................................................................

WIND (MPH)
AVERAGE WIND SPEED              6.2
HIGHEST WIND SPEED/DIRECTION    32/220    DATE  01/31
HIGHEST GUST SPEED/DIRECTION    45/220    DATE  01/31

SKY COVER
POSSIBLE SUNSHINE (PERCENT)   MM
AVERAGE SKY COVER           0.30
NUMBER OF DAYS FAIR           23
NUMBER OF DAYS PC              2
NUMBER OF DAYS CLOUDY          6

AVERAGE RH (PERCENT)     66

WEATHER CONDITIONS. NUMBER OF DAYS WITH
THUNDERSTORM              0     MIXED PRECIP               0
HEAVY RAIN                1     RAIN                       0
LIGHT RAIN                1     FREEZING RAIN              1
LT FREEZING RAIN          0     HAIL                       0
HEAVY SNOW                2     SNOW                       5
LIGHT SNOW                9     SLEET                      1
FOG                      14     FOG W/VIS <= 1/4 MILE      5
HAZE                      3

-  INDICATES NEGATIVE NUMBERS.
R  INDICATES RECORD WAS SET OR TIED.
MM INDICATES DATA IS MISSING.
T  INDICATES TRACE AMOUNT.

$$
