000
CXUS55 KFGZ 062354
CLMFLG


CLIMATE REPORT
NATIONAL WEATHER SERVICE FLAGSTAFF, AZ
453 PM MST WED APR 6 2016

...................................

...THE FLAGSTAFF AZ AIRPORT CLIMATE SUMMARY FOR THE MONTH OF MARCH 2016...

CLIMATE NORMAL PERIOD 1981 TO 2010
CLIMATE RECORD PERIOD 1898 TO 2016

WEATHER         OBSERVED          NORMAL  DEPART  LAST YEAR`S
                 VALUE   DATE(S)  VALUE   FROM    VALUE  DATE(S)
                                          NORMAL
................................................................
TEMPERATURE (F)
RECORD
 HIGH              73   03/17/2007
                        03/26/1988
                        03/31/1966
 LOW              -16   03/04/1966
HIGHEST            65   03/21                         72  03/27
                        03/20
                        03/01
LOWEST             15   03/31                          9  03/05
                        03/24                             03/04
AVG. MAXIMUM     56.7              50.4     6.3     57.5
AVG. MINIMUM     23.7              23.6     0.1     26.5
MEAN             40.2              37.0     3.2     42.0
DAYS MAX >= 90      0               0.0     0.0        0
DAYS MAX <= 32      0               0.9    -0.9        0
DAYS MIN <= 32     31              28.7     2.3       26
DAYS MIN <= 0       0               0.1    -0.1        0

PRECIPITATION (INCHES)
RECORD
 MAXIMUM         6.75   1970
 MINIMUM            T   1972
TOTALS           0.37              2.12   -1.75     3.73
DAILY AVG.       0.01              0.07   -0.06     0.12
DAYS >= .01         5               8.2    -3.2        3
DAYS >= .10         1               5.4    -4.4        2
DAYS >= .50         0               1.2    -1.2        2
DAYS >= 1.00        0               0.2    -0.2        2
GREATEST
 24 HR. TOTAL    0.21   03/06 TO 03/06              1.98
                        03/05 TO 03/06
                        03/06 TO 03/06

SNOWFALL (INCHES)
RECORDS
 TOTAL           79.4   1991
TOTALS            1.2              20.7             17.3
SINCE 7/1        72.9              93.9   -21.0     56.2
SNOWDEPTH AVG.      0                 5      -5        2
GREATEST
 SNOW DEPTH         1   03/30                         12  03/03
 24 HR TOTAL      0.7   03/30 TO 03/30               8.4

DEGREE_DAYS
HEATING TOTAL     764               868    -104      708
 SINCE 7/1       5451              5707    -256     4758
COOLING TOTAL       0                 0       0        0
 SINCE 1/1          0                 0       0        0
.................................................................

WIND (MPH)
AVERAGE WIND SPEED              8.0
HIGHEST WIND SPEED/DIRECTION    43/220    DATE  03/28
HIGHEST GUST SPEED/DIRECTION    56/190    DATE  03/29

SKY COVER
POSSIBLE SUNSHINE (PERCENT)   MM
AVERAGE SKY COVER           0.10
NUMBER OF DAYS FAIR           26
NUMBER OF DAYS PC              4
NUMBER OF DAYS CLOUDY          1

AVERAGE RH (PERCENT)     48

WEATHER CONDITIONS. NUMBER OF DAYS WITH
THUNDERSTORM              0     MIXED PRECIP               0
HEAVY RAIN                1     RAIN                       0
LIGHT RAIN                1     FREEZING RAIN              0
LT FREEZING RAIN          0     HAIL                       0
HEAVY SNOW                1     SNOW                       2
LIGHT SNOW                4     SLEET                      0
FOG                       4     FOG W/VIS <= 1/4 MILE      0
HAZE                      3

-  INDICATES NEGATIVE NUMBERS.
R  INDICATES RECORD WAS SET OR TIED.
MM INDICATES DATA IS MISSING.
T  INDICATES TRACE AMOUNT.

$$
