888
CXUS55 KFGZ 012346
CLMFLG


CLIMATE REPORT
NATIONAL WEATHER SERVICE FLAGSTAFF, AZ
445 PM MST SUN MAY 1 2016

...................................

...THE FLAGSTAFF AZ AIRPORT CLIMATE SUMMARY FOR THE MONTH OF APRIL 2016...

CLIMATE NORMAL PERIOD 1981 TO 2010
CLIMATE RECORD PERIOD 1898 TO 2016

WEATHER         OBSERVED          NORMAL  DEPART  LAST YEAR`S
                 VALUE   DATE(S)  VALUE   FROM    VALUE  DATE(S)
                                          NORMAL
................................................................
TEMPERATURE (F)
RECORD
 HIGH              80   04/28/1992
                        04/07/1989
 LOW               -2   04/02/1975
HIGHEST            70   04/21                         72  04/30
LOWEST             22   04/03                         15  04/16
                        04/02
AVG. MAXIMUM     58.1              58.2    -0.1     58.9
AVG. MINIMUM     29.4              28.5     0.9     27.8
MEAN             43.8              43.3     0.5     43.4
DAYS MAX >= 90      0               0.0     0.0        0
DAYS MAX <= 32      0               0.3    -0.3        0
DAYS MIN <= 32     23              22.8     0.2       25
DAYS MIN <= 0       0               0.0     0.0        0

PRECIPITATION (INCHES)
RECORD
 MAXIMUM         5.62   1965
 MINIMUM            T   1991
TOTALS           1.30              1.15    0.15     1.09
DAILY AVG.       0.04              0.04    0.00     0.04
DAYS >= .01         8               5.8     2.2        4
DAYS >= .10         4               2.9     1.1        2
DAYS >= .50         0               0.7    -0.7        1
DAYS >= 1.00        0               0.1    -0.1        0
GREATEST
 24 HR. TOTAL    0.48   04/08 TO 04/08              0.57
                        04/07 TO 04/08
                        04/08 TO 04/08

SNOWFALL (INCHES)
RECORDS
 TOTAL           58.3   1965
TOTALS            3.5               7.1              0.8
SINCE 7/1        76.4             101.0   -24.6     57.0
SNOWDEPTH AVG.      0                MM      MM        0
GREATEST
 SNOW DEPTH         1   04/16                         -1  04/17
 24 HR TOTAL      3.0   04/15 TO 04/15               0.5

DEGREE_DAYS
HEATING TOTAL     631               649     -18      642
 SINCE 7/1       6082              6356    -274     5400
COOLING TOTAL       0                 0       0        0
 SINCE 1/1          0                 0       0        0
.................................................................

WIND (MPH)
AVERAGE WIND SPEED              8.2
HIGHEST WIND SPEED/DIRECTION    38/210    DATE  04/23
HIGHEST GUST SPEED/DIRECTION    49/210    DATE  04/25

SKY COVER
POSSIBLE SUNSHINE (PERCENT)   MM
AVERAGE SKY COVER           0.30
NUMBER OF DAYS FAIR           18
NUMBER OF DAYS PC              8
NUMBER OF DAYS CLOUDY          4

AVERAGE RH (PERCENT)     53

WEATHER CONDITIONS. NUMBER OF DAYS WITH
THUNDERSTORM              0     MIXED PRECIP               1
HEAVY RAIN                1     RAIN                       3
LIGHT RAIN                4     FREEZING RAIN              0
LT FREEZING RAIN          0     HAIL                       0
HEAVY SNOW                0     SNOW                       2
LIGHT SNOW                6     SLEET                      1
FOG                       9     FOG W/VIS <= 1/4 MILE      1
HAZE                      5

-  INDICATES NEGATIVE NUMBERS.
R  INDICATES RECORD WAS SET OR TIED.
MM INDICATES DATA IS MISSING.
T  INDICATES TRACE AMOUNT.

$$
