000
CXUS52 KMFL 011412
CLMFLL


CLIMATE REPORT
NATIONAL WEATHER SERVICE MIAMI, FL
1005 AM EDT SUN MAY 1 2016

...................................

...THE FORT LAUDERDALE CLIMATE SUMMARY FOR THE MONTH OF APRIL 2016...

CLIMATE NORMAL PERIOD 1981 TO 2010
CLIMATE RECORD PERIOD 1912 TO 2016

WEATHER         OBSERVED          NORMAL  DEPART  LAST YEAR`S
                 VALUE   DATE(S)  VALUE   FROM    VALUE
                                          NORMAL
.............................................................
TEMPERATURE (F)
RECORD
 HIGH              97   04/30/1971
 LOW               40   04/07/1960
HIGHEST            90   04/02                         96
LOWEST             64   04/10                         65
                        04/09
AVG. MAXIMUM     82.8              82.7     0.1     85.3
AVG. MINIMUM     71.1              69.7     1.4     74.2
MEAN             76.9              76.2     0.7     79.8
DAYS MAX >= 90      1                                  3
DAYS MAX <= 32      0                                  0
DAYS MIN <= 32      0                                  0
DAYS MIN <= 0       0                                  0

PRECIPITATION (INCHES)
RECORD
 MAXIMUM        19.47   1979
 MINIMUM         0.02   1946
TOTALS           0.73              2.89   -2.16     4.12
DAILY AVG.       0.02              0.10   -0.08     0.14
DAYS >= .01         5                                 11
DAYS >= .10         1                                  6
DAYS >= .50         1                                  1
DAYS >= 1.00        0                                  1
GREATEST
 24 HR. TOTAL    0.51   04/15 TO 04/15              2.45

DEGREE_DAYS
HEATING TOTAL       0                 1      -1        0
 SINCE 7/1         87               112     -25       97
COOLING TOTAL     364               337      27      448
 SINCE 1/1        946               947      -1     1061
..............................................................

WIND (MPH)
AVERAGE WIND SPEED              10.8
HIGHEST WIND SPEED/DIRECTION    26/090    DATE  04/06
HIGHEST GUST SPEED/DIRECTION    33/080    DATE  04/06

SKY COVER
POSSIBLE SUNSHINE (PERCENT)   MM
AVERAGE SKY COVER           0.50
NUMBER OF DAYS FAIR            7
NUMBER OF DAYS PC             23
NUMBER OF DAYS CLOUDY          0

AVERAGE RH (PERCENT)     62

WEATHER CONDITIONS. NUMBER OF DAYS WITH
THUNDERSTORM              1     MIXED PRECIP               0
HEAVY RAIN                1     RAIN                       1
LIGHT RAIN                5     FREEZING RAIN              0
LT FREEZING RAIN          0     HAIL                       0
HEAVY SNOW                0     SNOW                       0
LIGHT SNOW                0     SLEET                      0
FOG                       1     FOG W/VIS <= 1/4 MILE      0
HAZE                      0

-  INDICATES NEGATIVE NUMBERS.
R  INDICATES RECORD WAS SET OR TIED.
MM INDICATES DATA IS MISSING.
T  INDICATES TRACE AMOUNT.

..................................................................

.................DATA FOR HOLLYWOOD...APRIL 2016..................
.....NORMALS USED FOR COMPARISON ARE FORT LAUDERDALE AP (FLL).....


...TEMPERATURE DATA...

AVERAGE FOR THE MONTH .... 76.1 OR 0.1 DEGREES BELOW NORMAL.
AVERAGE MAXIMUM .......... 82.9 OR 0.2 DEGREES ABOVE NORMAL.
AVERAGE MINIMUM .......... 69.3 OR 0.4 DEGREES BELOW NORMAL.

HIGHEST TEMPERATURE FOR THE MONTH: 90 DEGREES ON THE  3RD.
LOWEST  TEMPERATURE FOR THE MONTH: 61 DEGREES ON THE 18TH.


...PRECIPITATION...

TOTAL FOR THE MONTH 1.34 INCHES OR 1.55 INCHES BELOW NORMAL.
TOTAL FOR THE YEAR 15.83 INCHES OR 2.99 INCHES ABOVE NORMAL.
GREATEST 24-HOUR PERIOD RAINFALL 0.60 INCHES ON THE 16TH.

NUMBER OF DAYS HAVING 0.01 INCHES OR MORE ...  5.
NUMBER OF DAYS HAVING 0.10 INCHES OR MORE ...  4.
NUMBER OF DAYS HAVING 0.50 INCHES OR MORE ...  1.
NUMBER OF DAYS HAVING 1.00 INCHES OR MORE ...  0.

$$
