000
CXUS52 KMFL 011603
CLMFLL

CLIMATE REPORT
NATIONAL WEATHER SERVICE MIAMI, FL
1050 AM EST THU JAN 1 2015

...................................

...THE FORT LAUDERDALE CLIMATE SUMMARY FOR THE MONTH OF DECEMBER 2014...

CLIMATE NORMAL PERIOD 1981 TO 2010
CLIMATE RECORD PERIOD 1839 TO 2014

WEATHER         OBSERVED          NORMAL  DEPART  LAST YEAR`S
                 VALUE   DATE(S)  VALUE   FROM    VALUE
                                          NORMAL
.............................................................
TEMPERATURE (F)
RECORD
 HIGH              90   12/08/1919
 LOW               29   12/25/1989
                        12/13/1934
HIGHEST            83   12/30                         85
                        12/05
LOWEST             50   12/10                         59
AVG. MAXIMUM     78.2              77.9     0.3     79.2
AVG. MINIMUM     64.1              64.1     0.0     68.9
MEAN             71.1              71.0     0.1     74.0
DAYS MAX >= 90      0                                  0
DAYS MAX <= 32      0                                  0
DAYS MIN <= 32      0                                  0
DAYS MIN <= 0       0                                  0

PRECIPITATION (INCHES)
RECORD
 MAXIMUM        20.45   1958
 MINIMUM         0.00   1956
TOTALS           2.19              2.46   -0.27     1.20
DAILY AVG.       0.07              0.08   -0.01     0.04
DAYS >= .01         9                                  5
DAYS >= .10         6                                  2
DAYS >= .50         1                                  1
DAYS >= 1.00        1                                  0
GREATEST
 24 HR. TOTAL    1.29   12/02 TO 12/03              0.70

DEGREE_DAYS
HEATING TOTAL      16                30     -14        0
 SINCE 7/1         26                32      -6        4
COOLING TOTAL     212               216      -4      287
 SINCE 1/1       4813              4729      84     4639
..............................................................

WIND (MPH)
AVERAGE WIND SPEED              7.6
HIGHEST WIND SPEED/DIRECTION    24/070    DATE  12/01
HIGHEST GUST SPEED/DIRECTION    30/070    DATE  12/01

SKY COVER
POSSIBLE SUNSHINE (PERCENT)   MM
AVERAGE SKY COVER           0.50
NUMBER OF DAYS FAIR           10
NUMBER OF DAYS PC             18
NUMBER OF DAYS CLOUDY          3

AVERAGE RH (PERCENT)     74

WEATHER CONDITIONS. NUMBER OF DAYS WITH
THUNDERSTORM              1     MIXED PRECIP               0
HEAVY RAIN                3     RAIN                       4
LIGHT RAIN                9     FREEZING RAIN              0
LT FREEZING RAIN          0     HAIL                       0
HEAVY SNOW                0     SNOW                       0
LIGHT SNOW                0     SLEET                      0
FOG                      10     FOG W/VIS <= 1/4 MILE      0
HAZE                      2

-  INDICATES NEGATIVE NUMBERS.
R  INDICATES RECORD WAS SET OR TIED.
MM INDICATES DATA IS MISSING.
T  INDICATES TRACE AMOUNT.

...............................................................

...............DATA FOR HOLLYWOOD...DECEMBER 2014..............
.....NORMALS USED FOR COMPARISON ARE FORT LAUDERDALE (FLL).....

...TEMPERATURE DATA...

AVERAGE FOR THE MONTH .... 69.7 OR 1.3 DEGREES BELOW NORMAL.
AVERAGE MAXIMUM .......... 78.3 OR 0.4 DEGREES ABOVE NORMAL.
AVERAGE MINIMUM .......... 61.1 OR 3.0 DEGREES BELOW NORMAL.

HIGHEST TEMPERATURE FOR THE MONTH: 84 DEGREES ON THE 23RD,24TH
                                             25TH 30TH & 31ST.
LOWEST  TEMPERATURE FOR THE MONTH: 46 DEGREES ON THE 11TH.



...PRECIPITATION...

TOTAL FOR THE MONTH  2.37 INCHES OR 0.09 INCHES BELOW NORMAL.
TOTAL FOR THE YEAR  60.89 INCHES OR 1.29 INCHES BELOW NORMAL.
GREATEST 24-HOUR PERIOD RAINFALL 0.90 INCHES ON THE 3RD.

NUMBER OF DAYS HAVING 0.01 INCHES OR MORE ...  8.
NUMBER OF DAYS HAVING 0.10 INCHES OR MORE ...  6.
NUMBER OF DAYS HAVING 0.50 INCHES OR MORE ...  3.
NUMBER OF DAYS HAVING 1.00 INCHES OR MORE ...  0.


$$
