000
CXUS52 KMFL 011430
CLMFLL


CLIMATE REPORT
NATIONAL WEATHER SERVICE MIAMI, FL
1030 AM EDT SAT NOV 1 2014

...................................

...THE FORT LAUDERDALE CLIMATE SUMMARY FOR THE MONTH OF OCTOBER 2014...

CLIMATE NORMAL PERIOD 1981 TO 2010
CLIMATE RECORD PERIOD 1839 TO 2014

WEATHER         OBSERVED          NORMAL  DEPART  LAST YEAR`S
                 VALUE   DATE(S)  VALUE   FROM    VALUE
                                          NORMAL
.............................................................
TEMPERATURE (F)
RECORD
 HIGH              98   10/09/2000
 LOW               44   10/24/1923
HIGHEST            93   10/02                         91
                        10/01
LOWEST             67   10/31                         67
                        10/27
AVG. MAXIMUM     86.4              85.9     0.5     85.5
AVG. MINIMUM     74.3              75.2    -0.9     74.1
MEAN             80.3              80.6    -0.3     79.8
DAYS MAX >= 90      4                                  1
DAYS MAX <= 32      0                                  0
DAYS MIN <= 32      0                                  0
DAYS MIN <= 0       0                                  0

PRECIPITATION (INCHES)
RECORD
 MAXIMUM        32.10   1924
 MINIMUM         0.73   2009
TOTALS           2.47              6.82   -4.35     3.57
DAILY AVG.       0.08              0.22   -0.14     0.12
DAYS >= .01        11                                  8
DAYS >= .10         9                                  5
DAYS >= .50         1                                  2
DAYS >= 1.00        0                                  1
GREATEST
 24 HR. TOTAL    0.62   10/21 TO 10/21              2.08

DEGREE_DAYS
HEATING TOTAL       0                 0       0        0
 SINCE 7/1          0                 0       0        0
COOLING TOTAL     482               482       0      467
 SINCE 1/1       4347              4194     153     4027
..............................................................

WIND (MPH)
AVERAGE WIND SPEED              8.4
HIGHEST WIND SPEED/DIRECTION    26/270    DATE  10/31
HIGHEST GUST SPEED/DIRECTION    36/260    DATE  10/31

SKY COVER
POSSIBLE SUNSHINE (PERCENT)   MM
AVERAGE SKY COVER           0.50
NUMBER OF DAYS FAIR           13
NUMBER OF DAYS PC             12
NUMBER OF DAYS CLOUDY          6

AVERAGE RH (PERCENT)     69

WEATHER CONDITIONS. NUMBER OF DAYS WITH
THUNDERSTORM              7     MIXED PRECIP               0
HEAVY RAIN                7     RAIN                       3
LIGHT RAIN                9     FREEZING RAIN              0
LT FREEZING RAIN          0     HAIL                       0
HEAVY SNOW                0     SNOW                       0
LIGHT SNOW                0     SLEET                      0
FOG                       5     FOG W/VIS <= 1/4 MILE      0
HAZE                      3

-  INDICATES NEGATIVE NUMBERS.
R  INDICATES RECORD WAS SET OR TIED.
MM INDICATES DATA IS MISSING.
T  INDICATES TRACE AMOUNT.


...............................................................


...............DATA FOR HOLLYWOOD...OCTOBER 2014...............
.....NORMALS USED FOR COMPARISON ARE FORT LAUDERDALE (FLL).....

...TEMPERATURE DATA...

AVERAGE FOR THE MONTH .... 78.4 OR 2.2 DEGREES BELOW NORMAL.
AVERAGE MAXIMUM .......... 85.3 OR 0.6 DEGREES BELOW NORMAL.
AVERAGE MINIMUM .......... 71.5 OR 3.7 DEGREES BELOW NORMAL.

HIGHEST TEMPERATURE FOR THE MONTH: 93 DEGREES ON THE 2ND.
LOWEST  TEMPERATURE FOR THE MONTH: 63 DEGREES ON THE 27TH,28TH.


...PRECIPITATION...

TOTAL FOR THE MONTH  3.07 INCHES OR 3.75 INCHES BELOW NORMAL.
TOTAL FOR THE YEAR  55.84 INCHES OR 0.64 INCHES BELOW NORMAL.
GREATEST 24-HOUR PERIOD RAINFALL 0.70 INCHES ON THE 24TH.

NUMBER OF DAYS HAVING 0.01 INCHES OR MORE ... 13.
NUMBER OF DAYS HAVING 0.10 INCHES OR MORE ... 10.
NUMBER OF DAYS HAVING 0.50 INCHES OR MORE ...  2.
NUMBER OF DAYS HAVING 1.00 INCHES OR MORE ...  0.


$$
