000
CXUS52 KMFL 011549
CLMFLL


CLIMATE REPORT
NATIONAL WEATHER SERVICE MIAMI, FL
1138 AM EDT SUN OCT 1 2017

...................................

...THE FORT LAUDERDALE CLIMATE SUMMARY FOR THE MONTH OF SEPTEMBER 2017...

CLIMATE NORMAL PERIOD 1981 TO 2010
CLIMATE RECORD PERIOD 1912 TO 2017

WEATHER         OBSERVED          NORMAL  DEPART  LAST YEAR`S
                 VALUE   DATE(S)  VALUE   FROM    VALUE
                                          NORMAL
.............................................................
TEMPERATURE (F)
RECORD
 HIGH              99   09/12/1935
                        09/12/1921
                        09/12/1920
 LOW               61   09/26/1965
HIGHEST            93   09/25                         92
LOWEST             71   09/10                         73
AVG. MAXIMUM     89.9              88.9     1.0     88.6
AVG. MINIMUM     77.8              77.5     0.3     77.4
MEAN             83.9              83.2     0.7     83.0
DAYS MAX >= 90     19                                 10
DAYS MAX <= 32      0                                  0
DAYS MIN <= 32      0                                  0
DAYS MIN <= 0       0                                  0

PRECIPITATION (INCHES)
RECORD
 MAXIMUM        17.80   1948
 MINIMUM         1.38   1988
TOTALS          11.95              8.59    3.36     4.77
DAILY AVG.       0.40              0.29    0.11     0.16
DAYS >= .01        15                                 14
DAYS >= .10         8                                 10
DAYS >= .50         6                                  3
DAYS >= 1.00        3                                  1
GREATEST
 24 HR. TOTAL    4.30   09/10 TO 09/10              1.46

DEGREE_DAYS
HEATING TOTAL       0                 0       0        0
 SINCE 7/1          0                 0       0        0
COOLING TOTAL     571               546      25      547
 SINCE 1/1       3898              3712     186     3748
..............................................................

WIND (MPH)
AVERAGE WIND SPEED              7.6
HIGHEST WIND SPEED/DIRECTION    53/110    DATE  09/10
HIGHEST GUST SPEED/DIRECTION    70/110    DATE  09/10

SKY COVER
POSSIBLE SUNSHINE (PERCENT)   MM
AVERAGE SKY COVER           0.60
NUMBER OF DAYS FAIR            4
NUMBER OF DAYS PC             23
NUMBER OF DAYS CLOUDY          3

AVERAGE RH (PERCENT)     78

WEATHER CONDITIONS. NUMBER OF DAYS WITH
THUNDERSTORM             12     MIXED PRECIP               0
HEAVY RAIN                6     RAIN                       5
LIGHT RAIN               12     FREEZING RAIN              0
LT FREEZING RAIN          0     HAIL                       0
HEAVY SNOW                0     SNOW                       0
LIGHT SNOW                0     SLEET                      0
FOG                       6     FOG W/VIS <= 1/4 MILE      0
HAZE                      2

-  INDICATES NEGATIVE NUMBERS.
R  INDICATES RECORD WAS SET OR TIED.
MM INDICATES DATA IS MISSING.
T  INDICATES TRACE AMOUNT.

..................................................................


.................DATA FOR HOLLYWOOD...SEPTEMBER 2017..............
.....NORMALS USED FOR COMPARISON ARE FORT LAUDERDALE AP (FLL).....


...TEMPERATURE DATA...

AVERAGE FOR THE MONTH .... 83.2 OR 0.0 DEGREES BELOW NORMAL.
AVERAGE MAXIMUM .......... 89.5 OR 0.6 DEGREES ABOVE NORMAL.
AVERAGE MINIMUM........... 76.9 OR 0.6 DEGREES BELOW NORMAL.

HIGHEST TEMPERATURE FOR THE MONTH: 92 DEGREES ON THE 2ND, 13TH.
LOWEST TEMPERATURE FOR THE MONTH: 72 DEGREES ON THE 27TH.


...PRECIPITATION...

TOTAL FOR THE MONTH 14.29 INCHES OR 5.70 INCHES ABOVE NORMAL.
TOTAL FOR THE YEAR 58.24 INCHES OR 8.58 INCHES ABOVE NORMAL.
GREATEST 24-HOUR PERIOD RAINFALL 8.30 INCHES ON THE 12TH.

NUMBER OF DAYS HAVING 0.01 INCHES OR MORE ...  12.
NUMBER OF DAYS HAVING 0.10 INCHES OR MORE ...  10.
NUMBER OF DAYS HAVING 0.50 INCHES OR MORE ...  5.
NUMBER OF DAYS HAVING 1.00 INCHES OR MORE ...  4.

$$
