000
CXUS52 KILM 020953
CLMFLO


CLIMATE REPORT
NATIONAL WEATHER SERVICE WILMINGTON NC
451 AM EST THU MAR 2 2017

...................................

...THE FLORENCE SC CLIMATE SUMMARY FOR THE MONTH OF FEBRUARY 2017...

CLIMATE NORMAL PERIOD 1981 TO 2010
CLIMATE RECORD PERIOD 1948 TO 2017

WEATHER         OBSERVED          NORMAL  DEPART  LAST YEAR`S
                 VALUE   DATE(S)  VALUE   FROM    VALUE  DATE(S)
                                          NORMAL
................................................................
TEMPERATURE (F)
RECORD
 HIGH              85   02/27/1997
                        02/16/1990
                        02/03/1989
 LOW               11   02/05/1996
HIGHEST            80   02/28                         77  02/24
                        02/24
                        02/12
LOWEST             29   02/05                         21  02/14
AVG. MAXIMUM     69.6              59.6    10.0     57.2
AVG. MINIMUM     43.0              37.5     5.5     37.9
MEAN             56.3              48.5     7.8     47.6
DAYS MAX >= 90      0               0.0     0.0        0
DAYS MAX <= 32      0               0.1    -0.1        0
DAYS MIN <= 32      4               8.3    -4.3       10
DAYS MIN <= 0       0               0.0     0.0        0

PRECIPITATION (INCHES)
RECORD
 MAXIMUM         6.86   1998
 MINIMUM         0.05   1968
TOTALS           1.61              2.92   -1.31     5.33
DAILY AVG.       0.06              0.10   -0.04     0.18
DAYS >= .01         6               8.3    -2.3       11
DAYS >= .10         4               5.9    -1.9        7
DAYS >= .50         1               1.9    -0.9        4
DAYS >= 1.00        0               0.6    -0.6        2
GREATEST
 24 HR. TOTAL    0.78   02/15 TO 02/15

SNOWFALL (INCHES)
RECORDS
 TOTAL           17.0   1973
TOTALS             MM               0.2
SINCE 7/1          MM               1.4

DEGREE_DAYS
HEATING TOTAL     248               464    -216      500
COOLING TOTAL      13                 4       9        1
.....................................................

WIND (MPH)
AVERAGE WIND SPEED              7.4
RESULTANT WIND SPEED/DIRECTION   2/244
HIGHEST WIND SPEED/DIRECTION    31/340    DATE  02/15
HIGHEST GUST SPEED/DIRECTION    39/320    DATE  02/09

SKY COVER
POSSIBLE SUNSHINE (PERCENT)   MM
AVERAGE SKY COVER           0.20
NUMBER OF DAYS FAIR           24
NUMBER OF DAYS PC              3
NUMBER OF DAYS CLOUDY          1

AVERAGE RH (PERCENT)     63

WEATHER CONDITIONS. NUMBER OF DAYS WITH
THUNDERSTORM              2     MIXED PRECIP              MM
HEAVY RAIN                3     RAIN                       4
LIGHT RAIN                8     FREEZING RAIN              0
LT FREEZING RAIN          0     HAIL                      MM
HEAVY SNOW                0     SNOW                       0
LIGHT SNOW                0     SLEET                     MM
FOG                       8     FOG W/VIS <= 1/4 MILE      2
HAZE                      1

-  INDICATES NEGATIVE NUMBERS.
R  INDICATES RECORD WAS SET OR TIED.
MM INDICATES DATA IS MISSING.
T  INDICATES TRACE AMOUNT.

$$
