000
CXUS52 KILM 011438
CLMFLO


CLIMATE REPORT
NATIONAL WEATHER SERVICE WILMINGTON NC
937 AM EST THU DEC 1 2016

...................................

...THE FLORENCE SC CLIMATE SUMMARY FOR THE MONTH OF NOVEMBER 2016...

CLIMATE NORMAL PERIOD 1981 TO 2010
CLIMATE RECORD PERIOD 1948 TO 2016

WEATHER         OBSERVED          NORMAL  DEPART  LAST YEAR`S
                 VALUE   DATE(S)  VALUE   FROM    VALUE  DATE(S)
                                          NORMAL
................................................................
TEMPERATURE (F)
RECORD
 HIGH              89   11/16/1993
                        11/03/1974
                        11/02/1974
 LOW               16   11/26/1950
HIGHEST            84   11/03                         79  11/07
LOWEST             29   11/22                         29  11/24
                        11/21
AVG. MAXIMUM     69.1              67.1     2.0     68.4
AVG. MINIMUM     43.0              43.7    -0.7     49.5
MEAN             56.0              55.4     0.6     58.9
DAYS MAX >= 90      0               0.0     0.0        0
DAYS MAX <= 32      0               0.0     0.0        0
DAYS MIN <= 32      4               3.8     0.2        2
DAYS MIN <= 0       0               0.0     0.0        0

PRECIPITATION (INCHES)
RECORD
 MAXIMUM         8.21   1985
 MINIMUM         0.22   2007
TOTALS           0.93              2.67   -1.74     4.40
DAILY AVG.       0.03              0.09   -0.06     0.15
DAYS >= .01         5               7.0    -2.0       12
DAYS >= .10         2               4.5    -2.5        9
DAYS >= .50         1               1.8    -0.8        2
DAYS >= 1.00        0               0.7    -0.7        1
GREATEST
 24 HR. TOTAL    0.78   11/13 TO 11/14

SNOWFALL (INCHES)
RECORDS
 TOTAL             MM   MM
TOTALS             MM               0.0
SINCE 7/1          MM               0.0

DEGREE_DAYS
HEATING TOTAL     281               305     -24      202
COOLING TOTAL      18                17       1       27
..........................................................

WIND (MPH)
AVERAGE WIND SPEED              5.3
RESULTANT WIND SPEED/DIRECTION   2/002
HIGHEST WIND SPEED/DIRECTION    29/350    DATE  11/19
HIGHEST GUST SPEED/DIRECTION    40/360    DATE  11/19

SKY COVER
POSSIBLE SUNSHINE (PERCENT)   MM
AVERAGE SKY COVER           0.20
NUMBER OF DAYS FAIR           21
NUMBER OF DAYS PC              6
NUMBER OF DAYS CLOUDY          3

AVERAGE RH (PERCENT)     67

WEATHER CONDITIONS. NUMBER OF DAYS WITH
THUNDERSTORM              0     MIXED PRECIP              MM
HEAVY RAIN                1     RAIN                       1
LIGHT RAIN                6     FREEZING RAIN              0
LT FREEZING RAIN          0     HAIL                      MM
HEAVY SNOW                0     SNOW                       0
LIGHT SNOW                0     SLEET                     MM
FOG                      11     FOG W/VIS <= 1/4 MILE      3
HAZE                      4

-  INDICATES NEGATIVE NUMBERS.
R  INDICATES RECORD WAS SET OR TIED.
MM INDICATES DATA IS MISSING.
T  INDICATES TRACE AMOUNT.

$$
