000
CXUS52 KILM 042101
CLMFLO


CLIMATE REPORT
NATIONAL WEATHER SERVICE WILMINGTON NC
455 PM EDT TUE APR 4 2017

...................................

...THE FLORENCE SC CLIMATE SUMMARY FOR THE MONTH OF MARCH 2017...

CLIMATE NORMAL PERIOD 1981 TO 2010
CLIMATE RECORD PERIOD 1948 TO 2017

WEATHER         OBSERVED          NORMAL  DEPART  LAST YEAR`S
                 VALUE   DATE(S)  VALUE   FROM    VALUE  DATE(S)
                                          NORMAL
................................................................
TEMPERATURE (F)
RECORD
 HIGH              92   03/10/1974
                        03/09/1974
 LOW               11   03/03/1980
HIGHEST            87   03/21                         87  03/16
LOWEST             20   03/16                         34  03/22
AVG. MAXIMUM     68.7              67.6     1.1     73.3
AVG. MINIMUM     42.1              43.6    -1.5     48.3
MEAN             55.4              55.6    -0.2     60.8
DAYS MAX >= 90      0               0.0     0.0        0
DAYS MAX <= 32      0               0.0     0.0        0
DAYS MIN <= 32      7               3.3     3.7        0
DAYS MIN <= 0       0               0.0     0.0        0

PRECIPITATION (INCHES)
RECORD
 MAXIMUM        10.96   1971
 MINIMUM         0.35   2004
TOTALS           1.60              3.33   -1.73     1.63
DAILY AVG.       0.05              0.11   -0.06     0.05
DAYS >= .01        10               8.7     1.3        8
DAYS >= .10         7               5.7     1.3        6
DAYS >= .50         0               2.3    -2.3        0
DAYS >= 1.00        0               0.9    -0.9        0
GREATEST
 24 HR. TOTAL    0.35   03/31 TO 03/31

SNOWFALL (INCHES)
RECORDS
 TOTAL            6.7   2007
TOTALS             MM               0.1
SINCE 7/1          MM               1.5

DEGREE_DAYS
HEATING TOTAL     331               310      21      165
COOLING TOTAL      40                18      22       48
........................................................

WIND (MPH)
AVERAGE WIND SPEED              8.4
RESULTANT WIND SPEED/DIRECTION   1/268
HIGHEST WIND SPEED/DIRECTION    35/250    DATE  03/21
HIGHEST GUST SPEED/DIRECTION    43/240    DATE  03/21

SKY COVER
POSSIBLE SUNSHINE (PERCENT)    0
AVERAGE SKY COVER           0.20
NUMBER OF DAYS FAIR           22
NUMBER OF DAYS PC              7
NUMBER OF DAYS CLOUDY          2

AVERAGE RH (PERCENT)     58

WEATHER CONDITIONS. NUMBER OF DAYS WITH
THUNDERSTORM              5     MIXED PRECIP              MM
HEAVY RAIN                3     RAIN                       4
LIGHT RAIN               14     FREEZING RAIN              0
LT FREEZING RAIN          0     HAIL                      MM
HEAVY SNOW                0     SNOW                       1
LIGHT SNOW                1     SLEET                     MM
FOG                      10     FOG W/VIS <= 1/4 MILE      0
HAZE                      2

-  INDICATES NEGATIVE NUMBERS.
R  INDICATES RECORD WAS SET OR TIED.
MM INDICATES DATA IS MISSING.
T  INDICATES TRACE AMOUNT.

$$
