892
CXUS52 KILM 012121
CLMFLO


CLIMATE REPORT
NATIONAL WEATHER SERVICE WILMINGTON NC
419 PM EST SUN JAN 1 2017

...................................

...THE FLORENCE SC CLIMATE SUMMARY FOR THE YEAR OF 2016...

CLIMATE NORMAL PERIOD 1981 TO 2010
CLIMATE RECORD PERIOD 1948 TO 2016

WEATHER         OBSERVED          NORMAL  DEPART  LAST YEAR`S
                 VALUE   DATE(S)  VALUE   FROM    VALUE  DATE(S)
                                          NORMAL
................................................................
TEMPERATURE (F)
RECORD
 HIGH             108   06/27/1954
 LOW                0   01/21/1985
HIGHEST            98   08/27                        102  07/10
                        07/05
                        07/03
LOWEST             19   01/19                         13  02/20
AVG. MAXIMUM     76.1              74.6     1.5     76.2
AVG. MINIMUM     55.0              52.8     2.2     55.6
MEAN             65.6              63.7     1.9     65.9
DAYS MAX >= 90     94              56.4    37.6       88
DAYS MAX <= 32      0               0.7    -0.7        2
DAYS MIN <= 32     39              40.0    -1.0       38
DAYS MIN <= 0       0               0.0     0.0        0

PRECIPITATION (INCHES)
RECORD
 MAXIMUM        64.71   1959
 MINIMUM        27.50   1954
TOTALS          60.95             42.91   18.04    57.03
DAILY AVG.       0.17              0.12    0.05     0.16
DAYS >= .01       115             106.0     9.0      130
DAYS >= .10        72              70.4     1.6       90
DAYS >= .50        34              28.6     5.4       38
DAYS >= 1.00       17              11.7     5.3       15
GREATEST
 24 HR. TOTAL   11.74   10/08 TO 10/08

SNOWFALL (INCHES)
RECORDS
 TOTAL           17.0   1973
TOTALS             MM               1.5
DAYS >= TRACE       0               0.8
DAYS >= 1.0        MM               0.7

DEGREE_DAYS
HEATING TOTAL    2271              2524    -253     2060
 SINCE 7/1        808               979    -171      485
COOLING TOTAL    2586              2062     524     2527
 SINCE 1/1       2586              2063     523     2527

FREEZE DATES
RECORD
 EARLIEST     10/14/1988
 LATEST       04/20/1983
EARLIEST                        11/11
LATEST                          03/22
..................................................

WIND (MPH)
AVERAGE WIND SPEED              6.9
RESULTANT WIND SPEED/DIRECTION   1/262
HIGHEST WIND SPEED/DIRECTION    52/230    DATE  07/07
HIGHEST GUST SPEED/DIRECTION    67/350    DATE  10/08

SKY COVER
POSSIBLE SUNSHINE (PERCENT)   MM
AVERAGE SKY COVER           0.30
NUMBER OF DAYS FAIR          237
NUMBER OF DAYS PC             85
NUMBER OF DAYS CLOUDY         41

AVERAGE RH (PERCENT)     68

WEATHER CONDITIONS. NUMBER OF DAYS WITH
THUNDERSTORM             46     MIXED PRECIP              MM
HEAVY RAIN               50     RAIN                      61
LIGHT RAIN              127     FREEZING RAIN              1
LT FREEZING RAIN          2     HAIL                      MM
HEAVY SNOW                0     SNOW                       0
LIGHT SNOW                2     SLEET                     MM
FOG                     157     FOG W/VIS <= 1/4 MILE     26
HAZE                     20

-  INDICATES NEGATIVE NUMBERS.
R  INDICATES RECORD WAS SET OR TIED.
MM INDICATES DATA IS MISSING.
T  INDICATES TRACE AMOUNT.

$$
