000
CXUS52 KILM 021137
CLMFLO


CLIMATE REPORT
NATIONAL WEATHER SERVICE WILMINGTON NC
734 AM EDT WED AUG 2 2017

...................................

...THE FLORENCE SC CLIMATE SUMMARY FOR THE MONTH OF JULY 2017...

CLIMATE NORMAL PERIOD 1981 TO 2010
CLIMATE RECORD PERIOD 1948 TO 2017

WEATHER         OBSERVED          NORMAL  DEPART  LAST YEAR`S
                 VALUE   DATE(S)  VALUE   FROM    VALUE  DATE(S)
                                          NORMAL
................................................................
TEMPERATURE (F)
RECORD
 HIGH             105   07/08/1977
 LOW               57   07/02/1988
                        07/11/1963
                        07/07/1951
HIGHEST            96   07/15                         98  07/05
                                                          07/03
LOWEST             61   07/31                         71  07/20
                                                          07/11
AVG. MAXIMUM     90.9              91.0    -0.1     95.2
AVG. MINIMUM     71.8              71.4     0.4     74.7
MEAN             81.4              81.2     0.2     85.0
DAYS MAX >= 90     22              18.3     3.7       31
DAYS MAX <= 32      0               0.0     0.0        0
DAYS MIN <= 32      0               0.0     0.0        0
DAYS MIN <= 0       0               0.0     0.0        0

PRECIPITATION (INCHES)
RECORD
 MAXIMUM        14.91   2013
 MINIMUM         1.21   1952
TOTALS           9.08              5.26    3.82     6.60
DAILY AVG.       0.29              0.17    0.12     0.21
DAYS >= .01        13              11.2     1.8       16
DAYS >= .10        10               7.9     2.1       11
DAYS >= .50         5               3.7     1.3        6
DAYS >= 1.00        2               1.4     0.6        2
GREATEST
 24 HR. TOTAL    3.50   07/18 TO 07/18

SNOWFALL (INCHES)
RECORDS
 TOTAL             MM   MM
TOTALS             MM               0.0
SINCE 7/1          MM               0.0

DEGREE_DAYS
HEATING TOTAL       0                 0       0        0
COOLING TOTAL     515               502      13      629
.................................................

WIND (MPH)
AVERAGE WIND SPEED              6.6
RESULTANT WIND SPEED/DIRECTION   3/216
HIGHEST WIND SPEED/DIRECTION    45/340    DATE  07/23
HIGHEST GUST SPEED/DIRECTION    57/340    DATE  07/23

SKY COVER
POSSIBLE SUNSHINE (PERCENT)   MM
AVERAGE SKY COVER           0.20
NUMBER OF DAYS FAIR           22
NUMBER OF DAYS PC              9
NUMBER OF DAYS CLOUDY          0

AVERAGE RH (PERCENT)     77

WEATHER CONDITIONS. NUMBER OF DAYS WITH
THUNDERSTORM             15     MIXED PRECIP              MM
HEAVY RAIN                8     RAIN                       7
LIGHT RAIN               15     FREEZING RAIN              0
LT FREEZING RAIN          0     HAIL                      MM
HEAVY SNOW                0     SNOW                       0
LIGHT SNOW                0     SLEET                     MM
FOG                      16     FOG W/VIS <= 1/4 MILE      1
HAZE                      1

-  INDICATES NEGATIVE NUMBERS.
R  INDICATES RECORD WAS SET OR TIED.
MM INDICATES DATA IS MISSING.
T  INDICATES TRACE AMOUNT.

$$
