000
CXUS52 KILM 041306
CLMFLO


CLIMATE REPORT
NATIONAL WEATHER SERVICE WILMINGTON NC
903 AM EDT WED MAY 4 2016

...................................

...THE FLORENCE SC CLIMATE SUMMARY FOR THE MONTH OF APRIL 2016...

CLIMATE NORMAL PERIOD 1981 TO 2010
CLIMATE RECORD PERIOD 1948 TO 2016

WEATHER         OBSERVED          NORMAL  DEPART  LAST YEAR`S
                 VALUE   DATE(S)  VALUE   FROM    VALUE  DATE(S)
                                          NORMAL
................................................................
TEMPERATURE (F)
RECORD
 HIGH              97   04/28/1981
 LOW               26   04/08/2007
HIGHEST            89   04/19                         91  04/09
LOWEST             33   04/10                         40  04/05
                        04/06
AVG. MAXIMUM     75.4              75.8    -0.4     76.4
AVG. MINIMUM     52.2              50.7     1.5     55.4
MEAN             63.8              63.3     0.5     65.9
DAYS MAX >= 90      0               1.2    -1.2        1
DAYS MAX <= 32      0               0.0     0.0        0
DAYS MIN <= 32      0               0.3    -0.3        0
DAYS MIN <= 0       0               0.0     0.0        0

PRECIPITATION (INCHES)
RECORD
 MAXIMUM         7.84   1949
 MINIMUM         0.23   2001
TOTALS           5.34              2.62    2.72     3.40
DAILY AVG.       0.18              0.09    0.09     0.11
DAYS >= .01         7               8.0    -1.0       12
DAYS >= .10         5               4.9     0.1        6
DAYS >= .50         2               1.6     0.4        3
DAYS >= 1.00        2               0.6     1.4        1
GREATEST
 24 HR. TOTAL    2.56   04/22 TO 04/22

SNOWFALL (INCHES)
RECORDS
 TOTAL             MM   MM
TOTALS             MM               0.0
SINCE 7/1          MM               1.5

DEGREE_DAYS
HEATING TOTAL     113               124     -11       53
COOLING TOTAL      83                72      11       90
.........................................................

WIND (MPH)
AVERAGE WIND SPEED              8.3
RESULTANT WIND SPEED/DIRECTION   1/208
HIGHEST WIND SPEED/DIRECTION    31/270    DATE  04/02
HIGHEST GUST SPEED/DIRECTION    46/270    DATE  04/02

SKY COVER
POSSIBLE SUNSHINE (PERCENT)   MM
AVERAGE SKY COVER           0.20
NUMBER OF DAYS FAIR           21
NUMBER OF DAYS PC              7
NUMBER OF DAYS CLOUDY          2

AVERAGE RH (PERCENT)     62

WEATHER CONDITIONS. NUMBER OF DAYS WITH
THUNDERSTORM              3     MIXED PRECIP              MM
HEAVY RAIN                4     RAIN                       5
LIGHT RAIN                8     FREEZING RAIN              0
LT FREEZING RAIN          0     HAIL                      MM
HEAVY SNOW                0     SNOW                       0
LIGHT SNOW                0     SLEET                     MM
FOG                       9     FOG W/VIS <= 1/4 MILE      2
HAZE                      3

-  INDICATES NEGATIVE NUMBERS.
R  INDICATES RECORD WAS SET OR TIED.
MM INDICATES DATA IS MISSING.
T  INDICATES TRACE AMOUNT.

$$
