000
CXUS52 KILM 011657 CCA
CLMFLO

CLIMATE REPORT...CORRECTED ANNUAL PRECIP TOTAL
NATIONAL WEATHER SERVICE WILMINGTON NC
1157 AM EST THU JAN 1 2015

...................................

...THE FLORENCE SC CLIMATE SUMMARY FOR THE YEAR OF 2014...

CLIMATE NORMAL PERIOD 1981 TO 2010
CLIMATE RECORD PERIOD 1948 TO 2014

WEATHER         OBSERVED          NORMAL  DEPART  LAST YEAR`S
                 VALUE   DATE(S)  VALUE   FROM    VALUE  DATE(S)
                                          NORMAL
................................................................
TEMPERATURE (F)
RECORD
 HIGH             108   06/27/1954
 LOW                0   01/21/1985
HIGHEST           100   07/09                         96  08/12
                                                          08/11
                                                          06/13
LOWEST             12   01/25                         19  02/18
AVG. MAXIMUM     74.7              74.6     0.1     74.5
AVG. MINIMUM     52.2              52.8    -0.6     52.8
MEAN             63.4              63.7    -0.3     63.6
DAYS MAX >= 90     76              56.4    19.6       MM
DAYS MAX <= 32      4               0.7     3.3       MM
DAYS MIN <= 32     56              40.0    16.0       MM
DAYS MIN <= 0       0               0.0     0.0       MM

PRECIPITATION (INCHES)
RECORD
 MAXIMUM        64.71   1959
 MINIMUM        27.50   1954
TOTALS          44.49             42.91    1.58    54.65
DAILY AVG.       0.12              0.12    0.00     0.15
DAYS >= .01       110             106.0     4.0       MM
DAYS >= .10        63              70.4    -7.4       MM
DAYS >= .50        30              28.6     1.4       MM
DAYS >= 1.00       13              11.7     1.3       MM
GREATEST
 24 HR. TOTAL    5.45   09/08 TO 09/09

SNOWFALL (INCHES)
RECORDS
 TOTAL           17.0   1973
TOTALS             MM               1.5
DAYS >= TRACE      MM               0.8
DAYS >= 1.0        MM               0.7

DEGREE_DAYS
HEATING TOTAL    2726              2524     202     2442
 SINCE 7/1        969               979     -10      912
COOLING TOTAL    2278              2062     216     2064
 SINCE 1/1       2278              2063     215     2064

FREEZE DATES
RECORD
 EARLIEST     10/14/1988
 LATEST       04/20/1983
EARLIEST                        11/11
LATEST                          03/22
..................................................

WIND (MPH)
AVERAGE WIND SPEED              6.7
RESULTANT WIND SPEED/DIRECTION   1/284
HIGHEST WIND SPEED/DIRECTION    36/220    DATE  07/15
HIGHEST GUST SPEED/DIRECTION    48/220    DATE  07/15

SKY COVER
POSSIBLE SUNSHINE (PERCENT)   MM
AVERAGE SKY COVER           0.30
NUMBER OF DAYS FAIR          223
NUMBER OF DAYS PC             89
NUMBER OF DAYS CLOUDY         53

AVERAGE RH (PERCENT)     67

WEATHER CONDITIONS. NUMBER OF DAYS WITH
THUNDERSTORM             28     MIXED PRECIP               0
HEAVY RAIN               38     RAIN                      54
LIGHT RAIN              130     FREEZING RAIN              2
LT FREEZING RAIN          4     HAIL                       0
HEAVY SNOW                0     SNOW                       0
LIGHT SNOW                3     SLEET                      3
FOG                     201     FOG W/VIS <= 1/4 MILE     48
HAZE                     67

-  INDICATES NEGATIVE NUMBERS.
R  INDICATES RECORD WAS SET OR TIED.
MM INDICATES DATA IS MISSING.
T  INDICATES TRACE AMOUNT.

$$
