000
CXUS52 KILM 080035
CLMFLO


CLIMATE REPORT
NATIONAL WEATHER SERVICE WILMINGTON NC
833 PM EDT SAT OCT 7 2017

...................................

...THE FLORENCE SC CLIMATE SUMMARY FOR THE MONTH OF SEPTEMBER 2017...

CLIMATE NORMAL PERIOD 1981 TO 2010
CLIMATE RECORD PERIOD 1948 TO 2017

WEATHER         OBSERVED          NORMAL  DEPART  LAST YEAR`S
                 VALUE   DATE(S)  VALUE   FROM    VALUE  DATE(S)
                                          NORMAL
................................................................
TEMPERATURE (F)
RECORD
 HIGH             101   09/06/1954
 LOW               41   09/30/1967
                        09/25/1950
HIGHEST            93   09/28                         95  09/01
LOWEST             55   09/08                         62  09/05
AVG. MAXIMUM     85.2              84.2     1.0     87.0
AVG. MINIMUM     64.8              64.3     0.5     69.5
MEAN             75.0              74.2     0.8     78.3
DAYS MAX >= 90      5               5.5    -0.5        9
DAYS MAX <= 32      0               0.0     0.0        0
DAYS MIN <= 32      0               0.0     0.0        0
DAYS MIN <= 0       0               0.0     0.0        0

PRECIPITATION (INCHES)
RECORD
 MAXIMUM        11.34   2008
 MINIMUM         0.01   1981
TOTALS           4.12              3.67    0.45     9.82
DAILY AVG.       0.14              0.12    0.02     0.33
DAYS >= .01         6               8.3    -2.3       14
DAYS >= .10         4               5.4    -1.4        9
DAYS >= .50         3               2.3     0.7        3
DAYS >= 1.00        1               1.1    -0.1        3
GREATEST
 24 HR. TOTAL    2.11   09/11 TO 09/11

SNOWFALL (INCHES)
RECORDS
 TOTAL             MM   MM
TOTALS             MM               0.0
SINCE 7/1          MM               0.0

DEGREE_DAYS
HEATING TOTAL       0                 9      -9        0
COOLING TOTAL     307               286      21      404
...................................................

WIND (MPH)
AVERAGE WIND SPEED              6.6
RESULTANT WIND SPEED/DIRECTION   3/032
HIGHEST WIND SPEED/DIRECTION    35/070    DATE  09/11
HIGHEST GUST SPEED/DIRECTION    45/070    DATE  09/11

SKY COVER
POSSIBLE SUNSHINE (PERCENT)   MM
AVERAGE SKY COVER           0.20
NUMBER OF DAYS FAIR           25
NUMBER OF DAYS PC              4
NUMBER OF DAYS CLOUDY          1

AVERAGE RH (PERCENT)     74

WEATHER CONDITIONS. NUMBER OF DAYS WITH
THUNDERSTORM              5     MIXED PRECIP              MM
HEAVY RAIN                5     RAIN                       4
LIGHT RAIN                6     FREEZING RAIN              0
LT FREEZING RAIN          0     HAIL                      MM
HEAVY SNOW                0     SNOW                       0
LIGHT SNOW                0     SLEET                     MM
FOG                      10     FOG W/VIS <= 1/4 MILE      1
HAZE                      1

-  INDICATES NEGATIVE NUMBERS.
R  INDICATES RECORD WAS SET OR TIED.
MM INDICATES DATA IS MISSING.
T  INDICATES TRACE AMOUNT.

$$
