000
CXUS52 KILM 030346
CLMFLO


CLIMATE REPORT
NATIONAL WEATHER SERVICE WILMINGTON NC
1044 PM EST TUE DEC 2 2014

...................................

...THE FLORENCE SC CLIMATE SUMMARY FOR THE MONTH OF NOVEMBER 2014...

CLIMATE NORMAL PERIOD 1981 TO 2010
CLIMATE RECORD PERIOD 1948 TO 2014

WEATHER         OBSERVED          NORMAL  DEPART  LAST YEAR`S
                 VALUE   DATE(S)  VALUE   FROM    VALUE  DATE(S)
                                          NORMAL
................................................................
TEMPERATURE (F)
RECORD
 HIGH              89   11/16/1993
                        11/03/1974
                        11/02/1974
 LOW               16   11/26/1950
HIGHEST            79   11/06                         83  11/18
                                                          11/01
LOWEST             20   11/19                         21  11/25
AVG. MAXIMUM     62.6              67.1    -4.5     65.2
AVG. MINIMUM     38.6              43.7    -5.1     39.7
MEAN             50.6              55.4    -4.8     52.4
DAYS MAX >= 90      0               0.0     0.0        0
DAYS MAX <= 32      0               0.0     0.0        0
DAYS MIN <= 32      9               3.8     5.2       10
DAYS MIN <= 0       0               0.0     0.0        0

PRECIPITATION (INCHES)
RECORD
 MAXIMUM         8.21   1985
 MINIMUM         0.22   2007
TOTALS           3.56              2.67    0.89     2.16
DAILY AVG.       0.12              0.09    0.03     0.07
DAYS >= .01         8               7.0     1.0        7
DAYS >= .10         4               4.5    -0.5        5
DAYS >= .50         3               1.8     1.2        3
DAYS >= 1.00        2               0.7     1.3        0
GREATEST
 24 HR. TOTAL    1.38   11/25 TO 11/26

SNOWFALL (INCHES)
RECORDS
 TOTAL             MM   MM
TOTALS             MM               0.0
SINCE 7/1          MM               0.0

DEGREE_DAYS
HEATING TOTAL     431               305     126      388
COOLING TOTAL       6                17     -11       16
........................................................

WIND (MPH)
AVERAGE WIND SPEED              6.7
RESULTANT WIND SPEED/DIRECTION   2/330
HIGHEST WIND SPEED/DIRECTION    30/220    DATE  11/17
HIGHEST GUST SPEED/DIRECTION    38/220    DATE  11/17

SKY COVER
POSSIBLE SUNSHINE (PERCENT)   MM
AVERAGE SKY COVER           0.30
NUMBER OF DAYS FAIR           18
NUMBER OF DAYS PC              7
NUMBER OF DAYS CLOUDY          5

AVERAGE RH (PERCENT)     67

WEATHER CONDITIONS. NUMBER OF DAYS WITH
THUNDERSTORM              2     MIXED PRECIP               0
HEAVY RAIN                3     RAIN                       5
LIGHT RAIN                9     FREEZING RAIN              0
LT FREEZING RAIN          0     HAIL                       0
HEAVY SNOW                0     SNOW                       0
LIGHT SNOW                0     SLEET                      0
FOG                      16     FOG W/VIS <= 1/4 MILE      6
HAZE                      7

-  INDICATES NEGATIVE NUMBERS.
R  INDICATES RECORD WAS SET OR TIED.
MM INDICATES DATA IS MISSING.
T  INDICATES TRACE AMOUNT.

$$
