000
CXUS52 KILM 031407
CLMFLO


CLIMATE REPORT
NATIONAL WEATHER SERVICE WILMINGTON NC
1005 AM EDT FRI OCT 3 2014

...................................

...THE FLORENCE SC CLIMATE SUMMARY FOR THE MONTH OF SEPTEMBER 2014...

CLIMATE NORMAL PERIOD 1981 TO 2010
CLIMATE RECORD PERIOD 1948 TO 2014

WEATHER         OBSERVED          NORMAL  DEPART  LAST YEAR`S
                 VALUE   DATE(S)  VALUE   FROM    VALUE  DATE(S)
                                          NORMAL
................................................................
TEMPERATURE (F)
RECORD
 HIGH             101   09/06/1954
 LOW               41   09/30/1967
                        09/25/1950
HIGHEST            99   09/02                         92  09/12
                                                          09/11
                                                          09/10
LOWEST             57   09/24                         52  09/30
AVG. MAXIMUM     83.2              84.2    -1.0     85.8
AVG. MINIMUM     67.7              64.3     3.4     63.5
MEAN             75.5              74.2     1.3     74.6
DAYS MAX >= 90      7               5.5     1.5       10
DAYS MAX <= 32      0               0.0     0.0        0
DAYS MIN <= 32      0               0.0     0.0        0
DAYS MIN <= 0       0               0.0     0.0        0

PRECIPITATION (INCHES)
RECORD
 MAXIMUM        11.34   2008
 MINIMUM         0.01   1981
TOTALS           8.42              3.67    4.75     0.89
DAILY AVG.       0.28              0.12    0.16     0.03
DAYS >= .01        12               8.3     3.7        7
DAYS >= .10        10               5.4     4.6        3
DAYS >= .50         4               2.3     1.7        0
DAYS >= 1.00        2               1.1     0.9        0
GREATEST
 24 HR. TOTAL    5.45   09/07 TO 09/08

SNOWFALL (INCHES)
RECORDS
 TOTAL             MM   MM
TOTALS             MM               0.0
SINCE 7/1          MM               0.0

DEGREE_DAYS
HEATING TOTAL       6                 9      -3        0
COOLING TOTAL     327               286      41      298
.......................................................

WIND (MPH)
AVERAGE WIND SPEED              6.3
RESULTANT WIND SPEED/DIRECTION   2/049
HIGHEST WIND SPEED/DIRECTION    25/260    DATE  09/12
HIGHEST GUST SPEED/DIRECTION    32/250    DATE  09/12

SKY COVER
POSSIBLE SUNSHINE (PERCENT)   MM
AVERAGE SKY COVER           0.60
NUMBER OF DAYS FAIR           10
NUMBER OF DAYS PC             11
NUMBER OF DAYS CLOUDY          9

AVERAGE RH (PERCENT)     76

WEATHER CONDITIONS. NUMBER OF DAYS WITH
THUNDERSTORM              7     MIXED PRECIP               0
HEAVY RAIN                5     RAIN                       7
LIGHT RAIN               14     FREEZING RAIN              0
LT FREEZING RAIN          0     HAIL                       0
HEAVY SNOW                0     SNOW                       0
LIGHT SNOW                0     SLEET                      0
FOG                      17     FOG W/VIS <= 1/4 MILE      2
HAZE                      2

-  INDICATES NEGATIVE NUMBERS.
R  INDICATES RECORD WAS SET OR TIED.
MM INDICATES DATA IS MISSING.
T  INDICATES TRACE AMOUNT.

$$
