088
CXUS52 KILM 011617
CLMFLO


CLIMATE REPORT
NATIONAL WEATHER SERVICE WILMINGTON NC
1115 AM EST MON FEB 1 2016

...................................

...THE FLORENCE SC CLIMATE SUMMARY FOR THE MONTH OF JANUARY 2016...

CLIMATE NORMAL PERIOD 1981 TO 2010
CLIMATE RECORD PERIOD 1948 TO 2016

WEATHER         OBSERVED          NORMAL  DEPART  LAST YEAR`S
                 VALUE   DATE(S)  VALUE   FROM    VALUE  DATE(S)
                                          NORMAL
................................................................
TEMPERATURE (F)
RECORD
 HIGH              85   01/31/1975
 LOW                0   01/21/1985
HIGHEST            68   01/31                         76  01/04
LOWEST             19   01/19                         14  01/08
AVG. MAXIMUM     52.6              55.3    -2.7     55.0
AVG. MINIMUM     33.1              34.6    -1.5     34.4
MEAN             42.8              44.9    -2.1     44.7
DAYS MAX >= 90      0               0.0     0.0        0
DAYS MAX <= 32      0               0.5    -0.5        1
DAYS MIN <= 32     17              13.1     3.9       13
DAYS MIN <= 0       0               0.0     0.0        0

PRECIPITATION (INCHES)
RECORD
 MAXIMUM         7.78   1995
 MINIMUM         0.70   2003
TOTALS           2.13              3.23   -1.10     2.43
DAILY AVG.       0.07              0.10   -0.03     0.08
DAYS >= .01         7               9.7    -2.7       10
DAYS >= .10         3               6.3    -3.3        5
DAYS >= .50         2               2.3    -0.3        1
DAYS >= 1.00        1               0.7     0.3        1
GREATEST
 24 HR. TOTAL    1.11   01/22 TO 01/22

SNOWFALL (INCHES)
RECORDS
 TOTAL            9.9   1988
TOTALS             MM               0.9
SINCE 7/1          MM               1.2

DEGREE_DAYS
HEATING TOTAL     675               623      52      623
COOLING TOTAL       0                 2      -2        3
...................................................

WIND (MPH)
AVERAGE WIND SPEED              7.4
RESULTANT WIND SPEED/DIRECTION   3/339
HIGHEST WIND SPEED/DIRECTION    33/090    DATE  01/15
HIGHEST GUST SPEED/DIRECTION    42/090    DATE  01/15

SKY COVER
POSSIBLE SUNSHINE (PERCENT)    0
AVERAGE SKY COVER           0.30
NUMBER OF DAYS FAIR           19
NUMBER OF DAYS PC              6
NUMBER OF DAYS CLOUDY          6

AVERAGE RH (PERCENT)     68

WEATHER CONDITIONS. NUMBER OF DAYS WITH
THUNDERSTORM              0     MIXED PRECIP              MM
HEAVY RAIN                2     RAIN                       2
LIGHT RAIN               10     FREEZING RAIN              1
LT FREEZING RAIN          1     HAIL                      MM
HEAVY SNOW                0     SNOW                       0
LIGHT SNOW                1     SLEET                     MM
FOG                      12     FOG W/VIS <= 1/4 MILE      3
HAZE                      1

-  INDICATES NEGATIVE NUMBERS.
R  INDICATES RECORD WAS SET OR TIED.
MM INDICATES DATA IS MISSING.
T  INDICATES TRACE AMOUNT.

$$
