000
CXUS52 KTBW 011727
CLMFMY


CLIMATE REPORT
NATIONAL WEATHER SERVICE TAMPA BAY FL
117 PM EDT FRI AUG 1 2014

...................................

...THE FORT MYERS CLIMATE SUMMARY FOR THE MONTH OF JULY 2014...

CLIMATE NORMAL PERIOD 1981 TO 2010
CLIMATE RECORD PERIOD 1902 TO 2014

WEATHER         OBSERVED          NORMAL  DEPART  LAST YEAR`S
                 VALUE   DATE(S)  VALUE   FROM    VALUE  DATE(S)
                                          NORMAL
................................................................
TEMPERATURE (F)
ALL-TIME JULY RECORD
 HIGH             101   07/20/1942
                        07/07/1942
 LOW               66   07/25/1950
                        07/30/1928

JULY 2014
HIGHEST            96   07/20        MM      MM       94  07/29
LOWEST             72   07/10        MM      MM       71  07/19
                                                          07/18
AVG. MAXIMUM     91.4              91.9    -0.5     89.0
AVG. MINIMUM     75.5              74.5     1.0     74.3
MEAN             83.4              83.2     0.2     81.6
DAYS MAX >= 90     26              24.7     1.3       14
DAYS MAX <= 32      0               0.0     0.0        0
DAYS MIN <= 32      0               0.0     0.0        0
DAYS MIN <= 0       0               0.0     0.0        0

PRECIPITATION (INCHES)
ALL-TIME JULY RECORD
 MAXIMUM        15.28   1941
 MINIMUM         2.28   1964

JULY 2014
TOTALS           8.64              9.04   -0.40    10.05
DAILY AVG.       0.28              0.29   -0.01     0.32
DAYS >= .01        20              17.6     2.4       21
DAYS >= .10        15              12.7     2.3       16
DAYS >= .50         5               6.2    -1.2        8
DAYS >= 1.00        1               2.9    -1.9        2
GREATEST
 24 HR. TOTAL    3.43   07/09 TO 07/10

DEGREE_DAYS
HEATING TOTAL       0                 0       0        0
 SINCE 7/1          0                 0       0        0
COOLING TOTAL     580               564      16      522
 SINCE 1/1       2301              2155     146     2165
.................................................................

WIND (MPH)
AVERAGE WIND SPEED              4.9
HIGHEST WIND SPEED/DIRECTION    32/290    DATE  07/29
HIGHEST GUST SPEED/DIRECTION    39/290    DATE  07/29

SKY COVER
POSSIBLE SUNSHINE (PERCENT)   MM
AVERAGE SKY COVER           0.20
NUMBER OF DAYS FAIR           31
NUMBER OF DAYS PC              0
NUMBER OF DAYS CLOUDY          0

AVERAGE RH (PERCENT)     75

WEATHER CONDITIONS. NUMBER OF DAYS WITH
THUNDERSTORM              0     MIXED PRECIP               0
HEAVY RAIN               14     RAIN                      16
LIGHT RAIN               21     FREEZING RAIN              0
LT FREEZING RAIN          0     HAIL                       0
HEAVY SNOW                0     SNOW                       0
LIGHT SNOW                0     SLEET                      0
FOG                      20     FOG W/VIS <= 1/4 MILE      0
HAZE                      9

-  INDICATES NEGATIVE NUMBERS.
R  INDICATES RECORD WAS SET OR TIED.
MM INDICATES DATA IS MISSING.
T  INDICATES TRACE AMOUNT.

$$
