000
CXUS52 KTBW 021350
CLMFMY


CLIMATE REPORT
NATIONAL WEATHER SERVICE TAMPA BAY FL
950 AM EDT SAT JUL 2 2016

...................................

...THE FORT MYERS CLIMATE SUMMARY FOR THE MONTH OF JUNE 2016...

CLIMATE NORMAL PERIOD 1981 TO 2010
CLIMATE RECORD PERIOD 1902 TO 2016

WEATHER         OBSERVED          NORMAL  DEPART  LAST YEAR`S
                 VALUE   DATE(S)  VALUE   FROM    VALUE  DATE(S)
                                          NORMAL
................................................................
TEMPERATURE (F)
ALL-TIME JUNE RECORD
 HIGH             103   06/17/1981
                        06/16/1981
 LOW               60   06/01/1984
                        06/03/1916

JUNE 2016
HIGHEST            95   06/03        MM      MM       96  06/22
LOWEST             71   06/21        MM      MM       69  06/03
                                                          06/02
AVG. MAXIMUM     91.0              91.5    -0.5     92.0
AVG. MINIMUM     74.7              73.5     1.2     73.3
MEAN             82.9              82.5     0.4     82.7
DAYS MAX >= 90     22              21.3     0.7       26
DAYS MAX <= 32      0               0.0     0.0        0
DAYS MIN <= 32      0               0.0     0.0        0
DAYS MIN <= 0       0               0.0     0.0        0

PRECIPITATION (INCHES)
ALL-TIME JUNE RECORD
 MAXIMUM        27.61   1912
 MINIMUM         1.99   1980

JUNE 2016
TOTALS          12.60             10.09    2.51     8.60
DAILY AVG.       0.42              0.34    0.08     0.29
DAYS >= .01        21              16.0     5.0       20
DAYS >= .10        16              11.7     4.3       16
DAYS >= .50        11               6.1     4.9        8
DAYS >= 1.00        4               3.6     0.4        1
GREATEST
 24 HR. TOTAL    2.23   06/12 TO 06/13

DEGREE_DAYS
HEATING TOTAL       0                 0       0        0
 SINCE 7/1        204               287     -83      231
COOLING TOTAL     544               525      19      538
 SINCE 1/1       1642              1591      51     1892
.................................................................

WIND (MPH)
AVERAGE WIND SPEED              6.1
HIGHEST WIND SPEED/DIRECTION    45/250    DATE  06/01
HIGHEST GUST SPEED/DIRECTION    61/250    DATE  06/01

SKY COVER (DOES NOT INCLUDE ANY CLOUDS ABOVE 12000 FEET)
POSSIBLE SUNSHINE (PERCENT)   MM
AVERAGE SKY COVER           0.30
NUMBER OF DAYS FAIR           24
NUMBER OF DAYS PC              5
NUMBER OF DAYS CLOUDY          1

AVERAGE RH (PERCENT)     76

WEATHER CONDITIONS. NUMBER OF DAYS WITH
THUNDERSTORM             25     MIXED PRECIP               0
HEAVY RAIN               15     RAIN                      17
LIGHT RAIN               23     FREEZING RAIN              0
LT FREEZING RAIN          0     HAIL                       0
HEAVY SNOW                0     SNOW                       0
LIGHT SNOW                0     SLEET                      0
FOG                      20     FOG W/VIS <= 1/4 MILE      0
HAZE                      3
.................................................................

REMARKS
THE JUNE 2016 MONTHLY AVERAGE TEMPERATURE OF 82.9 DEGREES TIES
WITH 2011 AND 1993 AS THE 12TH WARMEST JUNE SINCE RECORDS BEGAN
IN 1902. THE WARMEST JUNE HAD AN AVERAGE TEMPERATURE OF 85.9
DEGREES WHICH OCCURRED IN 1981.

THE JUNE 2016 MONTHLY RAINFALL TOTAL OF 12.60 INCHES RANKS AS
THE 23RD WETTEST JUNE SINCE RECORDS BEGAN IN 1902.


-  INDICATES NEGATIVE NUMBERS.
R  INDICATES RECORD WAS SET OR TIED.
MM INDICATES DATA IS MISSING.
T  INDICATES TRACE AMOUNT.

$$
