000
CXUS52 KTBW 031420
CLMFMY


CLIMATE REPORT
NATIONAL WEATHER SERVICE TAMPA BAY FL
920 AM EST MON NOV 3 2014

...................................

...THE FORT MYERS CLIMATE SUMMARY FOR THE MONTH OF OCTOBER 2014...

CLIMATE NORMAL PERIOD 1981 TO 2010
CLIMATE RECORD PERIOD 1902 TO 2014

WEATHER         OBSERVED          NORMAL  DEPART  LAST YEAR`S
                 VALUE   DATE(S)  VALUE   FROM    VALUE  DATE(S)
                                          NORMAL
................................................................
TEMPERATURE (F)
ALL-TIME OCTOBER RECORD
 HIGH              95   10/08/2009
                        10/04/1990
                        10/04/1926
 LOW               45   10/28/1957

OCTOBER 2014
HIGHEST            91   10/13        MM      MM       90  10/18
                        10/12                             10/01
                        10/11
LOWEST             58   10/27        MM      MM       60  10/27
AVG. MAXIMUM     86.4              86.7    -0.3     86.9
AVG. MINIMUM     67.8              69.1    -1.3     69.5
MEAN             77.1              77.9    -0.8     78.2
DAYS MAX >= 90      7               5.9     1.1        2
DAYS MAX <= 32      0               0.0     0.0        0
DAYS MIN <= 32      0               0.0     0.0        0
DAYS MIN <= 0       0               0.0     0.0        0

PRECIPITATION (INCHES)
ALL-TIME OCTOBER RECORD
 MAXIMUM        12.04   1959
 MINIMUM         0.05   1963

OCTOBER 2014
TOTALS           1.32              2.88   -1.56     1.34
DAILY AVG.       0.04              0.09   -0.05     0.04
DAYS >= .01         6               6.8    -0.8        4
DAYS >= .10         4               4.1    -0.1        2
DAYS >= .50         0               1.6    -1.6        1
DAYS >= 1.00        0               0.9    -0.9        1
GREATEST
 24 HR. TOTAL    0.64   10/14 TO 10/15

DEGREE_DAYS
HEATING TOTAL       0                 2      -2        0
 SINCE 7/1          0                 2      -2        0
COOLING TOTAL     380               402     -22      418
 SINCE 1/1       3791              3648     143     3623
.................................................................

WIND (MPH)
AVERAGE WIND SPEED              6.3
HIGHEST WIND SPEED/DIRECTION    22/240    DATE  10/14
HIGHEST GUST SPEED/DIRECTION    29/290    DATE  10/04

SKY COVER (DOES NOT INCLUDE ANY CLOUDS ABOVE 12000 FEET)
POSSIBLE SUNSHINE (PERCENT)   MM
AVERAGE SKY COVER           0.10
NUMBER OF DAYS FAIR           31
NUMBER OF DAYS PC              0
NUMBER OF DAYS CLOUDY          0

AVERAGE RH (PERCENT)     72

WEATHER CONDITIONS. NUMBER OF DAYS WITH
THUNDERSTORM              6     MIXED PRECIP               0
HEAVY RAIN                4     RAIN                       4
LIGHT RAIN                9     FREEZING RAIN              0
LT FREEZING RAIN          0     HAIL                       0
HEAVY SNOW                0     SNOW                       0
LIGHT SNOW                0     SLEET                      0
FOG                       6     FOG W/VIS <= 1/4 MILE      0
HAZE                      1

-  INDICATES NEGATIVE NUMBERS.
R  INDICATES RECORD WAS SET OR TIED.
MM INDICATES DATA IS MISSING.
T  INDICATES TRACE AMOUNT.

$$
