000
CXUS52 KTBW 040245 CCA
CLMFMY

CLIMATE REPORT...CORRECTED NUMBER OF THUNDERSTORM DAYS
NATIONAL WEATHER SERVICE TAMPA BAY FL
1045 PM EDT MON AUG 3 2015

...................................

...THE FORT MYERS CLIMATE SUMMARY FOR THE MONTH OF JULY 2015...

CLIMATE NORMAL PERIOD 1981 TO 2010
CLIMATE RECORD PERIOD 1902 TO 2015

WEATHER         OBSERVED          NORMAL  DEPART  LAST YEAR`S
                 VALUE   DATE(S)  VALUE   FROM    VALUE  DATE(S)
                                          NORMAL
................................................................
TEMPERATURE (F)
ALL-TIME JULY RECORD
 HIGH             101   07/20/1942
                        07/07/1942
 LOW               66   07/25/1950
                        07/30/1928
JULY 2015
HIGHEST            96   07/01        MM      MM       96  07/20
LOWEST             72   07/15        MM      MM       72  07/10
                        07/06
                        07/05
AVG. MAXIMUM     90.7              91.9    -1.2     91.4
AVG. MINIMUM     74.5              74.5     0.0     75.5
MEAN             82.6              83.2    -0.6     83.4
DAYS MAX >= 90     23              24.7    -1.7       26
DAYS MAX <= 32      0               0.0     0.0        0
DAYS MIN <= 32      0               0.0     0.0        0
DAYS MIN <= 0       0               0.0     0.0        0

PRECIPITATION (INCHES)
ALL-TIME JULY RECORD
 MAXIMUM        15.28   1941
 MINIMUM         2.28   1964

JULY 2015
TOTALS          13.07              9.04    4.03     8.64
DAILY AVG.       0.42              0.29    0.13     0.28
DAYS >= .01        20              17.6     2.4       20
DAYS >= .10        14              12.7     1.3       15
DAYS >= .50        11               6.2     4.8        5
DAYS >= 1.00        6               2.9     3.1        1
GREATEST
 24 HR. TOTAL    2.27   07/26 TO 07/26

DEGREE_DAYS
HEATING TOTAL       0                 0       0        0
 SINCE 7/1          0                 0       0        0
COOLING TOTAL     551               564     -13      580
 SINCE 1/1       2443              2155     288     2301
.................................................................

WIND (MPH)
AVERAGE WIND SPEED              5.6
HIGHEST WIND SPEED/DIRECTION    33/100    DATE  07/02
HIGHEST GUST SPEED/DIRECTION    42/110    DATE  07/02

SKY COVER (DOES NOT INCLUDE ANY CLOUDS ABOVE 12000 FEET)
POSSIBLE SUNSHINE (PERCENT)   MM
AVERAGE SKY COVER           0.20
NUMBER OF DAYS FAIR           29
NUMBER OF DAYS PC              2
NUMBER OF DAYS CLOUDY          0

AVERAGE RH (PERCENT)     76

WEATHER CONDITIONS. NUMBER OF DAYS WITH
THUNDERSTORM             21     MIXED PRECIP               0
HEAVY RAIN               14     RAIN                      14
LIGHT RAIN               22     FREEZING RAIN              0
LT FREEZING RAIN          0     HAIL                       0
HEAVY SNOW                0     SNOW                       0
LIGHT SNOW                0     SLEET                      0
FOG                      18     FOG W/VIS <= 1/4 MILE      1
HAZE                      7

-  INDICATES NEGATIVE NUMBERS.
R  INDICATES RECORD WAS SET OR TIED.
MM INDICATES DATA IS MISSING.
T  INDICATES TRACE AMOUNT.

$$
