116
CXUS53 KDTX 141555 AAA
CLMFNT

CLIMATE REPORT
NATIONAL WEATHER SERVICE DETROIT/PONTIAC MI
341 PM EDT FRI APR 1 2016

...................................

...THE FLINT MI CLIMATE SUMMARY FOR THE MONTH OF MARCH 2016...

CLIMATE NORMAL PERIOD 1981 TO 2010
CLIMATE RECORD PERIOD 1921 TO 2016

WEATHER         OBSERVED          NORMAL  DEPART
                 VALUE   DATE(S)  VALUE   FROM
                                          NORMAL
................................................
TEMPERATURE (F)
RECORD
 HIGH              86   03/21/2012
 LOW              -16   03/03/2014
HIGHEST            72   03/09        MM      MM
                        03/08
LOWEST              2   03/03        MM      MM
AVG. MAXIMUM     51.1              43.5     7.6
AVG. MINIMUM     32.4              24.8     7.6
MEAN             41.8              34.1     7.7
DAYS MAX >= 90      0               0.0     0.0
DAYS MAX <= 32      2               4.6    -2.6
DAYS MIN <= 32     17              24.1    -7.1
DAYS MIN <= 0       0               0.3    -0.3

PRECIPITATION (INCHES)
RECORD
 MAXIMUM         4.33   1948
 MINIMUM         0.25   1958
TOTALS           4.33              1.91    2.42
DAILY AVG.       0.14              0.06    0.08
DAYS >= .01        14              11.3     2.7
DAYS >= .10        11               5.0     6.0
DAYS >= .50         4               0.8     3.2
DAYS >= 1.00        0               0.2    -0.2
GREATEST
 24 HR. TOTAL    1.06   03/23 TO 03/24
 STORM TOTAL       MM
 (MM/DD(HH))            MM

SNOWFALL (INCHES)
RECORDS
 TOTAL           19.4   1965
                        0
                        0
TOTALS           11.6               6.5     5.1
 LIQUID EQUIV    1.16              0.60    0.56
SINCE 7/1        62.0              45.1    16.9
 LIQUID 7/1      6.20
DAYS >= TRACE       6               6.2    -0.2
DAYS >= 1.0         2               2.2    -0.2
GREATEST
 SNOW DEPTH         9   03/03
                        03/02
 24 HR TOTAL      9.3R  MM
 STORM TOTAL       MM
 (MM/DD(HH))            MM

DEGREE_DAYS
HEATING TOTAL     711               957    -246
 SINCE 7/1       4581              6045   -1464
COOLING TOTAL       1                 0       1
 SINCE 1/1          1                 0       1

FREEZE DATES
RECORD
 EARLIEST     MM
 LATEST       MM
EARLIEST                        MM
LATEST                          MM
.................................................

WIND (MPH)
AVERAGE WIND SPEED              8.7
HIGHEST WIND SPEED/DIRECTION    36/270    DATE  03/16
HIGHEST GUST SPEED/DIRECTION    44/220    DATE  03/16

SKY COVER
POSSIBLE SUNSHINE (PERCENT)   MM
AVERAGE SKY COVER           0.60
NUMBER OF DAYS FAIR            7
NUMBER OF DAYS PC             11
NUMBER OF DAYS CLOUDY         13

AVERAGE RH (PERCENT)     65

WEATHER CONDITIONS. NUMBER OF DAYS WITH
THUNDERSTORM              3     MIXED PRECIP               0
HEAVY RAIN                3     RAIN                       6
LIGHT RAIN               13     FREEZING RAIN              0
LT FREEZING RAIN          0     HAIL                       0
HEAVY SNOW                1     SNOW                       3
LIGHT SNOW                5     SLEET                      0
FOG                      15     FOG W/VIS <= 1/4 MILE      2
HAZE                     14

-  INDICATES NEGATIVE NUMBERS.
R  INDICATES RECORD WAS SET OR TIED.
MM INDICATES DATA IS MISSING.
T  INDICATES TRACE AMOUNT.

$$
================================================================
       SOUTHEAST MICHIGAN CLIMATE SUMMARY FOR MARCH 2016


MARCH 2016 MONTHLY STATISTICS AND RANKINGS
-----------------------------------------------------------------
SNOWFALL
                ACTUAL    NORMAL     DEPARTURE     RANKING
DETROIT AREA     7.4"      6.9"       +0.5"      58TH SNOWIEST
FLINT AREA      11.6"      6.5"       +5.1"      19TH SNOWIEST
SAGINAW         14.9"      6.4"       +8.5"       7TH SNOWIEST

SNOW YEAR SINCE JULY 1*
                ACTUAL    NORMAL*    DEPARTURE     RANKING
DETROIT AREA    34.0"     40.8"        -6.8"     54TH LEAST SNOWY
FLINT AREA      62.0"     45.1"       +16.9"     12TH SNOWIEST
SAGINAW         48.6"     39.8"        +8.8"     25TH SNOWIEST

      *NORMAL TO DATE (AS OF MARCH 31, 2016)

PRECIPITATION
                ACTUAL    NORMAL     DEPARTURE     RANKING
DETROIT AREA    4.86"      2.28"      +2.58"      5TH WETTEST
FLINT AREA      4.33"      1.91"      +2.42"      2ND WETTEST
SAGINAW         3.98"      2.06"      +1.92"      6TH WETTEST

WATER YEAR SINCE JANUARY 1*
                ACTUAL    NORMAL     DEPARTURE     RANKING
DETROIT AREA    8.22"      6.26"      +1.96"     31ST WETTEST
FLINT AREA      8.18"      5.02"      +3.13"      7TH WETTEST
SAGINAW         7.90"      5.38"      +2.52"     11TH WETTEST

      *NORMAL TO DATE (AS OF MARCH 31, 2016)


AVERAGE TEMPERATURE
                ACTUAL    NORMAL     DEPARTURE     RANKING
DETROIT AREA     43.1      37.2       +5.9        7TH WARMEST
FLINT AREA       41.8      34.1       +7.7        4TH WARMEST
SAGINAW          39.4      33.7       +5.7        8TH WARMEST

AVERAGE HIGH TEMPERATURE
                ACTUAL    NORMAL     DEPARTURE     RANKING
DETROIT AREA     51.9      45.8       +6.1        7TH WARMEST
FLINT AREA       51.1      43.5       +7.6        7TH WARMEST
SAGINAW          47.5      42.2       +5.3        9TH WARMEST

AVERAGE LOW TEMPERATURE
                ACTUAL    NORMAL     DEPARTURE     RANKING
DETROIT AREA     34.4      28.6       +5.8        6TH WARMEST
FLINT AREA       32.4      24.8       +7.6        5TH WARMEST
SAGINAW          31.3      25.3       +6.0        8TH WARMEST


DETROIT AREA HAS A CLIMATE RECORD DATING TO NOVEMBER 1874
FLINT AREA HAS A CLIMATE RECORD DATING TO JANUARY 1921
SAGINAW HAS A CLIMATE RECORD DATING TO 1912
