000
CXUS53 KFSD 012227
CLMFSD

CLIMATE REPORT
NATIONAL WEATHER SERVICE SIOUX FALLS SD
425 PM CST MON DEC 1 2014

...................................

...THE SIOUX FALLS SD CLIMATE SUMMARY FOR THE MONTH OF NOVEMBER 2014...

CLIMATE NORMAL PERIOD 1981 TO 2010
CLIMATE RECORD PERIOD 1893 TO 2014

WEATHER         OBSERVED          NORMAL  DEPART  LAST YEAR`S
                 VALUE   DATE(S)  VALUE   FROM    VALUE  DATE(S)
                                          NORMAL
................................................................
TEMPERATURE (F)
RECORD
 HIGH              81   11/08/1999
 LOW              -17   11/30/1964
                        11/14/1959
HIGHEST            59   11/05        MM      MM       60  11/13
                        11/02
LOWEST             -7   11/27        MM      MM       -1  11/22
AVG. MAXIMUM     35.9              42.5    -6.6     43.7
AVG. MINIMUM     16.5              22.7    -6.2     20.0
MEAN             26.2              32.6    -6.4     31.8
DAYS MAX >= 90      0               0.0     0.0        0
DAYS MAX <= 32     14               6.7     7.3        7
DAYS MIN <= 32     26              24.8     1.2       27
DAYS MIN <= 0       3               1.0     2.0        1

PRECIPITATION (INCHES)
RECORD
 MAXIMUM         4.76   2001
 MINIMUM         0.00   1914
TOTALS           0.56              1.36   -0.80     0.46
DAILY AVG.       0.02              0.05   -0.03     0.02
DAYS >= .01         5               7.2    -2.2        5
DAYS >= .10         2               2.9    -0.9        1
DAYS >= .50         0               0.7    -0.7        0
DAYS >= 1.00        0               0.3    -0.3        0
GREATEST
 24 HR. TOTAL    0.32   11/15 TO 11/15

SNOWFALL (INCHES)
RECORDS
 TOTAL           21.9   1985
TOTALS            8.3               7.4     0.9      7.5
SINCE 7/1         8.3               8.7    -0.4      7.9
SNOWDEPTH AVG.      1                MM      MM        0
DAYS >= 1.0         1               2.0    -1.0        1
GREATEST
 SNOW DEPTH         6   11/16                          5  11/06
 24 HR TOTAL      6.5   11/15 TO 11/15

DEGREE_DAYS
HEATING TOTAL    1158               972     186      986
 SINCE 7/1       1756              1712      44     1621
COOLING TOTAL       0                 0       0        0
 SINCE 1/1        610               690     -80      787
.................................................................

WIND (MPH)
AVERAGE WIND SPEED              12.9
HIGHEST WIND SPEED/DIRECTION    38/330    DATE  11/07
HIGHEST GUST SPEED/DIRECTION    47/350    DATE  11/07

SKY COVER
POSSIBLE SUNSHINE (PERCENT)   MM
AVERAGE SKY COVER           0.60
NUMBER OF DAYS FAIR            6
NUMBER OF DAYS PC             13
NUMBER OF DAYS CLOUDY         11

AVERAGE RH (PERCENT)     70

WEATHER CONDITIONS. NUMBER OF DAYS WITH
THUNDERSTORM              0     MIXED PRECIP               0
HEAVY RAIN                0     RAIN                       0
LIGHT RAIN                5     FREEZING RAIN              0
LT FREEZING RAIN          1     HAIL                       0
HEAVY SNOW                0     SNOW                       1
LIGHT SNOW               11     SLEET                      0
FOG                      11     FOG W/VIS <= 1/4 MILE      1
HAZE                      0

-  INDICATES NEGATIVE NUMBERS.
R  INDICATES RECORD WAS SET OR TIED.
MM INDICATES DATA IS MISSING.
T  INDICATES TRACE AMOUNT.

$$
