000
CXUS54 KTSA 011222
CLMFSM

CLIMATE REPORT
NATIONAL WEATHER SERVICE TULSA OK
723 AM CDT TUE AUG 1 2017

...................................

...THE FORT SMITH ARKANSAS CLIMATE SUMMARY FOR THE MONTH OF JULY 2017...

CLIMATE NORMAL PERIOD 1981 TO 2010
CLIMATE RECORD PERIOD 1882 TO 2017

WEATHER         OBSERVED          NORMAL  DEPART  LAST YEAR`S
                 VALUE   DATE(S)  VALUE   FROM    VALUE  DATE(S)
                                          NORMAL
................................................................
TEMPERATURE (F)
RECORD
 HIGH             111   07/14/1954
                        07/13/1954
 LOW               50   07/06/1972
HIGHEST            99   07/23       111     -12      101
                        07/22
                        07/21
LOWEST             67   07/31        50      17       68
AVG. MAXIMUM     93.4              93.0     0.4     94.2
AVG. MINIMUM     73.5              71.6     1.9     74.5
MEAN             83.4              82.3     1.1     84.3
DAYS MAX >= 90     23
DAYS MAX <= 32      0
DAYS MIN <= 32      0
DAYS MIN <= 0       0

PRECIPITATION (INCHES)
RECORD
 MAXIMUM        14.99   1895
 MINIMUM         0.07   2001
TOTALS           4.53              3.30    1.23     3.65
DAILY AVG.       0.15              0.11    0.04     0.12
DAYS >= .01         6               6.5    -0.5       12
DAYS >= .10         4               4.7    -0.7        4
DAYS >= .50         3               2.1     0.9        2
DAYS >= 1.00        2               0.9     1.1        2
GREATEST
 24 HR. TOTAL    2.75   06/30 TO 07/01
                        07/01 TO 07/02
                        07/02 TO 07/03

DEGREE_DAYS
COOLING TOTAL     580               536      44      607
 SINCE 1/1       1298              1165     133     1295
.................................................................

WIND (MPH)
AVERAGE WIND SPEED              4.7
HIGHEST WIND SPEED/DIRECTION    31/350    DATE  07/23
HIGHEST GUST SPEED/DIRECTION    44/360    DATE  07/08

SKY COVER
POSSIBLE SUNSHINE (PERCENT)   MM
AVERAGE SKY COVER           0.20
NUMBER OF DAYS FAIR           23
NUMBER OF DAYS PC              8
NUMBER OF DAYS CLOUDY          0

AVERAGE RH (PERCENT)     75

WEATHER CONDITIONS. NUMBER OF DAYS WITH
THUNDERSTORM              0     MIXED PRECIP               0
HEAVY RAIN                4     RAIN                       5
LIGHT RAIN                9     FREEZING RAIN              0
LT FREEZING RAIN          0     HAIL                       0
HEAVY SNOW                0     SNOW                       0
LIGHT SNOW                0     SLEET                      0
FOG                      11     FOG W/VIS <= 1/4 MILE      2
HAZE                      3

-  INDICATES NEGATIVE NUMBERS.
R  INDICATES RECORD WAS SET OR TIED.
MM INDICATES DATA IS MISSING.
T  INDICATES TRACE AMOUNT.

$$
