000
CXUS54 KTSA 011235
CLMFSM

CLIMATE REPORT
NATIONAL WEATHER SERVICE TULSA OK
635 AM CST THU JAN 1 2015

...................................

...THE FORT SMITH ARKANSAS CLIMATE SUMMARY FOR THE MONTH OF DECEMBER 2014...

CLIMATE NORMAL PERIOD 1981 TO 2010
CLIMATE RECORD PERIOD 1882 TO 2014

WEATHER         OBSERVED          NORMAL  DEPART  LAST YEAR`S
                 VALUE   DATE(S)  VALUE   FROM    VALUE  DATE(S)
                                          NORMAL
................................................................
TEMPERATURE (F)
RECORD
 HIGH              82   12/31/1951
 LOW               -5   12/23/1989
HIGHEST            66   12/14        51     -15       66
LOWEST             24   12/30        29      -5       24
AVG. MAXIMUM     49.7              51.5    -1.8     48.8
AVG. MINIMUM     37.2              31.2     6.0     29.3
MEAN             43.5              41.3     2.2     39.0
DAYS MAX >= 90      0
DAYS MAX <= 32      0
DAYS MIN <= 32      9
DAYS MIN <= 0       0

PRECIPITATION (INCHES)
RECORD
 MAXIMUM        10.09   1971
 MINIMUM         0.09   1908
TOTALS           2.31              3.29   -0.98     4.10
DAILY AVG.       0.07              0.11   -0.04     0.13
DAYS >= .01         9               7.7     1.3        6
DAYS >= .10         4               5.1    -1.1        5
DAYS >= .50         2               2.5    -0.5        4
DAYS >= 1.00        1               0.9     0.1        2
GREATEST
 24 HR. TOTAL    1.17   12/14 TO 12/15

SNOWFALL (INCHES)
RECORDS
 TOTAL            8.3   1916
TOTALS              T               0.8    -0.8      5.0
SINCE 7/1           T               0.8    -0.8      5.0
SNOWDEPTH AVG.      0                MM      MM        0
DAYS >= 1.0         0               0.3    -0.3        1
GREATEST
 SNOW DEPTH         0   MM                             5  12/07
 24 HR TOTAL        T   12/17 TO 12/17

DEGREE_DAYS
HEATING TOTAL     659               734     -75      797
 SINCE 7/1       1278              1299     -21     1387
.................................................................

WIND (MPH)
AVERAGE WIND SPEED              7.3
HIGHEST WIND SPEED/DIRECTION    31/300    DATE  12/14
HIGHEST GUST SPEED/DIRECTION    40/290    DATE  12/14

SKY COVER
POSSIBLE SUNSHINE (PERCENT)   MM
AVERAGE SKY COVER           0.70
NUMBER OF DAYS FAIR            6
NUMBER OF DAYS PC             10
NUMBER OF DAYS CLOUDY         15

AVERAGE RH (PERCENT)     77

WEATHER CONDITIONS. NUMBER OF DAYS WITH
THUNDERSTORM              0     MIXED PRECIP               0
HEAVY RAIN                1     RAIN                       2
LIGHT RAIN               11     FREEZING RAIN              0
LT FREEZING RAIN          0     HAIL                       0
HEAVY SNOW                0     SNOW                       0
LIGHT SNOW                2     SLEET                      0
FOG                      19     FOG W/VIS <= 1/4 MILE      2
HAZE                      8

-  INDICATES NEGATIVE NUMBERS.
R  INDICATES RECORD WAS SET OR TIED.
MM INDICATES DATA IS MISSING.
T  INDICATES TRACE AMOUNT.

&&
-------------------------------------------------------------------
 YEARLY PRECIPITATION (INCHES):
 TOTAL.....................42.14
 DEPARTURE FROM NORMAL.....-3.32
$$
