000
CXUS54 KTSA 011344 RRA
CLMFSM

CLIMATE REPORT
NATIONAL WEATHER SERVICE TULSA OK
447 AM CST WED FEB 1 2017

...................................

...THE FORT SMITH ARKANSAS CLIMATE SUMMARY FOR THE MONTH OF JANUARY 2017...

CLIMATE NORMAL PERIOD 1981 TO 2010
CLIMATE RECORD PERIOD 1882 TO 2017

WEATHER         OBSERVED          NORMAL  DEPART  LAST YEAR`S
                 VALUE   DATE(S)  VALUE   FROM    VALUE  DATE(S)
                                          NORMAL
................................................................
TEMPERATURE (F)
RECORD
 HIGH              81   01/19/1952
 LOW              -11   01/12/1918
HIGHEST            79   01/31        48      31       76
LOWEST              6   01/07        27     -21       17
AVG. MAXIMUM     55.7              49.9     5.8     51.3
AVG. MINIMUM     33.7              29.0     4.7     29.5
MEAN             44.7              39.4     5.3     40.4
DAYS MAX >= 90      0
DAYS MAX <= 32      2
DAYS MIN <= 32     10
DAYS MIN <= 0       0

PRECIPITATION (INCHES)
RECORD
 MAXIMUM        11.33   1949
 MINIMUM         0.20   1986
TOTALS           2.34              2.81   -0.47     0.39
DAILY AVG.       0.08              0.09   -0.01     0.01
DAYS >= .01         9               7.5     1.5        4
DAYS >= .10         7               4.6     2.4        1
DAYS >= .50         2               1.6     0.4        0
DAYS >= 1.00        0               0.7    -0.7        0
GREATEST
 24 HR. TOTAL    1.04   01/21 TO 01/22

SNOWFALL (INCHES)
RECORDS
 TOTAL           13.6   1918
TOTALS            2.0               2.4    -0.4        T
SINCE 7/1         2.0               3.2    -1.2        T
SNOWDEPTH AVG.      0                MM      MM        0
DAYS >= 1.0         1               0.4     0.6        0
GREATEST
 SNOW DEPTH         2   01/06                          0  MM
 24 HR TOTAL      2.0   01/06 TO 01/06

DEGREE_DAYS
HEATING TOTAL     621               792    -171      755
 SINCE 7/1       1600              2091    -491     1589
.................................................................

WIND (MPH)
AVERAGE WIND SPEED              8.3
HIGHEST WIND SPEED/DIRECTION    33/230    DATE  01/10
HIGHEST GUST SPEED/DIRECTION    42/220    DATE  01/11

SKY COVER
POSSIBLE SUNSHINE (PERCENT)   MM
AVERAGE SKY COVER           0.40
NUMBER OF DAYS FAIR           17
NUMBER OF DAYS PC              6
NUMBER OF DAYS CLOUDY          8

AVERAGE RH (PERCENT)     67

WEATHER CONDITIONS. NUMBER OF DAYS WITH
THUNDERSTORM              0     MIXED PRECIP               0
HEAVY RAIN                2     RAIN                       5
LIGHT RAIN               10     FREEZING RAIN              0
LT FREEZING RAIN          0     HAIL                       0
HEAVY SNOW                0     SNOW                       0
LIGHT SNOW                1     SLEET                      0
FOG                      13     FOG W/VIS <= 1/4 MILE      6
HAZE                      4

-  INDICATES NEGATIVE NUMBERS.
R  INDICATES RECORD WAS SET OR TIED.
MM INDICATES DATA IS MISSING.
T  INDICATES TRACE AMOUNT.

&&
-------------------------------------------------------------------
 YEARLY PRECIPITATION (INCHES):
 TOTAL..................... 2.34
 DEPARTURE FROM NORMAL.....-0.47
$$
