000
CXUS54 KTSA 011844
CLMFSM

CLIMATE REPORT
NATIONAL WEATHER SERVICE TULSA OK
1214 PM CST SUN MAR 1 2015

...................................

...THE FORT SMITH ARKANSAS CLIMATE SUMMARY FOR THE MONTH OF FEBRUARY 2015...

CLIMATE NORMAL PERIOD 1981 TO 2010
CLIMATE RECORD PERIOD 1882 TO 2015

WEATHER         OBSERVED          NORMAL  DEPART  LAST YEAR`S
                 VALUE   DATE(S)  VALUE   FROM    VALUE  DATE(S)
                                          NORMAL
................................................................
TEMPERATURE (F)
RECORD
 HIGH              87   02/01/1911
 LOW              -15   02/12/1899
HIGHEST            73   02/14        87     -14       77
                        02/07
LOWEST             17   02/17       -15      32       12
AVG. MAXIMUM     48.3              55.4    -7.1     51.5
AVG. MINIMUM     26.8              33.1    -6.3     28.1
MEAN             37.6              44.2    -6.6     39.8
DAYS MAX >= 90      0
DAYS MAX <= 32      4
DAYS MIN <= 32     24
DAYS MIN <= 0       0

PRECIPITATION (INCHES)
RECORD
 MAXIMUM        10.72   1884
 MINIMUM         0.14   1947
TOTALS           2.39              2.76   -0.37     0.98
DAILY AVG.       0.09              0.10   -0.01     0.04
DAYS >= .01        10               7.8     2.2        7
DAYS >= .10         5               4.4     0.6        2
DAYS >= .50         3               1.8     1.2        0
DAYS >= 1.00        0               0.8    -0.8        0
GREATEST
 24 HR. TOTAL    0.70   01/31 TO 02/01

SNOWFALL (INCHES)
RECORDS
 TOTAL           18.3   1921
TOTALS            5.6               1.1     4.5      5.2
SINCE 7/1         5.6               4.3     1.3     10.2
SNOWDEPTH AVG.      0                MM      MM        0
DAYS >= 1.0         2               0.3     1.7        2
GREATEST
 SNOW DEPTH         2   02/24                          3  02/03
                        02/23
 24 HR TOTAL      2.0   02/22 TO 02/23

DEGREE_DAYS
HEATING TOTAL     761               582     179      701
 SINCE 7/1       2814              2673     141     2945
.................................................................

WIND (MPH)
AVERAGE WIND SPEED              8.2
HIGHEST WIND SPEED/DIRECTION    30/300    DATE  02/01
HIGHEST GUST SPEED/DIRECTION    36/330    DATE  02/02

SKY COVER
POSSIBLE SUNSHINE (PERCENT)   MM
AVERAGE SKY COVER           0.40
NUMBER OF DAYS FAIR           14
NUMBER OF DAYS PC              9
NUMBER OF DAYS CLOUDY          5

AVERAGE RH (PERCENT)     63

WEATHER CONDITIONS. NUMBER OF DAYS WITH
THUNDERSTORM              1     MIXED PRECIP               0
HEAVY RAIN                2     RAIN                       2
LIGHT RAIN                4     FREEZING RAIN              3
LT FREEZING RAIN          3     HAIL                       0
HEAVY SNOW                2     SNOW                       3
LIGHT SNOW                7     SLEET                      0
FOG                      16     FOG W/VIS <= 1/4 MILE      1
HAZE                     10

-  INDICATES NEGATIVE NUMBERS.
R  INDICATES RECORD WAS SET OR TIED.
MM INDICATES DATA IS MISSING.
T  INDICATES TRACE AMOUNT.

&&
-------------------------------------------------------------------
 YEARLY PRECIPITATION (INCHES):
 TOTAL..................... 4.62
 DEPARTURE FROM NORMAL.....-0.95
$$
