000
CXUS54 KTSA 011735
CLMFSM

CLIMATE REPORT
NATIONAL WEATHER SERVICE TULSA OK
1135 AM CST SUN FEB 1 2015

...................................

...THE FORT SMITH ARKANSAS CLIMATE SUMMARY FOR THE MONTH OF JANUARY 2015...

CLIMATE NORMAL PERIOD 1981 TO 2010
CLIMATE RECORD PERIOD 1882 TO 2015

WEATHER         OBSERVED          NORMAL  DEPART  LAST YEAR`S
                 VALUE   DATE(S)  VALUE   FROM    VALUE  DATE(S)
                                          NORMAL
................................................................
TEMPERATURE (F)
RECORD
 HIGH              81   01/19/1952
 LOW              -11   01/12/1918
HIGHEST            73   01/28        48      25       73
LOWEST              9   01/08        27     -18        8
AVG. MAXIMUM     50.9              49.9     1.0     50.8
AVG. MINIMUM     28.6              29.0    -0.4     23.6
MEAN             39.8              39.4     0.4     37.2
DAYS MAX >= 90      0
DAYS MAX <= 32      0
DAYS MIN <= 32     22
DAYS MIN <= 0       0

PRECIPITATION (INCHES)
RECORD
 MAXIMUM        11.33   1949
 MINIMUM         0.20   1986
TOTALS           2.22              2.81   -0.59     0.79
DAILY AVG.       0.07              0.09   -0.02     0.03
DAYS >= .01         6               7.5    -1.5        4
DAYS >= .10         5               4.6     0.4        2
DAYS >= .50         1               1.6    -0.6        0
DAYS >= 1.00        0               0.7    -0.7        0
GREATEST
 24 HR. TOTAL    1.15   01/02 TO 01/03

SNOWFALL (INCHES)
RECORDS
 TOTAL           13.6   1918
TOTALS              T               2.4    -2.4        T
SINCE 7/1           T               3.2    -3.2      5.0
SNOWDEPTH AVG.      0                MM      MM        0
DAYS >= 1.0         0               0.4    -0.4        0
GREATEST
 SNOW DEPTH         0   MM                             0  MM
 24 HR TOTAL        T   01/02 TO 01/02

DEGREE_DAYS
HEATING TOTAL     775               792     -17      857
 SINCE 7/1       2053              2091     -38     2244
.................................................................

WIND (MPH)
AVERAGE WIND SPEED              6.4
HIGHEST WIND SPEED/DIRECTION    30/290    DATE  01/25
HIGHEST GUST SPEED/DIRECTION    39/310    DATE  01/25

SKY COVER
POSSIBLE SUNSHINE (PERCENT)   MM
AVERAGE SKY COVER           0.30
NUMBER OF DAYS FAIR           20
NUMBER OF DAYS PC              5
NUMBER OF DAYS CLOUDY          6

AVERAGE RH (PERCENT)     61

WEATHER CONDITIONS. NUMBER OF DAYS WITH
THUNDERSTORM              0     MIXED PRECIP               0
HEAVY RAIN                2     RAIN                       4
LIGHT RAIN                7     FREEZING RAIN              0
LT FREEZING RAIN          1     HAIL                       0
HEAVY SNOW                0     SNOW                       0
LIGHT SNOW                0     SLEET                      0
FOG                       8     FOG W/VIS <= 1/4 MILE      0
HAZE                      1

-  INDICATES NEGATIVE NUMBERS.
R  INDICATES RECORD WAS SET OR TIED.
MM INDICATES DATA IS MISSING.
T  INDICATES TRACE AMOUNT.

&&
-------------------------------------------------------------------
 YEARLY PRECIPITATION (INCHES):
 TOTAL..................... 2.22
 DEPARTURE FROM NORMAL.....-0.59
$$
