000
CXUS56 KSGX 012051
CLMFUL


CLIMATE REPORT
NATIONAL WEATHER SERVICE SAN DIEGO, CA
1250 PM PST WED MAR 1 2017

...................................

...THE FULLERTON AIRPORT CA CLIMATE SUMMARY FOR THE MONTH OF FEBRUARY 2017...

CLIMATE NORMAL PERIOD 1981 TO 2010
CLIMATE RECORD PERIOD 1998 TO 2017

WEATHER         OBSERVED          NORMAL  DEPART  LAST YEAR`S
                 VALUE   DATE(S)  VALUE   FROM    VALUE  DATE(S)
                                          NORMAL
................................................................
TEMPERATURE (F)
RECORD
 HIGH              94   02/15/2016
 LOW               35   02/27/2011
                        02/03/2011
                        02/02/2002
HIGHEST            82   02/15        69      13       94  02/15
LOWEST             39   02/24        47      -8       36  02/02
AVG. MAXIMUM     66.6              68.1    -1.5     79.8
AVG. MINIMUM     50.8              47.6     3.2     50.0
MEAN             58.7              57.9     0.8     64.9
DAYS MAX >= 90      0               0.2    -0.2        3
DAYS MAX <= 32      0               0.0     0.0        0
DAYS MAX >= 100     0                                  0
DAYS MIN <= 32      0               0.0     0.0        0

PRECIPITATION (INCHES)
RECORD
 MAXIMUM        11.69   1980
 MINIMUM         0.10   2002
TOTALS           3.04              3.25   -0.21     0.47
DAILY AVG.       0.11              0.12   -0.01     0.02
DAYS >= .01        11                MM      MM        2
DAYS >= .10         4                MM      MM        2
DAYS >= .50         2                MM      MM        0
DAYS >= 1.00        1                MM      MM        0
DAYS >= 1.50        1                                  0
DAYS >= 2.00        0                                  0
GREATEST
 24 HR. TOTAL    1.51   02/17 TO 02/18           02/17 TO 02/18
                                                          02/29 TO 02/29
                                                          02/29 TO 02/29
 STORM TOTAL       MM                                 MM
 (MM/DD(HH))            MM                    02/18(00) TO 02/18(00)
                                                 02/29(00) TO 02/29(00)9
                                                 02/29(00) TO 02/29(00)9

DEGREE_DAYS
HEATING TOTAL     171               205     -34       68
 SINCE 7/1        697               922    -225      679
COOLING TOTAL       3                 5      -2       72
 SINCE 1/1          3                 9      -6       72

FREEZE DATES
RECORD
 EARLIEST     MM
 LATEST       MM
EARLIEST                        MM
LATEST                          MM
..........................................................

WIND (MPH)
AVERAGE WIND SPEED              3.3
RESULTANT WIND SPEED/DIRECTION   1/139
HIGHEST WIND SPEED/DIRECTION    28/150    DATE  02/17
HIGHEST GUST SPEED/DIRECTION    42/140    DATE  02/17

SKY COVER
POSSIBLE SUNSHINE (PERCENT)   MM
AVERAGE SKY COVER           0.50
NUMBER OF DAYS FAIR           12
NUMBER OF DAYS PC              3
NUMBER OF DAYS CLOUDY         13

AVERAGE RH (PERCENT)     75

WEATHER CONDITIONS. NUMBER OF DAYS WITH
THUNDERSTORM              0     MIXED PRECIP               0
HEAVY RAIN                1     RAIN                       6
LIGHT RAIN               12     FREEZING RAIN              0
LT FREEZING RAIN          0     HAIL                       0
HEAVY SNOW                0     SNOW                       0
LIGHT SNOW                0     SLEET                      0
FOG                      20     FOG W/VIS <= 1/4 MILE      5
HAZE                     11

-  INDICATES NEGATIVE NUMBERS.
R  INDICATES RECORD WAS SET OR TIED.
MM INDICATES DATA IS MISSING.
T  INDICATES TRACE AMOUNT.

$$
