000
CXUS56 KSGX 011744
CLMFUL


CLIMATE REPORT
NATIONAL WEATHER SERVICE SAN DIEGO, CA
1044 AM PDT SUN MAY 1 2016

...................................

...THE FULLERTON AIRPORT CA CLIMATE SUMMARY FOR THE MONTH OF APRIL 2016...

CLIMATE NORMAL PERIOD 1981 TO 2010
CLIMATE RECORD PERIOD 1998 TO 2016

WEATHER         OBSERVED          NORMAL  DEPART  LAST YEAR`S
                 VALUE   DATE(S)  VALUE   FROM    VALUE  DATE(S)
                                          NORMAL
................................................................
TEMPERATURE (F)
RECORD
 HIGH             102   04/27/2008
                        04/27/2004
 LOW               39   04/10/1999
HIGHEST            92   04/17        73      19       97  04/29
LOWEST             50   04/01        51      -1       49  04/08
AVG. MAXIMUM     77.8              72.8     5.0     78.0
AVG. MINIMUM     56.2              52.4     3.8     55.4
MEAN             67.0              62.6     4.4     66.7
DAYS MAX >= 90      4               0.9     3.1        4
DAYS MAX <= 32      0               0.0     0.0        0
DAYS MAX >= 100     0                                  0
DAYS MIN <= 32      0               0.0     0.0        0

PRECIPITATION (INCHES)
RECORD
 MAXIMUM         5.21   1958
 MINIMUM         0.00   1997
TOTALS           0.11              0.87   -0.76     0.22
DAILY AVG.       0.00              0.03   -0.03     0.01
DAYS >= .01         4                MM      MM        2
DAYS >= .10         0                MM      MM        1
DAYS >= .50         0                MM      MM        0
DAYS >= 1.00        0                MM      MM        0
DAYS >= 1.50        0                                  0
DAYS >= 2.00        0                                  0
GREATEST
 24 HR. TOTAL    0.08   04/07 TO 04/08           04/06 TO 04/07
                                                          04/07 TO 04/07
                                                          04/07 TO 04/08
 STORM TOTAL       MM                                 MM
 (MM/DD(HH))            MM                    04/07(00) TO 04/07(00)
                                                 04/07(00) TO 04/07(00)8
                                                 04/08(00) TO 04/08(00)8

DEGREE_DAYS
HEATING TOTAL      18               102     -84       31
 SINCE 7/1        760              1194    -434      427
COOLING TOTAL      84                30      54       87
 SINCE 1/1        177                52     125      288

FREEZE DATES
RECORD
 EARLIEST     MM
 LATEST       MM
EARLIEST                        MM
LATEST                          MM
.........................................................

WIND (MPH)
AVERAGE WIND SPEED              4.1
RESULTANT WIND SPEED/DIRECTION   2/175
HIGHEST WIND SPEED/DIRECTION    23/080    DATE  04/17
HIGHEST GUST SPEED/DIRECTION    29/070    DATE  04/17

SKY COVER
POSSIBLE SUNSHINE (PERCENT)   MM
AVERAGE SKY COVER           0.20
NUMBER OF DAYS FAIR           20
NUMBER OF DAYS PC              7
NUMBER OF DAYS CLOUDY          3

AVERAGE RH (PERCENT)     54

WEATHER CONDITIONS. NUMBER OF DAYS WITH
THUNDERSTORM              0     MIXED PRECIP               0
HEAVY RAIN                0     RAIN                       2
LIGHT RAIN                5     FREEZING RAIN              0
LT FREEZING RAIN          0     HAIL                       0
HEAVY SNOW                0     SNOW                       0
LIGHT SNOW                0     SLEET                      0
FOG                       4     FOG W/VIS <= 1/4 MILE      0
HAZE                      4

-  INDICATES NEGATIVE NUMBERS.
R  INDICATES RECORD WAS SET OR TIED.
MM INDICATES DATA IS MISSING.
T  INDICATES TRACE AMOUNT.

$$
