983
CXUS56 KSGX 011646
CLMFUL


CLIMATE REPORT
NATIONAL WEATHER SERVICE SAN DIEGO, CA
945 AM PDT FRI APR 1 2016

...................................

...THE FULLERTON AIRPORT CA CLIMATE SUMMARY FOR THE MONTH OF MARCH 2016...

CLIMATE NORMAL PERIOD 1981 TO 2010
CLIMATE RECORD PERIOD 1998 TO 2016

WEATHER         OBSERVED          NORMAL  DEPART  LAST YEAR`S
                 VALUE   DATE(S)  VALUE   FROM    VALUE  DATE(S)
                                          NORMAL
................................................................
TEMPERATURE (F)
RECORD
 HIGH              97   03/11/2007
 LOW               36   03/12/2006
HIGHEST            89   03/16        70      19       96  03/26
                                                          03/14
LOWEST             44   03/08        48      -4       44  03/03
AVG. MAXIMUM     73.6              69.8     3.8     81.0
AVG. MINIMUM     53.0              50.1     2.9     56.1
MEAN             63.3              59.9     3.4     68.5
DAYS MAX >= 90      0               0.6    -0.6        7
DAYS MAX <= 32      0               0.0     0.0        0
DAYS MAX >= 100     0                                  0
DAYS MIN <= 32      0               0.0     0.0        0

PRECIPITATION (INCHES)
RECORD
 MAXIMUM         6.98   1978
 MINIMUM         0.00   1997
TOTALS           0.92              2.16   -1.24     0.39
DAILY AVG.       0.03              0.07   -0.04     0.01
DAYS >= .01         6                MM      MM        2
DAYS >= .10         3                MM      MM        1
DAYS >= .50         0                MM      MM        0
DAYS >= 1.00        0                MM      MM        0
DAYS >= 1.50        0                                  0
DAYS >= 2.00        0                                  0
GREATEST
 24 HR. TOTAL    0.41   03/05 TO 03/06           03/02 TO 03/02
                                                          03/31 TO 03/31
                                                          03/31 TO 03/31
 STORM TOTAL       MM                                 MM
 (MM/DD(HH))            MM                    03/02(00) TO 03/02(00)
                                                 03/31(00) TO 03/31(00)1
                                                 03/31(00) TO 03/31(00)1

DEGREE_DAYS
HEATING TOTAL      63               170    -107       33
 SINCE 7/1        742              1092    -350      396
COOLING TOTAL      21                13       8      150
 SINCE 1/1         93                22      71      201

FREEZE DATES
RECORD
 EARLIEST     MM
 LATEST       MM
EARLIEST                        MM
LATEST                          MM
..................................................

WIND (MPH)
AVERAGE WIND SPEED              3.8
RESULTANT WIND SPEED/DIRECTION   2/184
HIGHEST WIND SPEED/DIRECTION    24/200    DATE  03/11
HIGHEST GUST SPEED/DIRECTION    36/200    DATE  03/11

SKY COVER
POSSIBLE SUNSHINE (PERCENT)   MM
AVERAGE SKY COVER           0.30
NUMBER OF DAYS FAIR           18
NUMBER OF DAYS PC             11
NUMBER OF DAYS CLOUDY          2

AVERAGE RH (PERCENT)     62

WEATHER CONDITIONS. NUMBER OF DAYS WITH
THUNDERSTORM              0     MIXED PRECIP               0
HEAVY RAIN                3     RAIN                       3
LIGHT RAIN                5     FREEZING RAIN              0
LT FREEZING RAIN          0     HAIL                       0
HEAVY SNOW                0     SNOW                       0
LIGHT SNOW                0     SLEET                      0
FOG                      11     FOG W/VIS <= 1/4 MILE      2
HAZE                      9

-  INDICATES NEGATIVE NUMBERS.
R  INDICATES RECORD WAS SET OR TIED.
MM INDICATES DATA IS MISSING.
T  INDICATES TRACE AMOUNT.

$$
