635
CXUS51 KCAR 031457
CLMFVE


CLIMATE REPORT
NATIONAL WEATHER SERVICE CARIBOU, ME
955 AM EST SUN DEC 3 2017

...................................

...THE FRENCHVILLE ME CLIMATE SUMMARY FOR THE MONTH OF NOVEMBER 2017...

CLIMATE NORMAL PERIOD 1981 TO 2010
CLIMATE RECORD PERIOD 9999 TO 9999

WEATHER         OBSERVED          NORMAL  DEPART  LAST YEAR`S
                 VALUE   DATE(S)  VALUE   FROM    VALUE  DATE(S)
                                          NORMAL
................................................................
TEMPERATURE (F)
RECORD
 HIGH              MM   MM
 LOW               MM   MM
HIGHEST            56   11/06        MM      MM       59  11/08
                        11/03
LOWEST              6   11/28        MM      MM       22  11/12
AVG. MAXIMUM     34.8              36.0    -1.2     40.8
AVG. MINIMUM     18.8              24.0    -5.2     30.4
MEAN             26.8              30.0    -3.2     35.6
DAYS MAX >= 90      0               0.0     0.0        0
DAYS MAX <= 32     15              10.8     4.2        3
DAYS MIN <= 32     29              24.7     4.3       20
DAYS MIN <= 0       0               0.0     0.0        0

PRECIPITATION (INCHES)
RECORD
 MAXIMUM           MM   MM
 MINIMUM           MM   MM
TOTALS           3.19              2.94    0.25     1.95
DAILY AVG.       0.11              0.10    0.01     0.07
DAYS >= .01        13                MM      MM       14
DAYS >= .10         7                MM      MM        5
DAYS >= .50         4                MM      MM        1
DAYS >= 1.00        0                MM      MM        0
GREATEST
 24 HR. TOTAL    0.70   11/19 TO 11/19           11/16 TO 11/16
                                                          11/16 TO 11/16
                                                          11/16 TO 11/16
 STORM TOTAL       MM                                 MM
 (MM/DD(HH))            MM                    11/16(00) TO 11/16(00)
                                                 11/16(00) TO 11/16(00)6
                                                 11/16(00) TO 11/16(00)6

SNOWFALL (INCHES)
RECORDS
 TOTAL             MM   MM
TOTALS             MM                MM      MM       MM
SINCE 7/1          MM                MM      MM       MM
SNOWDEPTH AVG.      0                MM      MM       MM
DAYS >= 1.0         0                MM      MM        0
GREATEST
 SNOW DEPTH         0   MM                            MM  MM
 24 HR TOTAL       MM                                 MM

DEGREE_DAYS
HEATING TOTAL    1138              1050      88      876
 SINCE 7/1       2052              2310    -258     1836
COOLING TOTAL       0                 0       0        0
 SINCE 1/1        105               134     -29      221
.......................................................

WIND (MPH)
AVERAGE WIND SPEED              10.6
HIGHEST WIND SPEED/DIRECTION    32/260    DATE  11/10
HIGHEST GUST SPEED/DIRECTION    44/250    DATE  11/10

SKY COVER
POSSIBLE SUNSHINE (PERCENT)   MM
AVERAGE SKY COVER           0.60
NUMBER OF DAYS FAIR            7
NUMBER OF DAYS PC              8
NUMBER OF DAYS CLOUDY         15

AVERAGE RH (PERCENT)     74

WEATHER CONDITIONS. NUMBER OF DAYS WITH
THUNDERSTORM              0     MIXED PRECIP               0
HEAVY RAIN                4     RAIN                       4
LIGHT RAIN                7     FREEZING RAIN              1
LT FREEZING RAIN          4     HAIL                       0
HEAVY SNOW                0     SNOW                       2
LIGHT SNOW               13     SLEET                      0
FOG                      13     FOG W/VIS <= 1/4 MILE      5
HAZE                      0

-  INDICATES NEGATIVE NUMBERS.
R  INDICATES RECORD WAS SET OR TIED.
MM INDICATES DATA IS MISSING.
T  INDICATES TRACE AMOUNT.

$$
