000
CXUS51 KCAR 011345
CLMFVE


CLIMATE REPORT
NATIONAL WEATHER SERVICE CARIBOU, ME
945 AM EDT FRI APR 1 2016

...................................

...THE FRENCHVILLE ME CLIMATE SUMMARY FOR THE MONTH OF MARCH 2016...

CLIMATE NORMAL PERIOD 1981 TO 2010
CLIMATE RECORD PERIOD 9999 TO 9999

WEATHER         OBSERVED          NORMAL  DEPART  LAST YEAR`S
                 VALUE   DATE(S)  VALUE   FROM    VALUE  DATE(S)
                                          NORMAL
................................................................
TEMPERATURE (F)
RECORD
 HIGH              MM   MM
 LOW               MM   MM
HIGHEST            45   03/27        MM      MM       42  03/26
LOWEST             -9   03/04        MM      MM      -10  03/06
AVG. MAXIMUM     30.7              31.7    -1.0     28.0
AVG. MINIMUM     14.0              15.0    -1.0      9.1
MEAN             22.4              23.3    -0.9     18.5
DAYS MAX >= 90      0               0.0     0.0        0
DAYS MAX <= 32     17              14.7     2.3       22
DAYS MIN <= 32     30              30.2    -0.2       31
DAYS MIN <= 0       3               2.8     0.2        5

PRECIPITATION (INCHES)
RECORD
 MAXIMUM           MM   MM
 MINIMUM           MM   MM
TOTALS           2.47              1.48    0.99     0.21
DAILY AVG.       0.08              0.05    0.03     0.01
DAYS >= .01        12                MM      MM        8
DAYS >= .10         8                MM      MM        0
DAYS >= .50         0                MM      MM        0
DAYS >= 1.00        0                MM      MM        0
GREATEST
 24 HR. TOTAL    0.54   03/28 TO 03/29           03/17 TO 03/17
                                                          03/17 TO 03/17
                                                          03/17 TO 03/17
 STORM TOTAL       MM                                 MM
 (MM/DD(HH))            MM                    03/17(00) TO 03/17(00)
                                                 03/17(00) TO 03/17(00)7
                                                 03/17(00) TO 03/17(00)7

SNOWFALL (INCHES)
RECORDS
 TOTAL             MM   MM
TOTALS             MM                MM      MM       MM
SINCE 7/1          MM                MM      MM       MM
SNOWDEPTH AVG.     MM                MM      MM       MM
DAYS >= 1.0         0                MM      MM        0
GREATEST
 SNOW DEPTH        MM                                 MM  MM
 24 HR TOTAL       MM                                 MM

DEGREE_DAYS
HEATING TOTAL    1314              1291      23     1433
 SINCE 7/1       7429              8291    -862     8580
COOLING TOTAL       0                 0       0        0
 SINCE 1/1          0                 0       0        0
........................................................

WIND (MPH)
AVERAGE WIND SPEED              10.2
HIGHEST WIND SPEED/DIRECTION    37/330    DATE  03/29
HIGHEST GUST SPEED/DIRECTION    47/340    DATE  03/29

SKY COVER
POSSIBLE SUNSHINE (PERCENT)   MM
AVERAGE SKY COVER           0.50
NUMBER OF DAYS FAIR           10
NUMBER OF DAYS PC             12
NUMBER OF DAYS CLOUDY          9

AVERAGE RH (PERCENT)     64

WEATHER CONDITIONS. NUMBER OF DAYS WITH
THUNDERSTORM              0     MIXED PRECIP               0
HEAVY RAIN                1     RAIN                       3
LIGHT RAIN                5     FREEZING RAIN              2
LT FREEZING RAIN          4     HAIL                       0
HEAVY SNOW                2     SNOW                       8
LIGHT SNOW               17     SLEET                      0
FOG                      14     FOG W/VIS <= 1/4 MILE      9
HAZE                     12

-  INDICATES NEGATIVE NUMBERS.
R  INDICATES RECORD WAS SET OR TIED.
MM INDICATES DATA IS MISSING.
T  INDICATES TRACE AMOUNT.

$$
