000
CXUS51 KCAR 030807
CLMFVE


CLIMATE REPORT
NATIONAL WEATHER SERVICE CARIBOU, ME
306 AM EST SAT JAN 3 2015

...................................

...THE FRENCHVILLE ME CLIMATE SUMMARY FOR THE MONTH OF DECEMBER 2014...

CLIMATE NORMAL PERIOD 1981 TO 2010
CLIMATE RECORD PERIOD 9999 TO 9999

WEATHER         OBSERVED          NORMAL  DEPART  LAST YEAR`S
                 VALUE   DATE(S)  VALUE   FROM    VALUE  DATE(S)
                                          NORMAL
................................................................
TEMPERATURE (F)
RECORD
 HIGH              MM   MM
 LOW               MM   MM
HIGHEST            41   12/25        MM      MM       38  12/06
LOWEST            -15   12/31        MM      MM      -16  12/14
AVG. MAXIMUM     25.3              23.5     1.8     16.7
AVG. MINIMUM     13.2               9.9     3.3      4.2
MEAN             19.4              16.7     2.7     10.5
DAYS MAX >= 90      0               0.0     0.0        0
DAYS MAX <= 32     21              24.7    -3.7       26
DAYS MIN <= 32     29              30.5    -1.5       29
DAYS MIN <= 0       8               6.8     1.2       13

PRECIPITATION (INCHES)
RECORD
 MAXIMUM           MM   MM
 MINIMUM           MM   MM
TOTALS           2.48              2.54   -0.06     1.02
DAILY AVG.       0.08              0.08    0.00     0.03
DAYS >= .01        15                MM      MM       14
DAYS >= .10         8                MM      MM        3
DAYS >= .50         1                MM      MM        0
DAYS >= 1.00        0                MM      MM        0
GREATEST
 24 HR. TOTAL    0.96   12/24 TO 12/25           12/21 TO 12/22
                                                          12/22 TO 12/22
                                                          12/22 TO 12/22
 STORM TOTAL       MM                                 MM
 (MM/DD(HH))            MM                    12/22(00) TO 12/22(00)
                                                 12/22(00) TO 12/22(00)2
                                                 12/22(00) TO 12/22(00)2

SNOWFALL (INCHES)
RECORDS
 TOTAL             MM   MM
TOTALS             MM                MM      MM       MM
SINCE 7/1          MM                MM      MM       MM
SNOWDEPTH AVG.     MM                MM      MM        0
DAYS >= 1.0         0                MM      MM        0
GREATEST
 SNOW DEPTH        MM                                  0  MM
 24 HR TOTAL       MM                                 MM

DEGREE_DAYS
HEATING TOTAL    1313              1497    -184     1573
 SINCE 7/1       3564              3807    -243     3704
COOLING TOTAL       0                 0       0        0
 SINCE 1/1        139               134       5      139
...................................................

WIND (MPH)
AVERAGE WIND SPEED              10.0
HIGHEST WIND SPEED/DIRECTION    38/050    DATE  12/10
HIGHEST GUST SPEED/DIRECTION    56/050    DATE  12/10

SKY COVER
POSSIBLE SUNSHINE (PERCENT)   MM
AVERAGE SKY COVER           0.70
NUMBER OF DAYS FAIR            8
NUMBER OF DAYS PC              4
NUMBER OF DAYS CLOUDY         19

AVERAGE RH (PERCENT)     83

WEATHER CONDITIONS. NUMBER OF DAYS WITH
THUNDERSTORM              0     MIXED PRECIP               0
HEAVY RAIN                1     RAIN                       1
LIGHT RAIN                7     FREEZING RAIN              2
LT FREEZING RAIN          7     HAIL                       0
HEAVY SNOW                1     SNOW                       4
LIGHT SNOW               17     SLEET                      0
FOG                      20     FOG W/VIS <= 1/4 MILE      9
HAZE                      6

-  INDICATES NEGATIVE NUMBERS.
R  INDICATES RECORD WAS SET OR TIED.
MM INDICATES DATA IS MISSING.
T  INDICATES TRACE AMOUNT.

$$
