000
CXUS53 KIWX 010946
CLMFWA

CLIMATE REPORT
NATIONAL WEATHER SERVICE NORTHERN INDIANA
543 AM EDT FRI AUG 1 2014

...................................

...THE FORT WAYNE CLIMATE SUMMARY FOR THE MONTH OF JULY 2014...

CLIMATE NORMAL PERIOD 1981 TO 2010
CLIMATE RECORD PERIOD 1897 TO 2014

WEATHER         OBSERVED          NORMAL  DEPART  LAST YEAR`S
                 VALUE   DATE(S)  VALUE   FROM    VALUE  DATE(S)
                                          NORMAL
................................................................
TEMPERATURE (F)
RECORD
 HIGH             106   07/14/1936
                        07/22/1934
 LOW               38   07/02/1904
HIGHEST            89   07/22        MM      MM       92  07/18
                                                          07/16
LOWEST             48   07/29        MM      MM       50  07/29
                        07/17                             07/28
AVG. MAXIMUM     79.7              84.4    -4.7     81.5
AVG. MINIMUM     58.4              62.7    -4.3     62.8
MEAN             69.0              73.6    -4.6
DAYS MAX >= 90      0               5.4    -5.4        4
DAYS MAX <= 32      0               0.0     0.0        0
DAYS MIN <= 32      0               0.0     0.0        0
DAYS MIN <= 0       0               0.0     0.0        0

PRECIPITATION (INCHES)
RECORD
 MAXIMUM        11.00   1986
 MINIMUM         0.41   1974
TOTALS           2.00              4.24   -2.24     3.68
DAILY AVG.       0.06              0.14   -0.08     0.12
DAYS >= .01        10               9.8     0.2       11
DAYS >= .10         6               6.8    -0.8        7
DAYS >= .50         2               2.7    -0.7        2
DAYS >= 1.00        0               1.3    -1.3        1
GREATEST
 24 HR. TOTAL    0.55   07/27 TO 07/27
                        06/30 TO 07/01
                        07/01 TO 07/01

SNOWFALL (INCHES)
RECORDS
 TOTAL            0.0   MM
TOTALS              TR              0.0     0.0      0.0
SINCE 7/1           T               0.0     0.0      0.0
SNOWDEPTH AVG.      0                MM      MM        0
DAYS >= 1.0         0               0.0     0.0        0
GREATEST
 SNOW DEPTH         0   MM                             0
 24 HR TOTAL        T   07/01 TO 07/01

DEGREE_DAYS
HEATING TOTAL      14                 3      11       10
 SINCE 7/1         14                 3      11       10
COOLING TOTAL     150               267    -117      240
 SINCE 1/1        461               506     -45      533
.................................................................

WIND (MPH)
AVERAGE WIND SPEED              7.2
HIGHEST WIND SPEED/DIRECTION    37/330    DATE  07/27
HIGHEST GUST SPEED/DIRECTION    49/330    DATE  07/27

SKY COVER
POSSIBLE SUNSHINE (PERCENT)   MM
AVERAGE SKY COVER           0.60
NUMBER OF DAYS FAIR            6
NUMBER OF DAYS PC             15
NUMBER OF DAYS CLOUDY         10

AVERAGE RH (PERCENT)     70

WEATHER CONDITIONS. NUMBER OF DAYS WITH
THUNDERSTORM              8     MIXED PRECIP               0
HEAVY RAIN                3     RAIN                       4
LIGHT RAIN               12     FREEZING RAIN              0
LT FREEZING RAIN          0     HAIL                       1
HEAVY SNOW                0     SNOW                       0
LIGHT SNOW                0     SLEET                      0
FOG                      16     FOG W/VIS <= 1/4 MILE      0
HAZE                      9

-  INDICATES NEGATIVE NUMBERS.
R  INDICATES RECORD WAS SET OR TIED.
MM INDICATES DATA IS MISSING.
T  INDICATES TRACE AMOUNT.


&&

...WELL BELOW NORMAL PRECIPITATION AND NEAR RECORD COLD TEMPERATURES
AT FORT WAYNE...

THE AVERAGE TEMPERATURE IN JULY AT FORT WAYNE WAS 69.0 DEGREES...4.6
DEGREES BELOW NORMAL. THIS RANKED AS THE SECOND COLDEST JULY ON
RECORD BEHIND 2009 WHICH HAD AN AVERAGE TEMPERATURE OF 68.9 DEGREES.
THE WARMEST TEMPERATURE WAS ONLY 89 DEGREES ON THE 22ND AND THE
COLDEST WAS 48 ON THE 17TH AND THE 29TH. JULY 2014 WAS THE FIRST
JULY WITHOUT A 90 DEGREE DAY SINCE 2009...AND THE 9TH JULY SINCE
1912 WITHOUT A 90 DEGREE DAY.

AFTER 5.81 INCHES OF PRECIPITATION IN JUNE...THE TOTAL PRECIPITATION
FOR THE MONTH OF JULY WAS ONLY 2.00 INCHES...2.24 INCHES BELOW
NORMAL. THIS RANKED AS THE 15TH DRIEST JULY ON RECORD...AND THE
DRIEST JULY SINCE 2011 WHEN ONLY 0.98 INCHES OF PRECIPITATION FELL.
THERE WERE ONLY 10 DAYS WITH MEASURABLE PRECIPITATION THIS
MONTH...AND ONLY 6 DAYS WITH 0.10 INCHES OR MORE. THE GREATEST 24
HOUR RAINFALL TOTAL WAS 0.55 INCHES ON THE 1ST AND 27TH.

$$
