253
CXUS53 KIWX 010957
CLMFWA

CLIMATE REPORT
NATIONAL WEATHER SERVICE NORTHERN INDIANA
555 AM EDT FRI JUL 1 2016

...................................

...THE FORT WAYNE CLIMATE SUMMARY FOR THE MONTH OF JUNE 2016...

CLIMATE NORMAL PERIOD 1981 TO 2010
CLIMATE RECORD PERIOD 1897 TO 2016

WEATHER         OBSERVED          NORMAL  DEPART  LAST YEAR`S
                 VALUE   DATE(S)  VALUE   FROM    VALUE  DATE(S)
                                          NORMAL
................................................................
TEMPERATURE (F)
RECORD
 HIGH             106   06/28/2012
                        06/25/1988
 LOW               36   06/02/1910
HIGHEST            93   06/11        MM      MM       89  06/11
                                                          06/10
LOWEST             47   06/08        MM      MM       44  06/02
AVG. MAXIMUM     81.9              80.9     1.0     78.5
AVG. MINIMUM     60.5              59.3     1.2     60.8
MEAN             71.2              70.1     1.1
DAYS MAX >= 90      2               3.2    -1.2        0
DAYS MAX <= 32      0               0.0     0.0        0
DAYS MIN <= 32      0               0.0     0.0        0
DAYS MIN <= 0       0               0.0     0.0        0

PRECIPITATION (INCHES)
RECORD
 MAXIMUM        11.98   2015
 MINIMUM         0.50   1933
TOTALS           5.44              4.16    1.28    11.98
DAILY AVG.       0.18              0.14    0.04     0.40
DAYS >= .01         9              10.9    -1.9       18
DAYS >= .10         8               7.3     0.7       13
DAYS >= .50         3               2.9     0.1        7
DAYS >= 1.00        2               1.0     1.0        4
GREATEST
 24 HR. TOTAL    1.70   06/04 TO 06/04
                        06/03 TO 06/04
                        06/04 TO 06/04

SNOWFALL (INCHES)
RECORDS
 TOTAL            0.0   MM
TOTALS              TR              0.0     0.0      0.0
SINCE 7/1        20.1              33.5   -13.4     45.1
SNOWDEPTH AVG.      0                MM      MM        0
DAYS >= 1.0         0               0.0     0.0        0
GREATEST
 SNOW DEPTH         0   MM                             0
 24 HR TOTAL        T   06/15 TO 06/15

DEGREE_DAYS
HEATING TOTAL      11                29     -18       28
 SINCE 7/1       5127              6101    -974     6679
COOLING TOTAL     206               182      24      176
 SINCE 1/1        280               239      41      272
.................................................................

WIND (MPH)
AVERAGE WIND SPEED              7.5
HIGHEST WIND SPEED/DIRECTION    29/310    DATE  06/20
HIGHEST GUST SPEED/DIRECTION    37/300    DATE  06/20

SKY COVER
POSSIBLE SUNSHINE (PERCENT)   MM
AVERAGE SKY COVER           0.50
NUMBER OF DAYS FAIR            6
NUMBER OF DAYS PC             20
NUMBER OF DAYS CLOUDY          4

AVERAGE RH (PERCENT)     66

WEATHER CONDITIONS. NUMBER OF DAYS WITH
THUNDERSTORM              0     MIXED PRECIP               0
HEAVY RAIN                7     RAIN                       5
LIGHT RAIN               10     FREEZING RAIN              0
LT FREEZING RAIN          0     HAIL                       1
HEAVY SNOW                0     SNOW                       0
LIGHT SNOW                0     SLEET                      0
FOG                      13     FOG W/VIS <= 1/4 MILE      1
HAZE                      3

-  INDICATES NEGATIVE NUMBERS.
R  INDICATES RECORD WAS SET OR TIED.
MM INDICATES DATA IS MISSING.
T  INDICATES TRACE AMOUNT.

&&

...ABOVE NORMAL TEMPERATURES AND PRECIPITATION...

JUNE TEMPERATURES AVERAGED ABOVE NORMAL IN THE FORT WAYNE AREA WHILE
PRECIPITATION WAS WELL ABOVE NORMAL. THE ABOVE NORMAL RAINFALL WAS
IN CONTRAST TO THE SOUTH BEND AREA WHICH RECEIVED ABOUT 2 INCHES
LESS RAINFALL.

THE AVERAGE MONTHLY TEMPERATURE WAS 71.2 DEGREES...1.1 DEGREES ABOVE
NORMAL. THIS RANKED AS THE 34TH WARMEST JUNE ON RECORD. THE HIGHEST
TEMPERATURE WAS 93 ON THE 11TH. HIGH TEMPERATURES REACHED OR
EXCEEDED 90 DEGREES ON 2 DAYS...THE 11TH AND 20TH. JUNE NORMALLY
EXPERIENCES 90 DEGREES OR WARMER ON 3 DAYS. THE COOLEST JUNE
TEMPERATURE WAS 47 ON THE 8TH. LOW TEMPERATURES ALSO DROPPED INTO
THE UPPER 40S ON THE 9TH.

PRECIPITATION FOR THE MONTH WAS 5.44 INCHES...1.28 INCHES ABOVE
NORMAL. THIS RANKED AS THE 21ST DRIEST JUNE ON RECORD. MEASURABLE
RAIN FELL ON 9 DAYS AND 8 OF THOSE DAYS HAD MORE THAN A TENTH OF AN
INCH. THIS MONTHLY RAINFALL WAS SPREAD RELATIVELY EVENLY THROUGH THE
MONTH.

$$
LASHLEY
