000
CXUS53 KIWX 011957
CLMFWA

INDCLMFWA 000
TTAA00 KIWX 011956


CLIMATE REPORT
NATIONAL WEATHER SERVICE NORTHERN INDIANA
354 PM EDT TUE JUL 1 2014

...................................

...THE FORT WAYNE CLIMATE SUMMARY FOR THE MONTH OF JUNE 2014...

CLIMATE NORMAL PERIOD 1981 TO 2010
CLIMATE RECORD PERIOD 1897 TO 2014

WEATHER         OBSERVED          NORMAL  DEPART  LAST YEAR`S
                 VALUE   DATE(S)  VALUE   FROM    VALUE  DATE(S)
                                          NORMAL
................................................................
TEMPERATURE (F)
RECORD
 HIGH             106   06/28/2012
                        06/25/1988
 LOW               36   06/02/1910
HIGHEST            93   06/17        MM      MM       90  06/22
LOWEST             45   06/14        MM      MM       47  06/04
                                                          06/03
AVG. MAXIMUM     82.1              80.9     1.2     80.6
AVG. MINIMUM     61.8              59.3     2.5     60.3
MEAN             71.9              70.1     1.8
DAYS MAX >= 90      2               3.2    -1.2        1
DAYS MAX <= 32      0               0.0     0.0        0
DAYS MIN <= 32      0               0.0     0.0        0
DAYS MIN <= 0       0               0.0     0.0        0

PRECIPITATION (INCHES)
RECORD
 MAXIMUM         8.29   1958
 MINIMUM         0.50   1933
TOTALS           5.81              4.16    1.65     5.91
DAILY AVG.       0.19              0.14    0.05     0.20
DAYS >= .01        12              10.9     1.1       15
DAYS >= .10        10               7.3     2.7        9
DAYS >= .50         4               2.9     1.1        6
DAYS >= 1.00        2               1.0     1.0        2
GREATEST
 24 HR. TOTAL    2.22   06/18 TO 06/19

SNOWFALL (INCHES)
RECORDS
 TOTAL            0.0   MM
TOTALS            0.0               0.0     0.0      0.0
SINCE 7/1        74.7              33.5    41.2     38.5
SNOWDEPTH AVG.      0                MM      MM        0
DAYS >= 1.0         0               0.0     0.0        0
GREATEST
 SNOW DEPTH         0   MM                             0
 24 HR TOTAL      0.0   06/30 TO 06/30

DEGREE_DAYS
HEATING TOTAL      14                29     -15       19
 SINCE 7/1       6965              6101     864     6000
COOLING TOTAL     230               182      48      189
 SINCE 1/1        311               239      72      294
.................................................................

WIND (MPH)
AVERAGE WIND SPEED              8.1
HIGHEST WIND SPEED/DIRECTION    32/210    DATE  06/17
HIGHEST GUST SPEED/DIRECTION    42/300    DATE  06/18

SKY COVER
POSSIBLE SUNSHINE (PERCENT)   MM
AVERAGE SKY COVER           0.70
NUMBER OF DAYS FAIR            2
NUMBER OF DAYS PC             13
NUMBER OF DAYS CLOUDY         15

AVERAGE RH (PERCENT)     71

WEATHER CONDITIONS. NUMBER OF DAYS WITH
THUNDERSTORM              8     MIXED PRECIP               0
HEAVY RAIN                7     RAIN                       7
LIGHT RAIN               16     FREEZING RAIN              0
LT FREEZING RAIN          0     HAIL                       0
HEAVY SNOW                0     SNOW                       0
LIGHT SNOW                0     SLEET                      0
FOG                      23     FOG W/VIS <= 1/4 MILE      3
HAZE                     12

-  INDICATES NEGATIVE NUMBERS.
R  INDICATES RECORD WAS SET OR TIED.
MM INDICATES DATA IS MISSING.
T  INDICATES TRACE AMOUNT.

&&

...ABOVE NORMAL TEMPERATURES AND PRECIPITATION IN JUNE...

JUNE 2014 WAS A WARM AND WET MONTH AT FORT WAYNE. THE OVERALL
WEATHER PATTERN ALLOWED FOR A WARM AND HUMID AIRMASS TO STAY
ENTRENCHED ACROSS THE LOWER GREAT LAKES REGION FOR MUCH OF THE
MONTH...WHICH BROUGHT PERIODIC SHOWERS AND THUNDERSTORMS TO THE FORT
WAYNE THROUGHOUT THE MONTH. THE THUNDERSTORM AND RAINFALL ACTIVITY
WAS FAIRLY SCATTERED...AND WHILE PORTIONS OF THE REGION HAD RAINFALL
TOTALS WELL ABOVE NORMAL...SOME AREAS NORTH AND SOUTH OF THE FORT
WAYNE AREA ACTUALLY SAW NEAR OR ONLY SLIGHTLY ABOVE NORMAL
PRECIPITATION.

TEMPERATURES WERE ABOVE NORMAL...AND WHILE THE HUMIDITY THROUGHOUT
THE MONTH MADE IT FEEL VERY WARM...ACTUAL AIR TEMPERATURES WERE
NEVER TOO EXTREME. ONLY TWO DAYS DURING JUNE REACHED 90 DEGREES AT
FORT WAYNE. THERE WERE ONLY 7 DAYS DURING THE ENTIRE MONTH WHEN THE
AVERAGE DAILY TEMPERATURE WAS BELOW NORMAL...BUT NONE DURING THE
LAST HALF OF THE MONTH. HOWEVER...ONLY 6 JUNE DAYS HAD AVERAGE DAILY
TEMPERATURES OF AT LEAST 7 DEGREES OR GREATER ABOVE NORMAL.

THE AVERAGE TEMPERATURE IN JUNE AT FORT WAYNE WAS 71.9
DEGREES...WHICH IS 1.8 DEGREES ABOVE NORMAL. THIS RANKS AS THE
29TH WARMEST JUNE ON RECORD. THE WARMEST TEMPERATURES WAS 93 DEGREES
ON THE 17TH AND THE COLDEST WAS 45 ON THE 14TH.

TOTAL PRECIPITATION FOR THE MONTH OF JUNE AT FORT WAYNE WAS 5.81
INCHES...WHICH IS 1.65 INCHES ABOVE NORMAL. THIS RANKS AS THE 14TH
WETTEST JUNE ON RECORD. NEARLY THE SAME AMOUNT OF RAIN FELL AT FORT
WAYNE DURING JUNE 2013...WHEN THE MONTHLY PRECIPITATION TOTAL WAS
5.91 INCHES. AT LEAST A TRACE OF RAIN FELL AT SOUTH BEND DURING 18
DAYS OF THE MONTH...AND 12 OF THESE DAYS HAD MEASURABLE
RAINFALL...10 OF WHICH WITH AT LEAST A TENTH OF AN INCH OF RAINFALL.
4 DAYS HAD AT LEAST A HALF INCH OF RAINFALL...AND TWO DAYS WITH AT
LEAST AN INCH OF RAINFALL. THE GREATEST 24 HOUR RAINFALL TOTAL WAS
2.22 INCHES ON THE 18TH AND 19TH...AND THE GREATEST CALENDAR DAY
RAINFALL TOTAL WAS 1.73 INCHES ON THE 18TH.

$$

NG
