000
CXUS54 KTSA 011118
CLMFYV

CLIMATE REPORT
NATIONAL WEATHER SERVICE TULSA OK
618 AM CDT TUE JUL 1 2014

...................................

...THE FAYETTEVILLE ARKANSAS CLIMATE SUMMARY FOR THE MONTH OF JUNE 2014...

CLIMATE NORMAL PERIOD 1981 TO 2010
CLIMATE RECORD PERIOD 1905 TO 2014

WEATHER         OBSERVED          NORMAL  DEPART  LAST YEAR`S
                 VALUE   DATE(S)  VALUE   FROM    VALUE  DATE(S)
                                          NORMAL
................................................................
TEMPERATURE (F)
RECORD
 HIGH             101   06/28/2012
                        06/27/2012
                        06/25/2012
 LOW               41   06/02/1956
HIGHEST            90   06/30       104     -14       96  06/27
LOWEST             54   06/14        42      12       48  06/03
AVG. MAXIMUM     82.3              83.6    -1.3     84.9
AVG. MINIMUM     64.6              62.2     2.4     63.5
MEAN             73.5              72.9     0.6     74.2
DAYS MAX >= 90      1               3.0    -2.0        7
DAYS MAX <= 32      0               0.0     0.0        0
DAYS MIN <= 32      0               0.0     0.0        0
DAYS MIN <= 0       0               0.0     0.0        0

PRECIPITATION (INCHES)
RECORD
 MAXIMUM        14.42   2000
 MINIMUM         0.18   1953
TOTALS           4.10              4.98   -0.88     1.37
DAILY AVG.       0.14              0.17   -0.03     0.05
DAYS >= .01        13              10.9     2.1        6
DAYS >= .10         9               6.7     2.3        4
DAYS >= .50         3               3.4    -0.4        0
DAYS >= 1.00        1               1.3    -0.3        0
GREATEST
 24 HR. TOTAL    1.23   06/09 TO 06/10           06/01 TO 06/01
                                                          05/31 TO 06/01
                                                          06/01 TO 06/01

SNOWFALL (INCHES)
RECORDS
 TOTAL            0.0   2002
 24 HR TOTAL       MM
TOTALS            0.0               0.0     0.0      0.0
SINCE 7/1        17.9               7.0    10.9      3.1
SNOWDEPTH AVG.      0                MM      MM        0
DAYS >= TRACE       0               0.0     0.0        0
DAYS >= 1.0         0               0.0     0.0        0
GREATEST
 SNOW DEPTH         0   MM                             0  MM
 24 HR TOTAL      0.0   06/30 TO 06/30           06/30 TO 06/30
                                                          06/01 TO 06/01
                                                          06/01 TO 06/01

DEGREE_DAYS
HEATING TOTAL       0                 8      -8        7
 SINCE 7/1       4787              4190     597     4173
COOLING TOTAL     262               245      17      290
 SINCE 1/1        410               358      52      426
..................................................

WIND (MPH)
AVERAGE WIND SPEED              6.9
HIGHEST WIND SPEED/DIRECTION    28/260    DATE  06/22
HIGHEST GUST SPEED/DIRECTION    MM/MMM    DATE  MM/MM

SKY COVER
POSSIBLE SUNSHINE (PERCENT)   MM
AVERAGE SKY COVER           0.30
NUMBER OF DAYS FAIR           18
NUMBER OF DAYS PC             10
NUMBER OF DAYS CLOUDY          2

AVERAGE RH (PERCENT)     81

WEATHER CONDITIONS. NUMBER OF DAYS WITH
THUNDERSTORM              0     MIXED PRECIP               0
HEAVY RAIN                5     RAIN                       8
LIGHT RAIN               14     FREEZING RAIN              0
LT FREEZING RAIN          0     HAIL                       0
HEAVY SNOW                0     SNOW                       0
LIGHT SNOW                0     SLEET                      0
FOG                      18     FOG W/VIS <= 1/4 MILE      3
HAZE                      2

-  INDICATES NEGATIVE NUMBERS.
R  INDICATES RECORD WAS SET OR TIED.
MM INDICATES DATA IS MISSING.
T  INDICATES TRACE AMOUNT.

&&
-------------------------------------------------------------------
 YEARLY PRECIPITATION (INCHES):
 TOTAL.....................18.62
 DEPARTURE FROM NORMAL.....-6.57
$$
