000
CXUS54 KTSA 011618
CLMFYV

CLIMATE REPORT
NATIONAL WEATHER SERVICE TULSA OK
1118 AM CDT WED JUL 1 2015

...................................

...THE FAYETTEVILLE ARKANSAS CLIMATE SUMMARY FOR THE MONTH OF JUNE 2015...

CLIMATE NORMAL PERIOD 1981 TO 2010
CLIMATE RECORD PERIOD 1905 TO 2015

WEATHER         OBSERVED          NORMAL  DEPART  LAST YEAR`S
                 VALUE   DATE(S)  VALUE   FROM    VALUE  DATE(S)
                                          NORMAL
................................................................
TEMPERATURE (F)
RECORD
 HIGH             101   06/28/2012
                        06/27/2012
                        06/25/2012
 LOW               41   06/02/1956
HIGHEST            90   06/25       104     -14       90  06/30
                        06/24
                        06/11
LOWEST             56   06/02        42      14       54  06/14
AVG. MAXIMUM     85.2              83.6     1.6     82.3
AVG. MINIMUM     65.2              62.2     3.0     64.6
MEAN             75.2              72.9     2.3     73.5
DAYS MAX >= 90      4               3.0     1.0        1
DAYS MAX <= 32      0               0.0     0.0        0
DAYS MIN <= 32      0               0.0     0.0        0
DAYS MIN <= 0       0               0.0     0.0        0

PRECIPITATION (INCHES)
RECORD
 MAXIMUM        14.42   2000
 MINIMUM         0.18   1953
TOTALS           6.77              4.98    1.79     4.10
DAILY AVG.       0.23              0.17    0.06     0.14
DAYS >= .01         8              10.9    -2.9       13
DAYS >= .10         8               6.7     1.3        9
DAYS >= .50         5               3.4     1.6        3
DAYS >= 1.00        2               1.3     0.7        1
GREATEST
 24 HR. TOTAL    2.10   06/26 TO 06/26           06/09 TO 06/10
                        06/25 TO 06/26                    06/30 TO 06/30
                        06/26 TO 06/26                    06/30 TO 06/30

SNOWFALL (INCHES)
RECORDS
 TOTAL            0.0   2002
 24 HR TOTAL       MM
TOTALS            0.0               0.0     0.0      0.0
SINCE 7/1         7.9               7.0     0.9     17.9
SNOWDEPTH AVG.      0                MM      MM        0
DAYS >= TRACE       0               0.0     0.0        0
DAYS >= 1.0         0               0.0     0.0        0
GREATEST
 SNOW DEPTH         0   MM                             0  MM
 24 HR TOTAL      0.0   06/30 TO 06/30           06/30 TO 06/30
                                                          06/30 TO 06/30
                                                          06/30 TO 06/30

DEGREE_DAYS
HEATING TOTAL       0                 8      -8        0
 SINCE 7/1       4279              4190      89     4787
COOLING TOTAL     318               245      73      262
 SINCE 1/1        415               358      57      410
.................................................

WIND (MPH)
AVERAGE WIND SPEED              6.3
HIGHEST WIND SPEED/DIRECTION    35/230    DATE  06/26
HIGHEST GUST SPEED/DIRECTION    47/220    DATE  06/26

SKY COVER
POSSIBLE SUNSHINE (PERCENT)   MM
AVERAGE SKY COVER           0.30
NUMBER OF DAYS FAIR           20
NUMBER OF DAYS PC              8
NUMBER OF DAYS CLOUDY          2

AVERAGE RH (PERCENT)     79

WEATHER CONDITIONS. NUMBER OF DAYS WITH
THUNDERSTORM              0     MIXED PRECIP               0
HEAVY RAIN                6     RAIN                       7
LIGHT RAIN                8     FREEZING RAIN              0
LT FREEZING RAIN          0     HAIL                       0
HEAVY SNOW                0     SNOW                       0
LIGHT SNOW                0     SLEET                      0
FOG                      17     FOG W/VIS <= 1/4 MILE      0
HAZE                      3

-  INDICATES NEGATIVE NUMBERS.
R  INDICATES RECORD WAS SET OR TIED.
MM INDICATES DATA IS MISSING.
T  INDICATES TRACE AMOUNT.

&&
-------------------------------------------------------------------
 YEARLY PRECIPITATION (INCHES):
 TOTAL.....................30.23
 DEPARTURE FROM NORMAL.....+5.04
$$
