000
CXUS54 KTSA 011137
CLMFYV

CLIMATE REPORT
NATIONAL WEATHER SERVICE TULSA OK
637 AM CDT THU JUN 1 2017

...................................

...THE FAYETTEVILLE ARKANSAS CLIMATE SUMMARY FOR THE MONTH OF MAY 2017...

CLIMATE NORMAL PERIOD 1981 TO 2010
CLIMATE RECORD PERIOD 1905 TO 2017

WEATHER         OBSERVED          NORMAL  DEPART  LAST YEAR`S
                 VALUE   DATE(S)  VALUE   FROM    VALUE  DATE(S)
                                          NORMAL
................................................................
TEMPERATURE (F)
RECORD
 HIGH              93   05/30/1977
 LOW               29   05/01/1963
HIGHEST            86   05/27        95      -9       83  05/29
                                                          05/26
                                                          05/10
LOWEST             40   05/02        29      11       36  05/03
                        05/01
AVG. MAXIMUM     76.4              76.1     0.3     73.2
AVG. MINIMUM     51.5              54.0    -2.5     51.1
MEAN             63.9              65.1    -1.2     62.1
DAYS MAX >= 90      0               0.1    -0.1        0
DAYS MAX <= 32      0               0.0     0.0        0
DAYS MIN <= 32      0               0.1    -0.1        0
DAYS MIN <= 0       0               0.0     0.0        0

PRECIPITATION (INCHES)
RECORD
 MAXIMUM        13.39   1957
 MINIMUM         1.05   2012
TOTALS           6.24              6.04    0.20     5.53
DAILY AVG.       0.20              0.19    0.01     0.18
DAYS >= .01        11              12.4    -1.4       16
DAYS >= .10         8               8.2    -0.2        7
DAYS >= .50         6               4.4     1.6        4
DAYS >= 1.00        3               2.0     1.0        2
GREATEST
 24 HR. TOTAL    1.21   05/19 TO 05/19           05/24 TO 05/25
                                                          05/31 TO 05/31
                                                          05/31 TO 05/31

SNOWFALL (INCHES)
RECORDS
 TOTAL            0.5   2013
 24 HR TOTAL      0.5   05/03/2013 TO 05/03/2013
TOTALS            0.0               0.0     0.0      0.0
SINCE 7/1         1.0               7.0    -6.0        T
SNOWDEPTH AVG.      0                MM      MM        0
DAYS >= TRACE       0               0.0     0.0        0
DAYS >= 1.0         0               0.0     0.0        0
GREATEST
 SNOW DEPTH         0   MM                             0  MM
 24 HR TOTAL      0.0   05/31 TO 05/31           05/31 TO 05/31
                                                          05/31 TO 05/31
                                                          05/31 TO 05/31

DEGREE_DAYS
HEATING TOTAL      95                84      11      134
 SINCE 7/1       3214              4182    -968     3588
COOLING TOTAL      67                85     -18       54
 SINCE 1/1        104               113      -9       67
..................................................

WIND (MPH)
AVERAGE WIND SPEED              7.0
HIGHEST WIND SPEED/DIRECTION    35/180    DATE  05/17
HIGHEST GUST SPEED/DIRECTION    44/230    DATE  05/18

SKY COVER
POSSIBLE SUNSHINE (PERCENT)   MM
AVERAGE SKY COVER           0.30
NUMBER OF DAYS FAIR           18
NUMBER OF DAYS PC             11
NUMBER OF DAYS CLOUDY          2

AVERAGE RH (PERCENT)     75

WEATHER CONDITIONS. NUMBER OF DAYS WITH
THUNDERSTORM              9     MIXED PRECIP               0
HEAVY RAIN                8     RAIN                       9
LIGHT RAIN               12     FREEZING RAIN              0
LT FREEZING RAIN          0     HAIL                       0
HEAVY SNOW                0     SNOW                       0
LIGHT SNOW                0     SLEET                      0
FOG                      16     FOG W/VIS <= 1/4 MILE      4
HAZE                      3

-  INDICATES NEGATIVE NUMBERS.
R  INDICATES RECORD WAS SET OR TIED.
MM INDICATES DATA IS MISSING.
T  INDICATES TRACE AMOUNT.

&&
-------------------------------------------------------------------
 YEARLY PRECIPITATION (INCHES):
 TOTAL.....................28.55
 DEPARTURE FROM NORMAL.....+8.34
$$
