000
CXUS54 KTSA 011126
CLMFYV

CLIMATE REPORT
NATIONAL WEATHER SERVICE TULSA OK
625 AM CDT SAT AUG 1 2015

...................................

...THE FAYETTEVILLE ARKANSAS CLIMATE SUMMARY FOR THE MONTH OF JULY 2015...

CLIMATE NORMAL PERIOD 1981 TO 2010
CLIMATE RECORD PERIOD 1905 TO 2015

WEATHER         OBSERVED          NORMAL  DEPART  LAST YEAR`S
                 VALUE   DATE(S)  VALUE   FROM    VALUE  DATE(S)
                                          NORMAL
................................................................
TEMPERATURE (F)
RECORD
 HIGH             110   07/13/1954
 LOW               45   07/06/1972
HIGHEST            94   07/20       111     -17       93  07/23
LOWEST             63   07/04        45      18       50  07/16
AVG. MAXIMUM     87.8              88.6    -0.8     83.9
AVG. MINIMUM     69.4              66.6     2.8     61.5
MEAN             78.6              77.6     1.0     72.7
DAYS MAX >= 90     13              12.9     0.1        8
DAYS MAX <= 32      0               0.0     0.0        0
DAYS MIN <= 32      0               0.0     0.0        0
DAYS MIN <= 0       0               0.0     0.0        0

PRECIPITATION (INCHES)
RECORD
 MAXIMUM        12.03   1960
 MINIMUM         0.26   1964
TOTALS           8.05              3.46    4.59     2.43
DAILY AVG.       0.26              0.11    0.15     0.08
DAYS >= .01         9               8.1     0.9        7
DAYS >= .10         6               5.0     1.0        5
DAYS >= .50         5               2.0     3.0        2
DAYS >= 1.00        3               1.1     1.9        1
GREATEST
 24 HR. TOTAL    3.37   07/21 TO 07/22           07/30 TO 07/31
                                                          07/31 TO 07/31
                                                          07/31 TO 07/31

SNOWFALL (INCHES)
RECORDS
 TOTAL            0.0   2002
 24 HR TOTAL       MM
TOTALS            0.0               0.0     0.0      0.0
SINCE 7/1         0.0               0.0     0.0      0.0
SNOWDEPTH AVG.      0                MM      MM        0
DAYS >= TRACE       0               0.0     0.0        0
DAYS >= 1.0         0               0.0     0.0        0
GREATEST
 SNOW DEPTH         0   MM                             0  MM
 24 HR TOTAL      0.0   07/31 TO 07/31           07/31 TO 07/31
                                                          07/31 TO 07/31
                                                          07/31 TO 07/31

DEGREE_DAYS
HEATING TOTAL       0                 0       0        4
 SINCE 7/1          0                 0       0        4
COOLING TOTAL     429               391      38      252
 SINCE 1/1        844               749      95      662
..................................................

WIND (MPH)
AVERAGE WIND SPEED              5.7
HIGHEST WIND SPEED/DIRECTION    24/200    DATE  07/08
HIGHEST GUST SPEED/DIRECTION    34/300    DATE  07/09

SKY COVER
POSSIBLE SUNSHINE (PERCENT)   MM
AVERAGE SKY COVER           0.20
NUMBER OF DAYS FAIR           21
NUMBER OF DAYS PC              7
NUMBER OF DAYS CLOUDY          3

AVERAGE RH (PERCENT)     80

WEATHER CONDITIONS. NUMBER OF DAYS WITH
THUNDERSTORM              0     MIXED PRECIP               0
HEAVY RAIN                6     RAIN                       5
LIGHT RAIN                9     FREEZING RAIN              0
LT FREEZING RAIN          0     HAIL                       0
HEAVY SNOW                0     SNOW                       0
LIGHT SNOW                0     SLEET                      0
FOG                      24     FOG W/VIS <= 1/4 MILE      3
HAZE                      7

-  INDICATES NEGATIVE NUMBERS.
R  INDICATES RECORD WAS SET OR TIED.
MM INDICATES DATA IS MISSING.
T  INDICATES TRACE AMOUNT.

&&
-------------------------------------------------------------------
 YEARLY PRECIPITATION (INCHES):
 TOTAL.....................38.28
 DEPARTURE FROM NORMAL.....+9.63
$$
