000
CXUS53 KUNR 122008
CLMGCC


CLIMATE REPORT
NATIONAL WEATHER SERVICE RAPID CITY SD
208 PM MDT THU MAR 12 2015

...................................

...THE GILLETTE AIRPORT WY CLIMATE SUMMARY FOR THE MONTH OF FEBRUARY 2015...

CLIMATE NORMAL PERIOD 1981 TO 2010
CLIMATE RECORD PERIOD 9999 TO 9999

WEATHER         OBSERVED          NORMAL  DEPART  LAST YEAR`S
                 VALUE   DATE(S)  VALUE   FROM    VALUE  DATE(S)
                                          NORMAL
................................................................
TEMPERATURE (F)
HIGHEST            66   02/06                         56  02/16
LOWEST             -9   02/26                        -28  02/06
AVG. MAXIMUM     40.6              38.2     2.4     28.0
AVG. MINIMUM     16.6              16.6     0.0      5.7
MEAN             28.6              27.4     1.2     16.9
DAYS MAX >= 90      0                                  0
DAYS MAX <= 32      9                                 15
DAYS MIN <= 32     26                                 28
DAYS MIN <= 0       4                                 11

PRECIPITATION (INCHES)
TOTALS           0.57              0.39    0.18     0.89
DAILY AVG.       0.02              0.01    0.01     0.03
DAYS >= .01         8                                 15
DAYS >= .10         2                                  3
DAYS >= .50         0                                  0
DAYS >= 1.00        0                                  0
GREATEST
 24 HR. TOTAL    0.28   02/20 TO 02/21              0.16

DEGREE_DAYS
HEATING TOTAL    1012              1053     -41     1342
 SINCE 7/1       5090              5408    -318     5645
COOLING TOTAL       0                 0       0        0
 SINCE 1/1          0                 0       0        0
.................................................................

WIND (MPH)
AVERAGE WIND SPEED              11.3
HIGHEST WIND SPEED/DIRECTION    40/250    DATE  02/07
HIGHEST GUST SPEED/DIRECTION    51/340    DATE  02/25

AVERAGE RH (PERCENT)     67

WEATHER CONDITIONS. NUMBER OF DAYS WITH
THUNDERSTORM              0     MIXED PRECIP               0
HEAVY RAIN                0     RAIN                       0
LIGHT RAIN                1     FREEZING RAIN              0
LT FREEZING RAIN          0     HAIL                       0
HEAVY SNOW                2     SNOW                       5
LIGHT SNOW               13     SLEET                      0
FOG                      14     FOG W/VIS <= 1/4 MILE      3
HAZE                     12

-  INDICATES NEGATIVE NUMBERS.
R  INDICATES RECORD WAS SET OR TIED.
MM INDICATES DATA IS MISSING.
T  INDICATES TRACE AMOUNT.

$$
