000
CXUS53 KUNR 011614
CLMGCC


CLIMATE REPORT
NATIONAL WEATHER SERVICE RAPID CITY SD
1014 AM MDT TUE AUG 1 2017

...................................

...THE GILLETTE AIRPORT WY CLIMATE SUMMARY FOR THE MONTH OF JULY 2017...

CLIMATE NORMAL PERIOD 1981 TO 2010
CLIMATE RECORD PERIOD 9999 TO 9999

WEATHER         OBSERVED          NORMAL  DEPART  LAST YEAR`S
                 VALUE   DATE(S)  VALUE   FROM    VALUE  DATE(S)
                                          NORMAL
................................................................
TEMPERATURE (F)
HIGHEST           100   07/20                        102  07/22
                        07/09
LOWEST             49   07/01                         45  07/17
AVG. MAXIMUM     93.1              86.6     6.5     89.1
AVG. MINIMUM     59.5              56.0     3.5     54.9
MEAN             76.3              71.3     5.0     72.0
DAYS MAX >= 90     26                                 16
DAYS MAX <= 32      0                                  0
DAYS MIN <= 32      0                                  0
DAYS MIN <= 0       0                                  0

PRECIPITATION (INCHES)
TOTALS           0.64              1.66   -1.02     1.32
DAILY AVG.       0.02              0.05   -0.03     0.04
DAYS >= .01         9                                  7
DAYS >= .10         3                                  3
DAYS >= .50         0                                  1
DAYS >= 1.00        0                                  0
GREATEST
 24 HR. TOTAL    0.14   07/12 TO 07/12              0.70

DEGREE_DAYS
HEATING TOTAL       0                19     -19        7
 SINCE 7/1          0                19     -19        7
COOLING TOTAL     359               214     145      230
 SINCE 1/1        416               282     134      394
.................................................................

WIND (MPH)
AVERAGE WIND SPEED              9.1
HIGHEST WIND SPEED/DIRECTION    43/300    DATE  07/16
HIGHEST GUST SPEED/DIRECTION    53/230    DATE  07/23

AVERAGE RH (PERCENT)     47

WEATHER CONDITIONS. NUMBER OF DAYS WITH
THUNDERSTORM              0     MIXED PRECIP               0
HEAVY RAIN                1     RAIN                       1
LIGHT RAIN               14     FREEZING RAIN              0
LT FREEZING RAIN          0     HAIL                       0
HEAVY SNOW                0     SNOW                       0
LIGHT SNOW                0     SLEET                      0
FOG                       4     FOG W/VIS <= 1/4 MILE      0
HAZE                      5

-  INDICATES NEGATIVE NUMBERS.
R  INDICATES RECORD WAS SET OR TIED.
MM INDICATES DATA IS MISSING.
T  INDICATES TRACE AMOUNT.

$$
