000
CXUS53 KUNR 011612
CLMGCC


CLIMATE REPORT
NATIONAL WEATHER SERVICE RAPID CITY SD
1011 AM MDT THU JUN 1 2017

...................................

...THE GILLETTE AIRPORT WY CLIMATE SUMMARY FOR THE MONTH OF MAY 2017...

CLIMATE NORMAL PERIOD 1981 TO 2010
CLIMATE RECORD PERIOD 9999 TO 9999

WEATHER         OBSERVED          NORMAL  DEPART  LAST YEAR`S
                 VALUE   DATE(S)  VALUE   FROM    VALUE  DATE(S)
                                          NORMAL
................................................................
TEMPERATURE (F)
HIGHEST            85   05/06                         83  05/05
LOWEST             31   05/02                         21  05/14
AVG. MAXIMUM     66.0              65.8     0.2     65.5
AVG. MINIMUM     39.9              39.8     0.1     37.4
MEAN             53.0              52.8     0.2     51.4
DAYS MAX >= 90      0                                  0
DAYS MAX <= 32      0                                  0
DAYS MIN <= 32      3                                  9
DAYS MIN <= 0       0                                  0

PRECIPITATION (INCHES)
TOTALS           1.25              2.45   -1.20     0.67
DAILY AVG.       0.04              0.08   -0.04     0.02
DAYS >= .01         9                                  8
DAYS >= .10         6                                  4
DAYS >= .50         0                                  0
DAYS >= 1.00        0                                  0
GREATEST
 24 HR. TOTAL    0.35   05/17 TO 05/17              0.15

DEGREE_DAYS
HEATING TOTAL     372               386     -14      417
 SINCE 7/1       6482              7402    -920     6543
COOLING TOTAL       4                 8      -4        0
 SINCE 1/1          4                 8      -4        0
.................................................................

WIND (MPH)
AVERAGE WIND SPEED              10.8
HIGHEST WIND SPEED/DIRECTION    43/360    DATE  05/28
HIGHEST GUST SPEED/DIRECTION    51/350    DATE  05/28

AVERAGE RH (PERCENT)     65

WEATHER CONDITIONS. NUMBER OF DAYS WITH
THUNDERSTORM              0     MIXED PRECIP               0
HEAVY RAIN                3     RAIN                       4
LIGHT RAIN               11     FREEZING RAIN              0
LT FREEZING RAIN          0     HAIL                       0
HEAVY SNOW                0     SNOW                       0
LIGHT SNOW                0     SLEET                      0
FOG                      10     FOG W/VIS <= 1/4 MILE      1
HAZE                      1

-  INDICATES NEGATIVE NUMBERS.
R  INDICATES RECORD WAS SET OR TIED.
MM INDICATES DATA IS MISSING.
T  INDICATES TRACE AMOUNT.

$$
