000
CXUS53 KUNR 011614
CLMGCC


CLIMATE REPORT
NATIONAL WEATHER SERVICE RAPID CITY SD
914 AM MST MON DEC 1 2014

...................................

...THE GILLETTE AIRPORT WY CLIMATE SUMMARY FOR THE MONTH OF NOVEMBER 2014...

CLIMATE NORMAL PERIOD 1981 TO 2010
CLIMATE RECORD PERIOD 9999 TO 9999

WEATHER         OBSERVED          NORMAL  DEPART  LAST YEAR`S
                 VALUE   DATE(S)  VALUE   FROM    VALUE  DATE(S)
                                          NORMAL
................................................................
TEMPERATURE (F)
HIGHEST            72   11/01                         63  11/10
LOWEST            -15R  11/13                          7  11/21
                                                          11/20
AVG. MAXIMUM     39.8              44.6    -4.8     47.6
AVG. MINIMUM     16.2              21.0    -4.8     22.2
MEAN             28.0              32.8    -4.8     34.9
DAYS MAX >= 90      0                                  0
DAYS MAX <= 32      9                                  2
DAYS MIN <= 32     27                                 29
DAYS MIN <= 0       6                                  0

PRECIPITATION (INCHES)
TOTALS           0.80              0.55    0.25     0.04
DAILY AVG.       0.03              0.02    0.01     0.00
DAYS >= .01         8                                  3
DAYS >= .10         3                                  0
DAYS >= .50         0                                  0
DAYS >= 1.00        0                                  0
GREATEST
 24 HR. TOTAL    0.25   11/09 TO 11/10              0.02

DEGREE_DAYS
HEATING TOTAL    1069               966     103      894
 SINCE 7/1       1783              1875     -92     1712
COOLING TOTAL       0                 0       0        0
 SINCE 1/1        412               502     -90      615
.................................................................

WIND (MPH)
AVERAGE WIND SPEED              12.0
HIGHEST WIND SPEED/DIRECTION    38/310    DATE  11/24
HIGHEST GUST SPEED/DIRECTION    46/320    DATE  11/24

AVERAGE RH (PERCENT)     65

WEATHER CONDITIONS. NUMBER OF DAYS WITH
THUNDERSTORM              0     MIXED PRECIP               0
HEAVY RAIN                0     RAIN                       2
LIGHT RAIN                4     FREEZING RAIN              0
LT FREEZING RAIN          0     HAIL                       0
HEAVY SNOW                0     SNOW                       3
LIGHT SNOW               11     SLEET                      0
FOG                      11     FOG W/VIS <= 1/4 MILE      1
HAZE                     11

-  INDICATES NEGATIVE NUMBERS.
R  INDICATES RECORD WAS SET OR TIED.
MM INDICATES DATA IS MISSING.
T  INDICATES TRACE AMOUNT.

$$
