000
CXUS53 KUNR 011602
CLMGCC


CLIMATE REPORT
NATIONAL WEATHER SERVICE RAPID CITY SD
1002 AM MDT WED JUL 1 2015

...................................

...THE GILLETTE AIRPORT WY CLIMATE SUMMARY FOR THE MONTH OF JUNE 2015...

CLIMATE NORMAL PERIOD 1981 TO 2010
CLIMATE RECORD PERIOD 9999 TO 9999

WEATHER         OBSERVED          NORMAL  DEPART  LAST YEAR`S
                 VALUE   DATE(S)  VALUE   FROM    VALUE  DATE(S)
                                          NORMAL
................................................................
TEMPERATURE (F)
HIGHEST            90   06/29                         85  06/26
                        06/28
LOWEST             47   06/17                         37  06/09
                                                          06/08
AVG. MAXIMUM     78.6              77.0     1.6     72.2
AVG. MINIMUM     53.4              47.5     5.9     45.7
MEAN             66.0              62.3     3.7     58.9
DAYS MAX >= 90      2                                  0
DAYS MAX <= 32      0                                  0
DAYS MIN <= 32      0                                  0
DAYS MIN <= 0       0                                  0

PRECIPITATION (INCHES)
TOTALS           3.11              2.21    0.90     3.13
DAILY AVG.       0.10              0.07    0.03     0.10
DAYS >= .01        11                                 14
DAYS >= .10         6                                  7
DAYS >= .50         3                                  3
DAYS >= 1.00        0                                  0
GREATEST
 24 HR. TOTAL    1.47   06/03 TO 06/04              1.07

DEGREE_DAYS
HEATING TOTAL      39               142    -103      192
 SINCE 7/1       6915              7544    -629     7824
COOLING TOTAL      74                60      14       15
 SINCE 1/1         74                68       6       23
.................................................................

WIND (MPH)
AVERAGE WIND SPEED              8.5
HIGHEST WIND SPEED/DIRECTION    51/200    DATE  06/01
HIGHEST GUST SPEED/DIRECTION    75/200    DATE  06/01

AVERAGE RH (PERCENT)     69

WEATHER CONDITIONS. NUMBER OF DAYS WITH
THUNDERSTORM              0     MIXED PRECIP               0
HEAVY RAIN                5     RAIN                       4
LIGHT RAIN               13     FREEZING RAIN              0
LT FREEZING RAIN          0     HAIL                       0
HEAVY SNOW                0     SNOW                       0
LIGHT SNOW                0     SLEET                      0
FOG                       9     FOG W/VIS <= 1/4 MILE      1
HAZE                      2

-  INDICATES NEGATIVE NUMBERS.
R  INDICATES RECORD WAS SET OR TIED.
MM INDICATES DATA IS MISSING.
T  INDICATES TRACE AMOUNT.

$$
