000
CXUS53 KDDC 011604
CLMGCK


CLIMATE REPORT
NATIONAL WEATHER SERVICE DODGE CITY KS
953 AM CST FRI DEC 1 2017

...................................

...THE GARDEN CITY REGIONAL ARPT KS CLIMATE SUMMARY FOR THE MONTH OF NOVEMBER 2017...

CLIMATE NORMAL PERIOD 1981 TO 2010
CLIMATE RECORD PERIOD 1948 TO 2017

WEATHER         OBSERVED          NORMAL  DEPART  LAST YEAR`S
                 VALUE   DATE(S)  VALUE   FROM    VALUE  DATE(S)
                                          NORMAL
................................................................
TEMPERATURE (F)
RECORD
 HIGH              91   11/08/1980
 LOW               -5   11/28/1976
HIGHEST            79   11/17        MM      MM       87  11/16
LOWEST             18   11/19        MM      MM       12  11/19
AVG. MAXIMUM     59.6              55.6     4.0     63.1
AVG. MINIMUM     29.3              27.8     1.5     31.8
MEAN             44.5              41.7     2.8     47.5
DAYS MAX >= 90      0               0.0     0.0        0
DAYS MAX <= 32      0               1.2    -1.2        0
DAYS MIN <= 32     22              20.9     1.1       15
DAYS MIN <= 0       0               0.0     0.0        0

PRECIPITATION (INCHES)
RECORD
 MAXIMUM         3.65   1991
 MINIMUM         0.00   2012
TOTALS           0.01              0.55   -0.54     0.07
DAYS >= .01         1               3.7    -2.7        1
DAYS >= .10         0               1.8    -1.8        0
DAYS >= .50         0               0.2    -0.2        0
DAYS >= 1.00        0               0.0     0.0        0
GREATEST
 24 HR. TOTAL    0.06   10/31 TO 11/01           11/06 TO 11/06

DEGREE_DAYS
HEATING TOTAL     608               699     -91      521
 SINCE 7/1        956              1089    -133      688
COOLING TOTAL       0                 0       0        0
 SINCE 1/1       1373              1298      75     1433
.......................................................

WIND (MPH)
AVERAGE WIND SPEED              11.2
HIGHEST WIND SPEED/DIRECTION    38/020    DATE  11/28
HIGHEST GUST SPEED/DIRECTION    51/330    DATE  11/18


WEATHER CONDITIONS. NUMBER OF DAYS WITH
THUNDERSTORM              0     MIXED PRECIP               0
HEAVY RAIN                0     RAIN                       0
LIGHT RAIN                1     FREEZING RAIN              0
LT FREEZING RAIN          0     HAIL                       0
HEAVY SNOW                0     SNOW                       0
LIGHT SNOW                1     SLEET                      0
FOG                       9     FOG W/VIS <= 1/4 MILE      3
HAZE                      5

-  INDICATES NEGATIVE NUMBERS.
R  INDICATES RECORD WAS SET OR TIED.
MM INDICATES DATA IS MISSING.
T  INDICATES TRACE AMOUNT.

$$
