263
CXUS53 KDDC 011529
CLMGCK


CLIMATE REPORT
NATIONAL WEATHER SERVICE DODGE CITY KS
915 AM CST THU DEC 1 2016

...................................

...THE GARDEN CITY REGIONAL ARPT KS CLIMATE SUMMARY FOR THE MONTH OF NOVEMBER 2016...

CLIMATE NORMAL PERIOD 1981 TO 2010
CLIMATE RECORD PERIOD 1948 TO 2016

WEATHER         OBSERVED          NORMAL  DEPART  LAST YEAR`S
                 VALUE   DATE(S)  VALUE   FROM    VALUE  DATE(S)
                                          NORMAL
................................................................
TEMPERATURE (F)
RECORD
 HIGH              91   11/08/1980
 LOW               -5   11/28/1976
HIGHEST            87   11/16        MM      MM       81  11/03
LOWEST             12   11/19        MM      MM       17  11/22
AVG. MAXIMUM     63.1              55.6     7.5     57.2
AVG. MINIMUM     31.8              27.8     4.0     30.6
MEAN             47.5              41.7     5.8     43.9
DAYS MAX >= 90      0               0.0     0.0        0
DAYS MAX <= 32      0               1.2    -1.2        3
DAYS MIN <= 32     15              20.9    -5.9       18
DAYS MIN <= 0       0               0.0     0.0        0

PRECIPITATION (INCHES)
RECORD
 MAXIMUM         3.65   1991
 MINIMUM         0.00   2012
TOTALS           0.07              0.55   -0.48     0.67
DAYS >= .01         1               3.7    -2.7        7
DAYS >= .10         0               1.8    -1.8        2
DAYS >= .50         0               0.2    -0.2        0
DAYS >= 1.00        0               0.0     0.0        0
GREATEST
 24 HR. TOTAL    0.07   11/06 TO 11/06           11/16 TO 11/17

DEGREE_DAYS
HEATING TOTAL     521               699    -178      624
 SINCE 7/1        688              1089    -401      837
COOLING TOTAL       0                 0       0        0
 SINCE 1/1       1433              1298     135     1453
........................................................

WIND (MPH)
AVERAGE WIND SPEED              11.7
HIGHEST WIND SPEED/DIRECTION    40/220    DATE  11/27
HIGHEST GUST SPEED/DIRECTION    52/200    DATE  11/27


WEATHER CONDITIONS. NUMBER OF DAYS WITH
THUNDERSTORM              0     MIXED PRECIP               0
HEAVY RAIN                1     RAIN                       1
LIGHT RAIN                2     FREEZING RAIN              0
LT FREEZING RAIN          0     HAIL                       0
HEAVY SNOW                0     SNOW                       0
LIGHT SNOW                0     SLEET                      0
FOG                       6     FOG W/VIS <= 1/4 MILE      1
HAZE                     10

-  INDICATES NEGATIVE NUMBERS.
R  INDICATES RECORD WAS SET OR TIED.
MM INDICATES DATA IS MISSING.
T  INDICATES TRACE AMOUNT.

$$
