000
CXUS53 KDDC 031124 CCA
CLMGCK

CLIMATE REPORT
NATIONAL WEATHER SERVICE DODGE CITY KS
821 AM CDT TUE JUL 1 2014

...................................

...THE GARDEN CITY REGIONAL ARPT KS CLIMATE SUMMARY FOR THE MONTH OF JUNE 2014...

CLIMATE NORMAL PERIOD 1981 TO 2010
CLIMATE RECORD PERIOD 1948 TO 2014

WEATHER         OBSERVED          NORMAL  DEPART  LAST YEAR`S
                 VALUE   DATE(S)  VALUE   FROM    VALUE  DATE(S)
                                          NORMAL
................................................................
TEMPERATURE (F)
RECORD
 HIGH             110   06/08/1985
                        06/24/1953
 LOW               40   06/08/2007
                        06/06/1998
                        06/02/1969
HIGHEST            99   06/03        MM      MM      108  06/27
                                                          06/11
                                                          06/10
LOWEST             49   06/10        MM      MM       42  06/02
AVG. MAXIMUM     86.4              86.0     0.4     92.5
AVG. MINIMUM     60.6              59.7     0.9     62.2
MEAN             73.5              72.8     0.7     77.4
DAYS MAX >= 90     12              10.8     1.2       20
DAYS MAX <= 32      0               0.0     0.0        0
DAYS MIN <= 32      0               0.0     0.0        0
DAYS MIN <= 0       0               0.0     0.0        0

PRECIPITATION (INCHES)
RECORD
 MAXIMUM           MM   MM
 MINIMUM           MM   MM
TOTALS          10.88              3.48    7.40     2.14
DAYS >= .01        11               9.5     1.5        8
DAYS >= .10        11               6.2     4.8        5
DAYS >= .50         5               2.3     2.7        2
DAYS >= 1.00        3               1.1     1.9        0
GREATEST
 24 HR. TOTAL    4.37   06/27 TO 06/28           06/15 TO 06/16
                        06/28 TO 06/28                    06/16 TO 06/16
                                                          06/16 TO 06/16

DEGREE_DAYS
HEATING TOTAL      11                16      -5       12
 SINCE 7/1       5398              5207     191     5211
COOLING TOTAL     274               252      22      391
 SINCE 1/1        417               341      76      538
.......................................................

WIND (MPH)
AVERAGE WIND SPEED              15.0
HIGHEST WIND SPEED/DIRECTION    68/020    DATE  06/24
HIGHEST GUST SPEED/DIRECTION    85/020    DATE  06/24


WEATHER CONDITIONS. NUMBER OF DAYS WITH
THUNDERSTORM             14     MIXED PRECIP               0
HEAVY RAIN                9     RAIN                       7
LIGHT RAIN               12     FREEZING RAIN              0
LT FREEZING RAIN          0     HAIL                       0
HEAVY SNOW                0     SNOW                       0
LIGHT SNOW                0     SLEET                      0
FOG                      16     FOG W/VIS <= 1/4 MILE      0
HAZE                     10

-  INDICATES NEGATIVE NUMBERS.
R  INDICATES RECORD WAS SET OR TIED.
MM INDICATES DATA IS MISSING.
T  INDICATES TRACE AMOUNT.

$$
