000
CXUS53 KDDC 021437
CLMGCK


CLIMATE REPORT
NATIONAL WEATHER SERVICE DODGE CITY KS
933 AM CDT SAT JUL 2 2016

...................................

...THE GARDEN CITY REGIONAL ARPT KS CLIMATE SUMMARY FOR THE MONTH OF JUNE 2016...

CLIMATE NORMAL PERIOD 1981 TO 2010
CLIMATE RECORD PERIOD 1948 TO 2016

WEATHER         OBSERVED          NORMAL  DEPART  LAST YEAR`S
                 VALUE   DATE(S)  VALUE   FROM    VALUE  DATE(S)
                                          NORMAL
................................................................
TEMPERATURE (F)
RECORD
 HIGH             110   06/08/1985
                        06/24/1953
 LOW               40   06/08/2007
                        06/06/1998
                        06/02/1969
HIGHEST            97   06/22        MM      MM       98  06/21
                        06/21                             06/20
LOWEST             47   06/05        MM      MM       55  06/01
AVG. MAXIMUM     90.3              86.0     4.3     89.4
AVG. MINIMUM     62.1              59.7     2.4     63.4
MEAN             76.2              72.8     3.4     76.4
DAYS MAX >= 90     17              10.8     6.2       15
DAYS MAX <= 32      0               0.0     0.0        0
DAYS MIN <= 32      0               0.0     0.0        0
DAYS MIN <= 0       0               0.0     0.0        0

PRECIPITATION (INCHES)
RECORD
 MAXIMUM        10.88   2014
 MINIMUM            T   1952
TOTALS           5.08              3.48    1.60     2.55
DAYS >= .01        10               9.5     0.5        5
DAYS >= .10         9               6.2     2.8        3
DAYS >= .50         4               2.3     1.7        2
DAYS >= 1.00        1               1.1    -0.1        1
GREATEST
 24 HR. TOTAL    1.98   06/13 TO 06/13           06/12 TO 06/12

DEGREE_DAYS
HEATING TOTAL       2                16     -14        0
 SINCE 7/1       4433              5207    -774     4961
COOLING TOTAL     346               252      94      346
 SINCE 1/1        405               341      64      376
...................................................

WIND (MPH)
AVERAGE WIND SPEED              11.0
HIGHEST WIND SPEED/DIRECTION    45/010    DATE  06/29
HIGHEST GUST SPEED/DIRECTION    61/360    DATE  06/29


WEATHER CONDITIONS. NUMBER OF DAYS WITH
THUNDERSTORM             11     MIXED PRECIP               0
HEAVY RAIN                8     RAIN                       6
LIGHT RAIN               11     FREEZING RAIN              0
LT FREEZING RAIN          0     HAIL                       0
HEAVY SNOW                0     SNOW                       0
LIGHT SNOW                0     SLEET                      0
FOG                      14     FOG W/VIS <= 1/4 MILE      2
HAZE                      2

-  INDICATES NEGATIVE NUMBERS.
R  INDICATES RECORD WAS SET OR TIED.
MM INDICATES DATA IS MISSING.
T  INDICATES TRACE AMOUNT.

$$
