000
CXUS51 KPHI 031234 CCA
CLMGED

CLIMATE REPORT
NATIONAL WEATHER SERVICE MOUNT HOLLY NJ
723 AM EST TUE MAR 3 2015

...................................

...THE GEORGETOWN CLIMATE SUMMARY FOR THE MONTH OF FEBRUARY 2015...

CLIMATE NORMAL PERIOD 1981 TO 2010
CLIMATE RECORD PERIOD 1948 TO 2015

WEATHER         OBSERVED          NORMAL  DEPART  LAST YEAR`S
                 VALUE   DATE(S)  VALUE   FROM    VALUE  DATE(S)
                                          NORMAL
................................................................
TEMPERATURE (F)
RECORD
 HIGH              76   02/01/2002
                        02/18/1976
                        02/25/1975
 LOW               -8   02/06/1996
                        02/11/1979
HIGHEST            62                MM      MM       71
LOWEST             -4                MM      MM       13
AVG. MAXIMUM     36.4              46.7   -10.3     44.5
AVG. MINIMUM     17.1              28.3   -11.2     27.2
MEAN             26.8              37.5   -10.7     35.9
DAYS MAX >= 90      0               0.0     0.0        0
DAYS MAX <= 32     10               1.3     8.7        3
DAYS MIN <= 32     27              20.7     6.3       21
DAYS MIN <= 0       2               0.0     2.0        0

PRECIPITATION (INCHES)
RECORD
 MAXIMUM           MM   MM
 MINIMUM           MM   MM
TOTALS           2.30              2.79   -0.49     4.14
DAILY AVG.       0.08              0.10   -0.02     0.15
DAYS >= .01        11               9.0     2.0       13
DAYS >= .10         7               5.1     1.9        6
DAYS >= .50         1               1.6    -0.6        3
DAYS >= 1.00        0               0.4    -0.4        1
GREATEST
 24 HR. TOTAL    0.75   02/01 TO 02/02              1.48

SNOWFALL (INCHES)
RECORDS
 TOTAL             MM   5
 24 HR TOTAL       MM
TOTALS             MM                MM      MM       MM
SINCE 7/1          MM                MM      MM       MM
SNOWDEPTH AVG.     MM                MM      MM       MM
DAYS >= 1.0         0                MM      MM        0
GREATEST
 SNOW DEPTH        MM                                 MM  MM
 24 HR TOTAL       MM                                 MM

DEGREE_DAYS
HEATING TOTAL    1062               770     292      809
 SINCE 7/1       3488              3280     208     3355
COOLING TOTAL       0                 0       0        0
 SINCE 1/1          0                 0       0        0
.................................................................

WIND (MPH)
AVERAGE WIND SPEED              7.7
HIGHEST WIND SPEED/DIRECTION    31/300    DATE  02/14
HIGHEST GUST SPEED/DIRECTION    48/300    DATE  02/15

SKY COVER
POSSIBLE SUNSHINE (PERCENT)   MM
AVERAGE SKY COVER           0.40
NUMBER OF DAYS FAIR           14
NUMBER OF DAYS PC             13
NUMBER OF DAYS CLOUDY          1

AVERAGE RH (PERCENT)     60

WEATHER CONDITIONS. NUMBER OF DAYS WITH
THUNDERSTORM              0     MIXED PRECIP               0
HEAVY RAIN                1     RAIN                       3
LIGHT RAIN                6     FREEZING RAIN              1
LT FREEZING RAIN          3     HEAVY SNOW                 0
SNOW                      2     LIGHT SNOW                10
SLEET                     0     FOG                       15
FOG W/VIS <= 1/4 MILE     2     HAZE                       6

-  INDICATES NEGATIVE NUMBERS.
R  INDICATES RECORD WAS SET OR TIED.
MM INDICATES DATA IS MISSING.
T  INDICATES TRACE AMOUNT.

$$
