000
CXUS51 KPHI 011137
CLMGED


CLIMATE REPORT
NATIONAL WEATHER SERVICE MOUNT HOLLY NJ
737 AM EDT TUE SEP 1 2015

...................................

...THE GEORGETOWN CLIMATE SUMMARY FOR THE MONTH OF AUGUST 2015...

CLIMATE NORMAL PERIOD 1981 TO 2010
CLIMATE RECORD PERIOD 1948 TO 2015

WEATHER         OBSERVED          NORMAL  DEPART  LAST YEAR`S
                 VALUE   DATE(S)  VALUE   FROM    VALUE  DATE(S)
                                          NORMAL
................................................................
TEMPERATURE (F)
RECORD
 HIGH             100   08/03/2006
                        08/13/2002
                        08/31/1953
 LOW               42   08/30/1986
                        08/29/1986
                        08/31/1976
HIGHEST            92                MM      MM       93
LOWEST             57                MM      MM       56
AVG. MAXIMUM     85.5              84.8     0.7     82.5
AVG. MINIMUM     64.6              66.4    -1.8     63.2
MEAN             75.0              75.6    -0.6     72.8
DAYS MAX >= 90      6               5.8     0.2        1
DAYS MAX <= 32      0               0.0     0.0        0
DAYS MIN <= 32      0               0.0     0.0        0
DAYS MIN <= 0       0               0.0     0.0        0

PRECIPITATION (INCHES)
RECORD
 MAXIMUM           MM   MM
 MINIMUM           MM   MM
TOTALS           2.32              3.53   -1.21     4.32
DAILY AVG.       0.07              0.11   -0.04     0.14
DAYS >= .01         8              12.4    -4.4        9
DAYS >= .10         6               5.1     0.9        5
DAYS >= .50         2               2.5    -0.5        3
DAYS >= 1.00        1               1.4    -0.4        3
GREATEST
 24 HR. TOTAL    1.03   08/10 TO 08/11              1.43

SNOWFALL (INCHES)
RECORDS
 TOTAL             MM   5
 24 HR TOTAL       MM
TOTALS             MM                MM      MM       MM
SINCE 7/1          MM                MM      MM       MM
SNOWDEPTH AVG.     MM                MM      MM       MM
DAYS >= 1.0         0                MM      MM        0
GREATEST
 SNOW DEPTH        MM                                 MM  MM
 24 HR TOTAL       MM                                 MM

DEGREE_DAYS
HEATING TOTAL       0                 1      -1        0
 SINCE 7/1          0                 1      -1        0
COOLING TOTAL     321               329      -8      252
 SINCE 1/1       1169              1029     140      951
.................................................................

WIND (MPH)
AVERAGE WIND SPEED              5.3
HIGHEST WIND SPEED/DIRECTION    21/160    DATE  08/20
HIGHEST GUST SPEED/DIRECTION    27/160    DATE  08/20

SKY COVER
POSSIBLE SUNSHINE (PERCENT)   MM
AVERAGE SKY COVER           0.20
NUMBER OF DAYS FAIR           24
NUMBER OF DAYS PC              5
NUMBER OF DAYS CLOUDY          2

AVERAGE RH (PERCENT)     71

WEATHER CONDITIONS. NUMBER OF DAYS WITH
THUNDERSTORM              0     MIXED PRECIP               0
HEAVY RAIN                4     RAIN                       5
LIGHT RAIN               10     FREEZING RAIN              0
LT FREEZING RAIN          0     HEAVY SNOW                 0
SNOW                      0     LIGHT SNOW                 0
SLEET                     0     FOG                       14
FOG W/VIS <= 1/4 MILE     1     HAZE                       2

-  INDICATES NEGATIVE NUMBERS.
R  INDICATES RECORD WAS SET OR TIED.
MM INDICATES DATA IS MISSING.
T  INDICATES TRACE AMOUNT.

$$
