000
CXUS56 KOTX 012312 CCA
CLMGEG

CLIMATE REPORT
NATIONAL WEATHER SERVICE SPOKANE, WA
451 AM PDT TUE AUG 1 2017

...................................

...THE SPOKANE WA AIRPORT CLIMATE SUMMARY FOR THE MONTH OF JULY 2017...

CLIMATE NORMAL PERIOD 1981 TO 2010
CLIMATE RECORD PERIOD 1881 TO 2017

WEATHER         OBSERVED          NORMAL  DEPART  LAST YEAR`S
                 VALUE   DATE(S)  VALUE   FROM    VALUE  DATE(S)
                                          NORMAL
................................................................
TEMPERATURE (F)
RECORD
 HIGH             108   07/26/1928
 LOW               37   07/08/1981
HIGHEST            99   07/07        MM      MM       97  07/29
LOWEST             52   07/21        MM      MM       47  07/05
                        07/17
AVG. MAXIMUM     88.5              83.3     5.2     81.0
AVG. MINIMUM     60.5              56.3     4.2     56.9
MEAN             74.5              69.8     4.7     69.0
DAYS MAX >= 90     14               7.2     6.8        7
DAYS MAX <= 32      0               0.0     0.0        0
DAYS MIN <= 32      0               0.0     0.0        0
DAYS MIN <= 0       0               0.0     0.0        0

PRECIPITATION (INCHES)
RECORD
 MAXIMUM         2.37   1909
 MINIMUM         0.00   1883
TOTALS              T              0.64   -0.64     0.27
DAILY AVG.          T              0.02   -0.02     0.01
DAYS >= .01         0               5.0    -5.0        5
DAYS >= .10         0               2.1    -2.1        1
DAYS >= .50         0               0.2    -0.2        0
DAYS >= 1.00        0               0.0     0.0        0
GREATEST
 24 HR. TOTAL       T   07/20 TO 07/20           07/09 TO 07/09
                        07/15 TO 07/15                    07/08 TO 07/09

SNOWFALL (INCHES)
RECORDS
 TOTAL              T   MM
TOTALS            0.0               0.0     0.0      0.0
SINCE 7/1         0.0               0.0     0.0      0.0
SNOWDEPTH AVG.      0                MM      MM        0
DAYS >= 1.0         0               0.0     0.0        0
GREATEST
 SNOW DEPTH         0   MM                             0  MM
 24 HR TOTAL      0.0   07/31 TO 07/31           07/31 TO 07/31

DEGREE_DAYS
HEATING TOTAL       0                32     -32       20
 SINCE 7/1          0                32     -32       20
COOLING TOTAL     303               180     123      152
 SINCE 1/1        424               243     181      278
..........................................................

WIND (MPH)
AVERAGE WIND SPEED              7.8
HIGHEST WIND SPEED/DIRECTION    28/240    DATE  07/20
HIGHEST GUST SPEED/DIRECTION    34/250    DATE  07/20

SKY COVER
POSSIBLE SUNSHINE (PERCENT)   MM
AVERAGE SKY COVER           0.30
NUMBER OF DAYS FAIR           23
NUMBER OF DAYS PC              8
NUMBER OF DAYS CLOUDY          0

AVERAGE RH (PERCENT)     36

WEATHER CONDITIONS. NUMBER OF DAYS WITH
THUNDERSTORM              2     MIXED PRECIP               0
HEAVY RAIN                0     RAIN                       0
LIGHT RAIN                1     FREEZING RAIN              0
LT FREEZING RAIN          0     HAIL                       0
HEAVY SNOW                0     SNOW                       0
LIGHT SNOW                0     SLEET                      0
FOG                       0     FOG W/VIS <= 1/4 MILE      0
HAZE                      0

-  INDICATES NEGATIVE NUMBERS.
R  INDICATES RECORD WAS SET OR TIED.
MM INDICATES DATA IS MISSING.
T  INDICATES TRACE AMOUNT.

$$

JULY 2017 WAS VERY DRY ALONG WITH WARMER THAN NORMAL TEMPERATURES
ACROSS NORTHEAST WASHINGTON AND THE NORTH IDAHO PANHANDLE.  WHILE
THERE WERE NO RECORD BREAKING HEAT SPELLS WITH JUST TWO DAYS OF
SPOKANE WARMING INTO THE UPPER 90S TO NEAR 100...SPOKANE REACHED 90
OR HIGHER ON 14 DAYS WITH THE JULY NORMAL ONLY AT 8 DAYS.  REGARDING
PRECIPITATION ONLY A TRACE FELL THE ENTIRE MONTH AT THE SPOKANE
AIRPORT.  A TRACE OR LESS FOR THE MONTH OF JULY HAS OCCURRED 15
TIMES SINCE RECORDS BEGAN IN 1881.  ONLY A COUPLE THUNDERSTORM DAYS
OCCURRED DURING THE MONTH.  THE FIRST WAS ON THE 10TH AS
THUNDERSTORMS TRACKED NEAR THE CANADIAN BORDER FROM LAUIER TO
NORTHPORT.  A LOCALIZED DOWNPOUR HIT BOUNDARY DAM WITH 0.55 INCHES
MAKING IT THE WETTEST STATION IN EASTERN WASHINGTON FOR THE MONTH.
ON THE 15TH AND 20TH SCATTERED DRY THUNDERSTORMS OCCURRED EARLY EACH
DAY RESULTING IN NEW FIRES.  MOST OF THESE WERE FIRES WERE
SMALL...EXCEPT THE NOISE CREEK FIRE NEAR SULLIVAN LAKE AND THE NORTH
HUGHES FIRE 14 MILES ENE OF METALINE FALLS.

SPOKANE AIRPORT TIED ONE RECORD DURING THE MONTH WHEN THE HIGH
TEMPERATURE REACHED 99 DEGREES ON THE 7TH.
