000
CXUS53 KIND 011610
CLMGEZ


CLIMATE REPORT
NATIONAL WEATHER SERVICE INDIANAPOLIS IN
1110 AM EST MON FEB 1 2016

...................................

...THE SHELBYVILLE IN CLIMATE SUMMARY FOR THE MONTH OF JANUARY 2016...

CLIMATE NORMAL PERIOD 1981 TO 2010
CLIMATE RECORD PERIOD 9999 TO 9999

WEATHER         OBSERVED          NORMAL  DEPART  LAST YEAR`S
                 VALUE   DATE(S)  VALUE   FROM    VALUE  DATE(S)
                                          NORMAL
................................................................
TEMPERATURE (F)
HIGHEST            62   01/30                         54  01/03
LOWEST              0   01/13                         -4  01/08
AVG. MAXIMUM     37.2              36.3     0.9     36.5
AVG. MINIMUM     20.9              21.1    -0.2     20.0
MEAN             28.9              28.7     0.2     28.2
DAYS MAX >= 90      0               0.0     0.0        0
DAYS MAX <= 32     10              10.8    -0.8       10
DAYS MIN <= 32     28              25.3     2.7       29
DAYS MIN <= 0       1               1.7    -0.7        3

PRECIPITATION (INCHES)
TOTALS           1.36              2.39   -1.03     1.92
DAILY AVG.       0.04              0.08   -0.04     0.06
DAYS >= .01        11                MM      MM       10
DAYS >= .10         5                MM      MM        5
DAYS >= .50         0                MM      MM        1
DAYS >= 1.00        0                MM      MM        1
GREATEST
 24 HR. TOTAL    0.70   01/09 TO 01/10

DEGREE_DAYS
HEATING TOTAL    1005              1125    -120     1131
 SINCE 7/1       2365              3229    -864     3212
COOLING TOTAL       0                 0       0        0
 SINCE 1/1          0                 0       0        0
.................................................................

WIND (MPH)
AVERAGE WIND SPEED              10.6
HIGHEST WIND SPEED/DIRECTION    32/270    DATE  01/12
HIGHEST GUST SPEED/DIRECTION    42/320    DATE  01/10

SKY COVER
POSSIBLE SUNSHINE (PERCENT)   MM
AVERAGE SKY COVER           0.50
NUMBER OF DAYS FAIR           11
NUMBER OF DAYS PC             11
NUMBER OF DAYS CLOUDY          9

AVERAGE RH (PERCENT)     70

WEATHER CONDITIONS. NUMBER OF DAYS WITH
THUNDERSTORM              0     MIXED PRECIP               0
HEAVY RAIN                1     RAIN                       2
LIGHT RAIN                8     FREEZING RAIN              0
LT FREEZING RAIN          1     HAIL                       0
HEAVY SNOW                1     SNOW                       2
LIGHT SNOW               10     SLEET                      0
FOG                      13     FOG W/VIS <= 1/4 MILE      1
HAZE                     10

-  INDICATES NEGATIVE NUMBERS.
R  INDICATES RECORD WAS SET OR TIED.
MM INDICATES DATA IS MISSING.
T  INDICATES TRACE AMOUNT.

$$
