000
CXUS53 KIND 011510
CLMGEZ


CLIMATE REPORT
NATIONAL WEATHER SERVICE INDIANAPOLIS IN
1110 AM EDT MON JUN 1 2015

...................................

...THE SHELBYVILLE IN CLIMATE SUMMARY FOR THE MONTH OF MAY 2015...

CLIMATE NORMAL PERIOD 1981 TO 2010
CLIMATE RECORD PERIOD 9999 TO 9999

WEATHER         OBSERVED          NORMAL  DEPART  LAST YEAR`S
                 VALUE   DATE(S)  VALUE   FROM    VALUE  DATE(S)
                                          NORMAL
................................................................
TEMPERATURE (F)
HIGHEST            90   05/07                         89  05/30
                                                          05/27
LOWEST             39   05/01                         40  05/18
AVG. MAXIMUM     79.3              73.3     6.0     77.0
AVG. MINIMUM     57.8              52.4     5.4     55.6
MEAN             68.5              62.9     5.6     66.3
DAYS MAX >= 90      1               0.2     0.8        0
DAYS MAX <= 32      0               0.0     0.0        0
DAYS MIN <= 32      0               0.1    -0.1        0
DAYS MIN <= 0       0               0.0     0.0        0

PRECIPITATION (INCHES)
TOTALS           2.49              5.28   -2.79     4.15
DAILY AVG.       0.08              0.17   -0.09     0.13
DAYS >= .01        10                MM      MM       10
DAYS >= .10         7                MM      MM        6
DAYS >= .50         0                MM      MM        4
DAYS >= 1.00        0                MM      MM        1
GREATEST
 24 HR. TOTAL    0.69   05/30 TO 05/31

DEGREE_DAYS
HEATING TOTAL      61               135     -74      103
 SINCE 7/1       5556              5395     161     5702
COOLING TOTAL     180                68     112      153
 SINCE 1/1        188                81     107      163
.................................................................

WIND (MPH)
AVERAGE WIND SPEED              9.6
HIGHEST WIND SPEED/DIRECTION    32/240    DATE  05/11
HIGHEST GUST SPEED/DIRECTION    40/260    DATE  05/11

SKY COVER
POSSIBLE SUNSHINE (PERCENT)   MM
AVERAGE SKY COVER           0.30
NUMBER OF DAYS FAIR           18
NUMBER OF DAYS PC             12
NUMBER OF DAYS CLOUDY          1

AVERAGE RH (PERCENT)     64

WEATHER CONDITIONS. NUMBER OF DAYS WITH
THUNDERSTORM              7     MIXED PRECIP               0
HEAVY RAIN                6     RAIN                       5
LIGHT RAIN               11     FREEZING RAIN              0
LT FREEZING RAIN          0     HAIL                       0
HEAVY SNOW                0     SNOW                       0
LIGHT SNOW                0     SLEET                      0
FOG                      12     FOG W/VIS <= 1/4 MILE      0
HAZE                      8

-  INDICATES NEGATIVE NUMBERS.
R  INDICATES RECORD WAS SET OR TIED.
MM INDICATES DATA IS MISSING.
T  INDICATES TRACE AMOUNT.

$$
