000
CXUS53 KIND 011518
CLMGEZ


CLIMATE REPORT
NATIONAL WEATHER SERVICE INDIANAPOLIS IN
1114 AM EDT MON SEP 1 2014

...................................

...THE SHELBYVILLE IN CLIMATE SUMMARY FOR THE MONTH OF AUGUST 2014...

CLIMATE NORMAL PERIOD 1981 TO 2010
CLIMATE RECORD PERIOD 9999 TO 9999

WEATHER         OBSERVED          NORMAL  DEPART  LAST YEAR`S
                 VALUE   DATE(S)  VALUE   FROM    VALUE  DATE(S)
                                          NORMAL
................................................................
TEMPERATURE (F)
HIGHEST            92   08/26                         97  08/31
                        08/25
LOWEST             46   08/15                         48  08/15
AVG. MAXIMUM     83.8              83.2     0.6     85.1
AVG. MINIMUM     64.2              61.5     2.7     61.3
MEAN             74.0              72.4     1.6     73.2
DAYS MAX >= 90      4               3.4     0.6        5
DAYS MAX <= 32      0               0.0     0.0        0
DAYS MIN <= 32      0               0.0     0.0        0
DAYS MIN <= 0       0               0.0     0.0        0

PRECIPITATION (INCHES)
TOTALS           2.49              3.39   -0.90     3.27
DAILY AVG.       0.08              0.11   -0.03     0.11
DAYS >= .01        13                MM      MM        5
DAYS >= .10         5                MM      MM        4
DAYS >= .50         1                MM      MM        2
DAYS >= 1.00        0                MM      MM        1
GREATEST
 24 HR. TOTAL    0.87   08/23 TO 08/23

DEGREE_DAYS
HEATING TOTAL       3                 5      -2        6
 SINCE 7/1          5                 6      -1        8
COOLING TOTAL     291               233      58      259
 SINCE 1/1        970               806     164      985
.................................................................

WIND (MPH)
AVERAGE WIND SPEED              4.9
HIGHEST WIND SPEED/DIRECTION    36/320    DATE  08/23
HIGHEST GUST SPEED/DIRECTION    45/330    DATE  08/23

SKY COVER
POSSIBLE SUNSHINE (PERCENT)   MM
AVERAGE SKY COVER           0.40
NUMBER OF DAYS FAIR           16
NUMBER OF DAYS PC             12
NUMBER OF DAYS CLOUDY          3

AVERAGE RH (PERCENT)     73

WEATHER CONDITIONS. NUMBER OF DAYS WITH
THUNDERSTORM              8     MIXED PRECIP               0
HEAVY RAIN                5     RAIN                       3
LIGHT RAIN               18     FREEZING RAIN              0
LT FREEZING RAIN          0     HAIL                       0
HEAVY SNOW                0     SNOW                       0
LIGHT SNOW                0     SLEET                      0
FOG                      27     FOG W/VIS <= 1/4 MILE      7
HAZE                     21

-  INDICATES NEGATIVE NUMBERS.
R  INDICATES RECORD WAS SET OR TIED.
MM INDICATES DATA IS MISSING.
T  INDICATES TRACE AMOUNT.

$$
