000
CXUS53 KIND 011617
CLMGEZ


CLIMATE REPORT
NATIONAL WEATHER SERVICE INDIANAPOLIS IN
1111 AM EST SUN MAR 1 2015

...................................

...THE SHELBYVILLE IN CLIMATE SUMMARY FOR THE MONTH OF FEBRUARY 2015...

CLIMATE NORMAL PERIOD 1981 TO 2010
CLIMATE RECORD PERIOD 9999 TO 9999

WEATHER         OBSERVED          NORMAL  DEPART  LAST YEAR`S
                 VALUE   DATE(S)  VALUE   FROM    VALUE  DATE(S)
                                          NORMAL
................................................................
TEMPERATURE (F)
HIGHEST            58   02/08                         63  02/20
LOWEST            -15   02/24                        -10  02/11
AVG. MAXIMUM     31.3              39.8    -8.5     33.0
AVG. MINIMUM     10.5              23.5   -13.0     15.6
MEAN             20.9              31.7   -10.8     24.3
DAYS MAX >= 90      0               0.0     0.0        0
DAYS MAX <= 32     15               6.0     9.0       15
DAYS MIN <= 32     26              22.5     3.5       23
DAYS MIN <= 0       7               1.1     5.9        4

PRECIPITATION (INCHES)
TOTALS           1.10              2.36   -1.26     1.85
DAILY AVG.       0.04              0.08   -0.04     0.07
DAYS >= .01         8                MM      MM       10
DAYS >= .10         3                MM      MM        6
DAYS >= .50         0                MM      MM        0
DAYS >= 1.00        0                MM      MM        0
GREATEST
 24 HR. TOTAL    0.46   02/20 TO 02/21

DEGREE_DAYS
HEATING TOTAL    1229               934     295     1132
 SINCE 7/1       4441              4163     278     4498
COOLING TOTAL       0                 0       0        0
 SINCE 1/1          0                 0       0        0
.................................................................

WIND (MPH)
AVERAGE WIND SPEED              9.8
HIGHEST WIND SPEED/DIRECTION    39/300    DATE  02/14
HIGHEST GUST SPEED/DIRECTION    47/300    DATE  02/14

SKY COVER
POSSIBLE SUNSHINE (PERCENT)   MM
AVERAGE SKY COVER           0.50
NUMBER OF DAYS FAIR           10
NUMBER OF DAYS PC             10
NUMBER OF DAYS CLOUDY          8

AVERAGE RH (PERCENT)     67

WEATHER CONDITIONS. NUMBER OF DAYS WITH
THUNDERSTORM              0     MIXED PRECIP               0
HEAVY RAIN                0     RAIN                       1
LIGHT RAIN                2     FREEZING RAIN              0
LT FREEZING RAIN          2     HAIL                       0
HEAVY SNOW                0     SNOW                       2
LIGHT SNOW               11     SLEET                      0
FOG                      13     FOG W/VIS <= 1/4 MILE      2
HAZE                     14

-  INDICATES NEGATIVE NUMBERS.
R  INDICATES RECORD WAS SET OR TIED.
MM INDICATES DATA IS MISSING.
T  INDICATES TRACE AMOUNT.

$$
