000
CXUS53 KIND 011607
CLMGEZ


CLIMATE REPORT
NATIONAL WEATHER SERVICE INDIANAPOLIS IN
1107 AM EST MON DEC 1 2014

...................................

...THE SHELBYVILLE IN CLIMATE SUMMARY FOR THE MONTH OF NOVEMBER 2014...

CLIMATE NORMAL PERIOD 1981 TO 2010
CLIMATE RECORD PERIOD 9999 TO 9999

WEATHER         OBSERVED          NORMAL  DEPART  LAST YEAR`S
                 VALUE   DATE(S)  VALUE   FROM    VALUE  DATE(S)
                                          NORMAL
................................................................
TEMPERATURE (F)
HIGHEST            67   11/03                         67  11/17
LOWEST             10   11/21                         15  11/24
AVG. MAXIMUM     45.8              53.1    -7.3     49.5
AVG. MINIMUM     29.5              34.3    -4.8     31.9
MEAN             37.7              43.7    -6.0     40.7
DAYS MAX >= 90      0               0.0     0.0        0
DAYS MAX <= 32      4               0.4     3.6        2
DAYS MIN <= 32     18              12.7     5.3       16
DAYS MIN <= 0       0               0.0     0.0        0

PRECIPITATION (INCHES)
TOTALS           3.56              3.73   -0.17     1.52
DAILY AVG.       0.12              0.12    0.00     0.05
DAYS >= .01         9                MM      MM        8
DAYS >= .10         6                MM      MM        3
DAYS >= .50         2                MM      MM        1
DAYS >= 1.00        2                MM      MM        0
GREATEST
 24 HR. TOTAL    2.65   11/23 TO 11/24

DEGREE_DAYS
HEATING TOTAL     813               640     173      721
 SINCE 7/1       1184              1075     109     1066
COOLING TOTAL       0                 0       0        0
 SINCE 1/1       1080               913     167     1179
.................................................................

WIND (MPH)
AVERAGE WIND SPEED              10.7
HIGHEST WIND SPEED/DIRECTION    41/230    DATE  11/24
HIGHEST GUST SPEED/DIRECTION    52/240    DATE  11/24

SKY COVER
POSSIBLE SUNSHINE (PERCENT)   MM
AVERAGE SKY COVER           0.60
NUMBER OF DAYS FAIR            8
NUMBER OF DAYS PC             13
NUMBER OF DAYS CLOUDY          9

AVERAGE RH (PERCENT)     67

WEATHER CONDITIONS. NUMBER OF DAYS WITH
THUNDERSTORM              1     MIXED PRECIP               0
HEAVY RAIN                2     RAIN                       5
LIGHT RAIN                8     FREEZING RAIN              0
LT FREEZING RAIN          0     HAIL                       0
HEAVY SNOW                0     SNOW                       1
LIGHT SNOW                7     SLEET                      0
FOG                      10     FOG W/VIS <= 1/4 MILE      2
HAZE                      9

-  INDICATES NEGATIVE NUMBERS.
R  INDICATES RECORD WAS SET OR TIED.
MM INDICATES DATA IS MISSING.
T  INDICATES TRACE AMOUNT.

$$
