988
CXUS53 KFGF 011114
CLMGFK

BISCLMGFK 000
TTAA00 KFGF 011100


CLIMATE REPORT
NATIONAL WEATHER SERVICE EASTERN NORTH DAKOTA/GRAND FORKS
558 AM CDT FRI JUL 1 2016

...................................

...THE GRAND FORKS CLIMATE SUMMARY FOR THE MONTH OF JUNE 2016...

CLIMATE NORMAL PERIOD 1981 TO 2010
CLIMATE RECORD PERIOD 1941 TO 2016

WEATHER         OBSERVED          NORMAL  DEPART  LAST YEAR`S
                 VALUE   DATE(S)  VALUE   FROM    VALUE  DATE(S)
                                          NORMAL
................................................................
TEMPERATURE (F)
RECORD
 HIGH             100   06/17/1995
                        06/28/1970
                        06/06/1959
 LOW               30   06/20/1969
                        06/06/1953
HIGHEST            88   06/10        77      11       86  06/26
                        06/09
LOWEST             42   06/02        53     -11       41  06/16
AVG. MAXIMUM     77.0              76.1     0.9     77.0
AVG. MINIMUM     54.1              52.0     2.1     53.0
MEAN             65.5              64.0     1.5     65.0
DAYS MAX >= 90      0               1.8    -1.8        0
DAYS MAX <= 32      0               0.0     0.0        0
DAYS MIN <= 32      0               0.1    -0.1        0
DAYS MIN <= 0       0               0.0     0.0        0

PRECIPITATION (INCHES)
RECORD
 MAXIMUM         7.88   1964
 MINIMUM         0.68   2004
TOTALS           3.30              3.48   -0.18     2.51
DAILY AVG.       0.11              0.12   -0.01     0.08
DAYS >= .01        11              11.6    -0.6       13
DAYS >= .10         7               6.2     0.8       10
DAYS >= .50         3               2.2     0.8        1
DAYS >= 1.00        0               0.9    -0.9        0
GREATEST
 24 HR. TOTAL    1.48   05/31 TO 06/01

SNOWFALL (INCHES)
RECORDS
 TOTAL              T   2010
TOTALS            0.0               0.0     0.0      0.0
SINCE 7/1        28.4              47.4   -19.0     17.0
SNOWDEPTH AVG.      0                MM      MM        0
DAYS >= 1.0         0               0.0     0.0        0
GREATEST
 SNOW DEPTH         0   MM                             0  MM
 24 HR TOTAL      0.0   06/30 TO 06/30

DEGREE_DAYS
HEATING TOTAL      54               103     -49       58
 SINCE 7/1       7867              9515   -1648     9006
COOLING TOTAL      78                75       3       65
 SINCE 1/1        100                92       8       71
.................................................................

WIND (MPH)
AVERAGE WIND SPEED              10.4
HIGHEST WIND SPEED/DIRECTION    39/130    DATE  06/12
HIGHEST GUST SPEED/DIRECTION    46/130    DATE  06/12

SKY COVER
POSSIBLE SUNSHINE (PERCENT)   MM
AVERAGE SKY COVER           0.50
NUMBER OF DAYS FAIR           11
NUMBER OF DAYS PC             16
NUMBER OF DAYS CLOUDY          3

AVERAGE RH (PERCENT)     68

WEATHER CONDITIONS. NUMBER OF DAYS WITH
THUNDERSTORM              0     MIXED PRECIP               0
HEAVY RAIN                4     RAIN                       6
LIGHT RAIN               13     FREEZING RAIN              0
LT FREEZING RAIN          0     HAIL                       0
HEAVY SNOW                0     SNOW                       0
LIGHT SNOW                0     SLEET                      0
FOG                      13     FOG W/VIS <= 1/4 MILE      2
HAZE                      0

-  INDICATES NEGATIVE NUMBERS.
R  INDICATES RECORD WAS SET OR TIED.
MM INDICATES DATA IS MISSING.
T  INDICATES TRACE AMOUNT.

&&

JUNE 2016 WAS ON THE WARM SIDE OF NORMAL AT THE GRAND FORKS AIRPORT.
THE AVERAGE TEMPERATURE WAS 65.5F WHICH IS 1.5 DEGREES ABOVE THE
NORMAL 64.0F. THE 3.30 INCHES OF RAIN WAS 0.18 INCHES SHY OF THE
NORMAL...AVERAGE...JUNE RAINFALL OF 3.48 INCHES. THERE WERE NO
TEMPERATURE OR PRECIPITATION RECORDS SET THIS MONTH.

REMEMBER...THIS DATA IS PROVISIONAL AND IS SUBJECT TO CHANGE. THE
FINAL AND OFFICIAL RECORDS WILL BE AVAILABLE FROM THE NATIONAL
CENTERS FOR ENVIRONMENTAL INFORMATION (FORMERLY THE NATIONAL
CLIMATIC DATA CENTER).


$$
