000
CXUS53 KFGF 011522
CLMGFK

BISCLMGFK 000
TTAA00 KFGF 011359


CLIMATE REPORT
NATIONAL WEATHER SERVICE EASTERN NORTH DAKOTA/GRAND FORKS
1020 AM CDT WED JUL 1 2015

...................................

...THE GRAND FORKS CLIMATE SUMMARY FOR THE MONTH OF JUNE 2015...

CLIMATE NORMAL PERIOD 1981 TO 2010
CLIMATE RECORD PERIOD 1941 TO 2015

WEATHER         OBSERVED          NORMAL  DEPART  LAST YEAR`S
                 VALUE   DATE(S)  VALUE   FROM    VALUE  DATE(S)
                                          NORMAL
................................................................
TEMPERATURE (F)
RECORD
 HIGH             100   06/17/1995
                        06/28/1970
                        06/06/1959
 LOW               30   06/20/1969
                        06/06/1953
HIGHEST            86   06/26        77       9       88  06/21
LOWEST             41   06/16        53     -12       44  06/08
AVG. MAXIMUM     77.0              76.1     0.9     75.0
AVG. MINIMUM     53.0              52.0     1.0     55.7
MEAN             65.0              64.0     1.0     65.3
DAYS MAX >= 90      0               1.8    -1.8        0
DAYS MAX <= 32      0               0.0     0.0        0
DAYS MIN <= 32      0               0.1    -0.1        0
DAYS MIN <= 0       0               0.0     0.0        0

PRECIPITATION (INCHES)
RECORD
 MAXIMUM         7.88   1964
 MINIMUM         0.68   2004
TOTALS           2.51              3.48   -0.97     6.50
DAILY AVG.       0.08              0.12   -0.04     0.22
DAYS >= .01        13              11.6     1.4       14
DAYS >= .10        10               6.2     3.8       10
DAYS >= .50         1               2.2    -1.2        5
DAYS >= 1.00        0               0.9    -0.9        2
GREATEST
 24 HR. TOTAL    0.70   06/01 TO 06/02

SNOWFALL (INCHES)
RECORDS
 TOTAL              T   1935
TOTALS            0.0               0.0     0.0      0.0
SINCE 7/1        17.0              47.4   -30.4     60.3
SNOWDEPTH AVG.      0                MM      MM        0
DAYS >= 1.0         0               0.0     0.0        0
GREATEST
 SNOW DEPTH         0   MM                             0  MM
 24 HR TOTAL      0.0   06/30 TO 06/30

DEGREE_DAYS
HEATING TOTAL      58               103     -45       46
 SINCE 7/1       9006              9515    -509    10587
COOLING TOTAL      65                75     -10       64
 SINCE 1/1         71                92     -21      117
.................................................................

WIND (MPH)
AVERAGE WIND SPEED              7.8
HIGHEST WIND SPEED/DIRECTION    30/160    DATE  06/01
HIGHEST GUST SPEED/DIRECTION    39/150    DATE  06/01

SKY COVER
POSSIBLE SUNSHINE (PERCENT)   MM
AVERAGE SKY COVER           0.60
NUMBER OF DAYS FAIR            7
NUMBER OF DAYS PC             18
NUMBER OF DAYS CLOUDY          5

AVERAGE RH (PERCENT)     71

WEATHER CONDITIONS. NUMBER OF DAYS WITH
THUNDERSTORM              0     MIXED PRECIP               0
HEAVY RAIN                3     RAIN                       9
LIGHT RAIN               17     FREEZING RAIN              0
LT FREEZING RAIN          0     HAIL                       0
HEAVY SNOW                0     SNOW                       0
LIGHT SNOW                0     SLEET                      0
FOG                      17     FOG W/VIS <= 1/4 MILE      3
HAZE                      1

-  INDICATES NEGATIVE NUMBERS.
R  INDICATES RECORD WAS SET OR TIED.
MM INDICATES DATA IS MISSING.
T  INDICATES TRACE AMOUNT.

&&

THE MONTH OF JUNE 2015 AT THE GRAND FORKS INTERNATIONAL AIRPORT WAS
SLIGHTLY WARMER THAN NORMAL WITH AN AVERAGE TEMPERATURE OF 65.0
DEGREES...WHICH IS 1.0 DEGREES ABOVE NORMAL. IT WAS ALSO DRIER THAN
NORMAL WITH RAINFALL FOR THE MONTH OF 2.51 INCHES...WHICH IS 0.97
INCHES BELOW NORMAL.

REMEMBER...THIS DATA IS PROVISIONAL AND SUBJECT TO CHANGE. THE FINAL
AND OFFICIAL RECORDS WILL BE AVAILABLE FROM THE NATIONAL CENTERS FOR
ENVIRONMENTAL INFORMATION (FORMERLY THE NATIONAL CLIMATE DATA
CENTER).

$$
