000
CXUS53 KFGF 010956
CLMGFK

CLIMATE REPORT
NATIONAL WEATHER SERVICE EASTERN NORTH DAKOTA/GRAND FORKS
456 AM CDT SAT JUL 1 2017

...................................

...THE GRAND FORKS CLIMATE SUMMARY FOR THE MONTH OF JUNE 2017...

CLIMATE NORMAL PERIOD 1981 TO 2010
CLIMATE RECORD PERIOD 1948 TO 2017

WEATHER         OBSERVED          NORMAL  DEPART  LAST YEAR`S
                 VALUE   DATE(S)  VALUE   FROM    VALUE  DATE(S)
                                          NORMAL
................................................................
TEMPERATURE (F)
RECORD
 HIGH             100   06/17/1995
                        06/28/1970
                        06/06/1959
 LOW               30   06/20/1969
                        06/06/1953
HIGHEST            96   06/02        77      19       88  06/10
                                                          06/09
LOWEST             41   06/25        53     -12       42  06/02
AVG. MAXIMUM     78.8              76.1     2.7     77.0
AVG. MINIMUM     54.3              52.0     2.3     54.1
MEAN             66.5              64.0     2.5     65.5
DAYS MAX >= 90      2               1.8     0.2        0
DAYS MAX <= 32      0               0.0     0.0        0
DAYS MIN <= 32      0               0.1    -0.1        0
DAYS MIN <= 0       0               0.0     0.0        0

PRECIPITATION (INCHES)
RECORD
 MAXIMUM         7.88   1964
 MINIMUM         0.68   2004
TOTALS           4.57              3.48    1.09     3.30
DAILY AVG.       0.15              0.12    0.03     0.11
DAYS >= .01        12              11.6     0.4       11
DAYS >= .10         5               6.2    -1.2        7
DAYS >= .50         2               2.2    -0.2        3
DAYS >= 1.00        1               0.9     0.1        0
GREATEST
 24 HR. TOTAL    3.21   06/28 TO 06/28
                        06/27 TO 06/28
                        06/28 TO 06/28

SNOWFALL (INCHES)
RECORDS
 TOTAL              T   2010
TOTALS            0.0               0.0     0.0      0.0
SINCE 7/1        44.1              47.4    -3.3     28.4
SNOWDEPTH AVG.      0                MM      MM        0
DAYS >= 1.0         0               0.0     0.0        0
GREATEST
 SNOW DEPTH         0   MM                             0  MM
 24 HR TOTAL      0.0   06/30 TO 06/30

DEGREE_DAYS
HEATING TOTAL      45               103     -58       54
 SINCE 7/1       8059              9515   -1456     7867
COOLING TOTAL      98                75      23       78
 SINCE 1/1        100                92       8      100
.................................................................

WIND (MPH)
AVERAGE WIND SPEED              10.7
HIGHEST WIND SPEED/DIRECTION    56/110    DATE  06/13
HIGHEST GUST SPEED/DIRECTION    70/110    DATE  06/13

SKY COVER
POSSIBLE SUNSHINE (PERCENT)   MM
AVERAGE SKY COVER           0.50
NUMBER OF DAYS FAIR            8
NUMBER OF DAYS PC             17
NUMBER OF DAYS CLOUDY          5

AVERAGE RH (PERCENT)     66

WEATHER CONDITIONS. NUMBER OF DAYS WITH
THUNDERSTORM              0     MIXED PRECIP               0
HEAVY RAIN                3     RAIN                       5
LIGHT RAIN               12     FREEZING RAIN              0
LT FREEZING RAIN          0     HAIL                       0
HEAVY SNOW                0     SNOW                       0
LIGHT SNOW                0     SLEET                      0
FOG                      10     FOG W/VIS <= 1/4 MILE      1
HAZE                      1

-  INDICATES NEGATIVE NUMBERS.
R  INDICATES RECORD WAS SET OR TIED.
MM INDICATES DATA IS MISSING.
T  INDICATES TRACE AMOUNT.

&&

REMARKS...

THE MONTH OF JUNE WAS SLIGHTLY ABOVE NORMAL WITH RESPECT TO
TEMPERATURES. THE AVERAGE TEMPERATURE FOR JUNE WAS 66.5 DEGREES
WHICH IS 2.5 DEGREES ABOVE NORMAL.

PRECIPITATION FOR JUNE WAS SLIGHTLY ABOVE NORMAL.  THE TOTAL
RAINFALL WAS 4.57 INCHES WHICH IS 1.09 INCHES ABOVE NORMAL.

A RECORD LOW MAXIMUM TEMPERATURE WAS SET ON JUNE 24TH. A RECORD
DAILY MAXIMUM RAINFALL WAS SET ON JUNE 28TH.

REMEMBER...THIS DATA IS PROVISIONAL AND SUBJECT TO CHANGE. THE FINAL
AND OFFICIAL RECORDS WILL BE AVAILABLE FROM THE NATIONAL CENTERS FOR
ENVIRONMENTAL INFORMATION (FORMERLY THE NATIONAL CLIMATE DATA
CENTER).

$$
