000
CXUS53 KFGF 101922
CLMGFK

CLIMATE REPORT...CORRECTED
NATIONAL WEATHER SERVICE EASTERN NORTH DAKOTA/GRAND FORKS
404 AM CDT SAT AUG 1 2015

...................................

...THE GRAND FORKS CLIMATE SUMMARY FOR THE MONTH OF JULY 2015...

CLIMATE NORMAL PERIOD 1981 TO 2010
CLIMATE RECORD PERIOD 1941 TO 2015

WEATHER         OBSERVED          NORMAL  DEPART  LAST YEAR`S
                 VALUE   DATE(S)  VALUE   FROM    VALUE  DATE(S)
                                          NORMAL
................................................................
TEMPERATURE (F)
RECORD
 HIGH             104   07/05/1988
 LOW               30   07/03/1972
HIGHEST            90   07/12        81       9       92  07/20
                                                          07/05
LOWEST             43   07/07        57     -14       46  07/02
AVG. MAXIMUM     81.9              81.0     0.9     78.9
AVG. MINIMUM     59.3              56.3     3.0     55.9
MEAN             70.6              68.6     2.0     67.4
DAYS MAX >= 90      1               2.8    -1.8        3
DAYS MAX <= 32      0               0.0     0.0        0
DAYS MIN <= 32      0               0.0     0.0        0
DAYS MIN <= 0       0               0.0     0.0        0

PRECIPITATION (INCHES)
RECORD
 MAXIMUM         9.08   1995
 MINIMUM         0.49   1989
TOTALS           5.10              3.15    1.95     3.70
DAILY AVG.       0.16              0.10    0.06     0.12
DAYS >= .01        10              10.5    -0.5        8
DAYS >= .10         8               5.6     2.4        3
DAYS >= .50         4               1.8     2.2        2
DAYS >= 1.00        2               0.7     1.3        1
GREATEST
 24 HR. TOTAL    1.36   07/14 TO 07/14

SNOWFALL (INCHES)
RECORDS
 TOTAL             MM   MM
TOTALS            0.0               0.0     0.0      0.0
SINCE 7/1         0.0               0.0     0.0      0.0
SNOWDEPTH AVG.      0                MM      MM        0
DAYS >= 1.0         0               0.0     0.0        0
GREATEST
 SNOW DEPTH         0   MM                             0  MM
 24 HR TOTAL      0.0   07/31 TO 07/31

DEGREE_DAYS
HEATING TOTAL      14                28     -14       29
 SINCE 7/1         14                28     -14       29
COOLING TOTAL     195               141      54      111
 SINCE 1/1        266               233      33      231
.................................................................

WIND (MPH)
AVERAGE WIND SPEED              8.9
HIGHEST WIND SPEED/DIRECTION    54/300    DATE  07/12
HIGHEST GUST SPEED/DIRECTION    64/300    DATE  07/12

SKY COVER
POSSIBLE SUNSHINE (PERCENT)   MM
AVERAGE SKY COVER           0.40
NUMBER OF DAYS FAIR           10
NUMBER OF DAYS PC             19
NUMBER OF DAYS CLOUDY          2

AVERAGE RH (PERCENT)     72

WEATHER CONDITIONS. NUMBER OF DAYS WITH
THUNDERSTORM              0     MIXED PRECIP               0
HEAVY RAIN                5     RAIN                       4
LIGHT RAIN               13     FREEZING RAIN              0
LT FREEZING RAIN          0     HAIL                       0
HEAVY SNOW                0     SNOW                       0
LIGHT SNOW                0     SLEET                      0
FOG                      19     FOG W/VIS <= 1/4 MILE      4
HAZE                      6

-  INDICATES NEGATIVE NUMBERS.
R  INDICATES RECORD WAS SET OR TIED.
MM INDICATES DATA IS MISSING.
T  INDICATES TRACE AMOUNT.

&&

THE MONTH OF JULY 2015 AT THE GRAND FORKS INTERNATIONAL AIRPORT
WAS SLIGHTLY WARMER THAN NORMAL WITH AN AVERAGE TEMPERATURE OF 70.6
DEGREES...WHICH IS 2.0 DEGREES ABOVE NORMAL. IT WAS ALSO WETTER THAN
NORMAL WITH RAINFALL FOR THE MONTH OF 5.10 INCHES...WHICH IS 1.95
INCHES ABOVE NORMAL.

REMEMBER...THIS DATA IS PROVISIONAL AND SUBJECT TO CHANGE. THE FINAL
AND OFFICIAL RECORDS WILL BE AVAILABLE FROM THE NATIONAL CENTERS FOR
ENVIRONMENTAL INFORMATION (FORMERLY THE NATIONAL CLIMATE DATA
CENTER).

$$
