000
CXUS51 KALY 010854
CLMGFL


CLIMATE REPORT
NATIONAL WEATHER SERVICE ALBANY NY
449 AM EDT TUE AUG 1 2017

...................................

...THE GLENS FALLS NY CLIMATE SUMMARY FOR THE MONTH OF JULY 2017...

CLIMATE NORMAL PERIOD 1981 TO 2010
CLIMATE RECORD PERIOD 1949 TO 2017

WEATHER         OBSERVED          NORMAL  DEPART  LAST YEAR`S
                 VALUE   DATE(S)  VALUE   FROM    VALUE  DATE(S)
                                          NORMAL
................................................................
TEMPERATURE (F)
HIGHEST            87   07/21                         93  07/22
                        07/19
LOWEST             48   07/30                         49  07/03
AVG. MAXIMUM     78.9              80.9    -2.0     83.8
AVG. MINIMUM     57.8              56.7     1.1     59.6
MEAN             68.4              68.8    -0.4     71.7
DAYS MAX >= 90      0               2.1    -2.1        5
DAYS MAX <= 32      0               0.0     0.0        0
DAYS MIN <= 32      0               0.0     0.0        0
DAYS MIN <= 0       0               0.0     0.0        0

PRECIPITATION (INCHES)
RECORD
 MAXIMUM         8.31   1994
 MINIMUM         0.84   1993
TOTALS           5.54              4.09    1.45     3.73
DAILY AVG.       0.18              0.13    0.05     0.12
DAYS >= .01        13              11.0     2.0       10
DAYS >= .10         5               6.8    -1.8        7
DAYS >= .50         4               2.9     1.1        3
DAYS >= 1.00        1               1.2    -0.2        1
GREATEST
 24 HR. TOTAL    3.30   07/01 TO 07/01

DEGREE_DAYS
HEATING TOTAL      12                21      -9        0
 SINCE 7/1         12                21      -9        0
COOLING TOTAL     124               139     -15      215
 SINCE 1/1        233               220      13      374

FREEZE DATES
RECORD
 EARLIEST     08/29/1982
 LATEST       06/01/2009
EARLIEST                        09/29
LATEST                          05/13
.................................................................

WIND (MPH)
AVERAGE WIND SPEED              4.4
HIGHEST WIND SPEED/DIRECTION    23/340    DATE  07/17
HIGHEST GUST SPEED/DIRECTION    31/320    DATE  07/01

SKY COVER
AVERAGE SKY COVER           0.40

AVERAGE RH (PERCENT)     76

WEATHER CONDITIONS. NUMBER OF DAYS WITH
THUNDERSTORM              0     MIXED PRECIP               0
HEAVY RAIN                4     RAIN                       5
LIGHT RAIN               13     FREEZING RAIN              0
LT FREEZING RAIN          0     HAIL                       0
HEAVY SNOW                0     SNOW                       0
LIGHT SNOW                0     SLEET                      0
FOG                      28     FOG W/VIS <= 1/4 MILE     11
HAZE                      7

-  INDICATES NEGATIVE NUMBERS.
R  INDICATES RECORD WAS SET OR TIED.
MM INDICATES DATA IS MISSING.
T  INDICATES TRACE AMOUNT.

$$
