000
CXUS51 KALY 010638
CLMGFL


CLIMATE REPORT
NATIONAL WEATHER SERVICE ALBANY NY
234 AM EDT FRI AUG 1 2014

...................................

...THE GLENS FALLS NY CLIMATE SUMMARY FOR THE MONTH OF JULY 2014...

CLIMATE NORMAL PERIOD 1981 TO 2010
CLIMATE RECORD PERIOD 1949 TO 2014

WEATHER         OBSERVED          NORMAL  DEPART  LAST YEAR`S
                 VALUE   DATE(S)  VALUE   FROM    VALUE  DATE(S)
                                          NORMAL
................................................................
TEMPERATURE (F)
HIGHEST            91   07/02                         94  07/19
                                                          07/18
LOWEST             50   07/18                         48  07/25
AVG. MAXIMUM     80.8              80.9    -0.1     83.5
AVG. MINIMUM     58.8              56.7     2.1     62.5
MEAN             69.8              68.8     1.0     73.0
DAYS MAX >= 90      2               2.1    -0.1        6
DAYS MAX <= 32      0               0.0     0.0        0
DAYS MIN <= 32      0               0.0     0.0        0
DAYS MIN <= 0       0               0.0     0.0        0

PRECIPITATION (INCHES)
RECORD
 MAXIMUM         8.31   1994
 MINIMUM         0.84   1993
TOTALS           5.70              4.09    1.61     4.73
DAILY AVG.       0.18              0.13    0.05     0.15
DAYS >= .01        15              11.0     4.0       14
DAYS >= .10         9               6.8     2.2        8
DAYS >= .50         4               2.9     1.1        3
DAYS >= 1.00        2               1.2     0.8        1
GREATEST
 24 HR. TOTAL    2.11   07/02 TO 07/03

DEGREE_DAYS
HEATING TOTAL       1                21     -20        5
 SINCE 7/1          1                21     -20        5
COOLING TOTAL     159               139      20      263
 SINCE 1/1        253               220      33      396

FREEZE DATES
RECORD
 EARLIEST     08/29/1982
 LATEST       06/01/2009
EARLIEST                        09/29
LATEST                          05/13
.................................................................

WIND (MPH)
AVERAGE WIND SPEED              5.2
HIGHEST WIND SPEED/DIRECTION    37/310    DATE  07/03
HIGHEST GUST SPEED/DIRECTION    49/300    DATE  07/03

SKY COVER
AVERAGE SKY COVER           0.30

AVERAGE RH (PERCENT)     73

WEATHER CONDITIONS. NUMBER OF DAYS WITH
THUNDERSTORM             10     MIXED PRECIP               0
HEAVY RAIN                6     RAIN                       8
LIGHT RAIN               16     FREEZING RAIN              0
LT FREEZING RAIN          0     HAIL                       0
HEAVY SNOW                0     SNOW                       0
LIGHT SNOW                0     SLEET                      0
FOG                      25     FOG W/VIS <= 1/4 MILE      6
HAZE                      3

-  INDICATES NEGATIVE NUMBERS.
R  INDICATES RECORD WAS SET OR TIED.
MM INDICATES DATA IS MISSING.
T  INDICATES TRACE AMOUNT.

$$
