000
CXUS55 KGJT 011138
CLMGJT


CLIMATE REPORT
NATIONAL WEATHER SERVICE GRAND JUNCTION CO
442 AM MDT FRI JUL 1 2016

...................................

...THE GRAND JUNCTION CO CLIMATE SUMMARY FOR THE MONTH OF JUNE 2016...

CLIMATE NORMAL PERIOD 1981 TO 2010
CLIMATE RECORD PERIOD 1893 TO 2016

WEATHER         OBSERVED          NORMAL  DEPART  LAST YEAR`S
                 VALUE   DATE(S)  VALUE   FROM    VALUE  DATE(S)
                                          NORMAL
................................................................
TEMPERATURE (F)
RECORD
 HIGH             105   06/27/1990
 LOW               34   06/14/1976
HIGHEST           104   06/21        91      13      101  06/30
                                                          06/21
LOWEST             48   06/01        51      -3       48  06/08
                                                          06/07
                                                          06/04
AVG. MAXIMUM     92.6              87.6     5.0     89.4
AVG. MINIMUM     60.2              56.3     3.9     58.7
MEAN             76.4              72.0     4.4     74.0
DAYS MAX >= 90     23              13.4     9.6       17
DAYS MAX <= 32      0               0.0     0.0        0
DAYS MIN <= 32      0               0.0     0.0        0
DAYS MIN <= 0       0               0.0     0.0        0

PRECIPITATION (INCHES)
RECORD
 MAXIMUM         2.07   1969
 MINIMUM            T   2001
                        1980
                        1961
TOTALS           0.13              0.46   -0.33     1.19
DAILY AVG.       0.00              0.02   -0.02     0.04
DAYS >= .01         3               4.1    -1.1        5
DAYS >= .10         1               1.6    -0.6        3
DAYS >= .50         0               0.2    -0.2        1
DAYS >= 1.00        0               0.0     0.0        0
GREATEST
 24 HR. TOTAL    0.11   06/30 TO 06/30              0.72

SNOWFALL (INCHES)
RECORDS
 TOTAL              T   2009
                        1998
                        1997
TOTALS            0.0               0.0     0.0      0.0
SINCE 7/1        28.5              19.1     9.4     12.6
SNOWDEPTH AVG.      0                MM      MM       MM
DAYS >= 1.0         0               0.0     0.0        0
GREATEST
 SNOW DEPTH         0   06/30                          0  06/30
 24 HR TOTAL      0.0   06/30 TO 06/30               0.0

DEGREE_DAYS
HEATING TOTAL       1                22     -21       12
 SINCE 7/1       5715              5611     104     5179
COOLING TOTAL     350               231     119      290
 SINCE 1/1        363               282      81      298
.................................................................

WIND (MPH)
AVERAGE WIND SPEED              9.4
HIGHEST WIND SPEED/DIRECTION    44/180    DATE  06/06
HIGHEST GUST SPEED/DIRECTION    56/170    DATE  06/06

SKY COVER
POSSIBLE SUNSHINE (PERCENT)   MM
AVERAGE SKY COVER           0.00
NUMBER OF DAYS FAIR           29
NUMBER OF DAYS PC              1
NUMBER OF DAYS CLOUDY          0

AVERAGE RH (PERCENT)     28

WEATHER CONDITIONS. NUMBER OF DAYS WITH
THUNDERSTORM              8     MIXED PRECIP               0
HEAVY RAIN                0     RAIN                       0
LIGHT RAIN               10     FREEZING RAIN              0
LT FREEZING RAIN          0     HAIL                       0
HEAVY SNOW                0     SNOW                       0
LIGHT SNOW                0     SLEET                      0
FOG                       1     FOG W/VIS <= 1/4 MILE      0
HAZE                      1

-  INDICATES NEGATIVE NUMBERS.
R  INDICATES RECORD WAS SET OR TIED.
MM INDICATES DATA IS MISSING.
T  INDICATES TRACE AMOUNT.

$$
