000
CXUS55 KGJT 012129 CCA
CLMGJT

CLIMATE REPORT...CORR TO RECORD SNOWFALL YEAR
NATIONAL WEATHER SERVICE GRAND JUNCTION CO
540 AM MDT TUE APR 1 2014

...................................

...THE GRAND JUNCTION CO CLIMATE SUMMARY FOR THE MONTH OF MARCH 2014...

CLIMATE NORMAL PERIOD 1981 TO 2010
CLIMATE RECORD PERIOD 1893 TO 2014

WEATHER         OBSERVED          NORMAL  DEPART  LAST YEAR`S
                 VALUE   DATE(S)  VALUE   FROM    VALUE  DATE(S)
                                          NORMAL
................................................................
TEMPERATURE (F)
RECORD
 HIGH              81   03/20/2004
                        03/26/1971
                        03/19/1907
 LOW                5   03/11/1948
                        03/05/1939
HIGHEST            67   03/30        60       7       71  03/31
                                                          03/29
LOWEST             22   03/19        27      -5       14  03/24
AVG. MAXIMUM     57.5              56.5     1.0     57.2
AVG. MINIMUM     30.0              31.4    -1.4     30.4
MEAN             43.8              43.9    -0.1     43.8
DAYS MAX >= 90      0               0.0     0.0        0
DAYS MAX <= 32      0               0.1    -0.1        0
DAYS MIN <= 32     21              17.1     3.9       20
DAYS MIN <= 0       0               0.0     0.0        0

PRECIPITATION (INCHES)
RECORD
 MAXIMUM         2.36   1912
 MINIMUM         0.02   2004
                        1972
                        1971
TOTALS           0.10              0.92   -0.82     0.35
DAILY AVG.       0.00              0.03   -0.03     0.01
DAYS >= .01         6               7.3    -1.3        5
DAYS >= .10         0               3.2    -3.2        2
DAYS >= .50         0               0.2    -0.2        0
DAYS >= 1.00        0               0.0     0.0        0
GREATEST
 24 HR. TOTAL    0.04   03/07 TO 03/07              0.11

SNOWFALL (INCHES)
RECORDS
 TOTAL           15.9   1918

TOTALS              T               2.6    -2.6        T
SINCE 7/1        25.7              18.1     7.6     20.0
SNOWDEPTH AVG.      0                MM      MM        0
DAYS >= 1.0         0               0.9    -0.9        0
GREATEST
 SNOW DEPTH         0   MM                             0  MM
 24 HR TOTAL        T   03/18 TO 03/18                 T

DEGREE_DAYS
HEATING TOTAL     652               653      -1      649
 SINCE 7/1       5590              5032     558     5412
COOLING TOTAL       0                 0       0        0
 SINCE 1/1          0                 0       0        0
.................................................................

WIND (MPH)
AVERAGE WIND SPEED              8.2
HIGHEST WIND SPEED/DIRECTION    43/270    DATE  03/17
HIGHEST GUST SPEED/DIRECTION    62/240    DATE  03/30

SKY COVER
POSSIBLE SUNSHINE (PERCENT)   MM
AVERAGE SKY COVER           0.20
NUMBER OF DAYS FAIR           22
NUMBER OF DAYS PC              9
NUMBER OF DAYS CLOUDY          0

AVERAGE RH (PERCENT)     46

WEATHER CONDITIONS. NUMBER OF DAYS WITH
THUNDERSTORM              0     MIXED PRECIP               0
HEAVY RAIN                0     RAIN                       0
LIGHT RAIN                9     FREEZING RAIN              0
LT FREEZING RAIN          0     HAIL                       0
HEAVY SNOW                0     SNOW                       0
LIGHT SNOW                1     SLEET                      0
FOG                       1     FOG W/VIS <= 1/4 MILE      0
HAZE                      4

-  INDICATES NEGATIVE NUMBERS.
R  INDICATES RECORD WAS SET OR TIED.
MM INDICATES DATA IS MISSING.
T  INDICATES TRACE AMOUNT.

$$
