000
CXUS55 KGJT 050813 CCA
CLMGJT

CLIMATE REPORT...COR TO APR RECORD SNOWFALL YEAR
NATIONAL WEATHER SERVICE GRAND JUNCTION CO
428 AM MDT MON MAY 1 2017

...................................

...THE GRAND JUNCTION CO CLIMATE SUMMARY FOR THE MONTH OF APRIL 2017...

CLIMATE NORMAL PERIOD 1981 TO 2010
CLIMATE RECORD PERIOD 1893 TO 2017

WEATHER         OBSERVED          NORMAL  DEPART  LAST YEAR`S
                 VALUE   DATE(S)  VALUE   FROM    VALUE  DATE(S)
                                          NORMAL
................................................................
TEMPERATURE (F)
RECORD
 HIGH              89   04/24/2012
                        04/23/2012
                        04/30/1992
 LOW               11   04/02/1975
HIGHEST            81   04/18        69      12       80  04/22
                        04/13
LOWEST             24   04/28        34     -10       28  04/06
                        04/05
AVG. MAXIMUM     66.7              65.3     1.4     62.8
AVG. MINIMUM     38.0              38.1    -0.1     38.0
MEAN             52.3              51.7     0.6     50.4
DAYS MAX >= 90      0               0.0     0.0        0
DAYS MAX <= 32      0               0.0     0.0        0
DAYS MIN <= 32      5               6.2    -1.2        6
DAYS MIN <= 0       0               0.0     0.0        0

PRECIPITATION (INCHES)
RECORD
 MAXIMUM         2.30   2004
 MINIMUM         0.05   1939
TOTALS           0.23              0.91   -0.68     1.62
DAILY AVG.       0.01              0.03   -0.02     0.05
DAYS >= .01         7               7.3    -0.3       10
DAYS >= .10         1               2.9    -1.9        5
DAYS >= .50         0               0.2    -0.2        1
DAYS >= 1.00        0               0.0     0.0        0
GREATEST
 24 HR. TOTAL    0.19   03/31 TO 04/01              0.51
                        04/01 TO 04/01
                        04/01 TO 04/02

SNOWFALL (INCHES)
RECORDS
 TOTAL           14.3   1975
TOTALS            0.0               0.9    -0.9        T
SINCE 7/1        13.9              19.0    -5.1     28.5
SNOWDEPTH AVG.      0                MM      MM        0
DAYS >= 1.0         0               0.3    -0.3        0
GREATEST
 SNOW DEPTH         0   MM                             0  MM
 24 HR TOTAL      0.0   04/30 TO 04/30                 T

DEGREE_DAYS
HEATING TOTAL     373               402     -29      430
 SINCE 7/1       4460              5434    -974     5522
COOLING TOTAL       1                 3      -2        0
 SINCE 1/1          1                 3      -2        0
.................................................................

WIND (MPH)
AVERAGE WIND SPEED              8.8
HIGHEST WIND SPEED/DIRECTION    37/220    DATE  04/09
HIGHEST GUST SPEED/DIRECTION    49/230    DATE  04/09

SKY COVER
POSSIBLE SUNSHINE (PERCENT)   MM
AVERAGE SKY COVER           0.30
NUMBER OF DAYS FAIR           21
NUMBER OF DAYS PC              7
NUMBER OF DAYS CLOUDY          2

AVERAGE RH (PERCENT)     41

WEATHER CONDITIONS. NUMBER OF DAYS WITH
THUNDERSTORM              0     MIXED PRECIP               0
HEAVY RAIN                0     RAIN                       1
LIGHT RAIN                8     FREEZING RAIN              0
LT FREEZING RAIN          0     HAIL                       0
HEAVY SNOW                0     SNOW                       0
LIGHT SNOW                0     SLEET                      0
FOG                       2     FOG W/VIS <= 1/4 MILE      0
HAZE                      0

-  INDICATES NEGATIVE NUMBERS.
R  INDICATES RECORD WAS SET OR TIED.
MM INDICATES DATA IS MISSING.
T  INDICATES TRACE AMOUNT.

$$
