000
CXUS53 KGLD 022000
CLMGLD

CLIMATE REPORT
NATIONAL WEATHER SERVICE GOODLAND
1250 PM MST TUE FEB 2 2016

...................................

...THE GOODLAND KS CLIMATE SUMMARY FOR THE MONTH OF JANUARY 2016...

CLIMATE NORMAL PERIOD 1981 TO 2010
CLIMATE RECORD PERIOD 1895 TO 2016

WEATHER         OBSERVED          NORMAL  DEPART  LAST YEAR`S
                 VALUE   DATE(S)  VALUE   FROM    VALUE  DATE(S)
                                          NORMAL
................................................................
TEMPERATURE (F)
RECORD
 HIGH              79   01/27/2015
                        01/26/1951
                        86/12/2537
 LOW              -26   01/03/1959
HIGHEST            65   01/23        66      -1       79  01/27
LOWEST              5   01/18        -2       7       -4  01/04
AVG. MAXIMUM     46.5              42.4     4.1     44.3
AVG. MINIMUM     17.3              16.9     0.4     19.5
MEAN             31.9              29.6     2.3     31.9
DAYS MAX >= 90      0               0.0     0.0        0
DAYS MAX <= 32      4               7.6    -3.6        8
DAYS MIN <= 32     30              30.1    -0.1       27
DAYS MIN <= 0       0               1.9    -1.9        2

PRECIPITATION (INCHES)
RECORD
 MAXIMUM         1.59   1988
 MINIMUM         0.00   1986
TOTALS           0.04              0.38   -0.34     0.28
DAILY AVG.       0.00              0.01   -0.01     0.01
DAYS >= .01         3               3.9    -0.9        5
DAYS >= .10         0               1.1    -1.1        1
DAYS >= .50         0               0.1    -0.1        0
DAYS >= 1.00        0               0.0     0.0        0
GREATEST
 24 HR. TOTAL    0.02   01/07 TO 01/08              0.14

SNOWFALL (INCHES)
RECORDS
 TOTAL           19.4   1988
TOTALS            0.2               5.9    -5.7      2.4
SINCE 7/1        10.1              18.6    -8.5     12.3
SNOWDEPTH AVG.      0                 3      -3        1
DAYS >= 1.0         0               1.5    -1.5        1
GREATEST
 SNOW DEPTH         T   01/09                          4  01/04
                        01/10                             01/03
                                                          01/02
 24 HR TOTAL      0.2   01/07 TO 01/08              0.33  01/20 TO 01/20

DEGREE_DAYS
HEATING TOTAL    1019              1096     -77     1016
 SINCE 7/1       3061              3503    -442     3330
COOLING TOTAL       0                 0       0        0
 SINCE 1/1          0                 0       0        0
.................................................

WIND (MPH)
AVERAGE WIND SPEED              11.1
HIGHEST WIND SPEED/DIRECTION    44/330    DATE  01/29
HIGHEST GUST SPEED/DIRECTION    54/330    DATE  01/29

SKY COVER
AVERAGE SKY COVER           0.30

AVERAGE RH (PERCENT)     62

WEATHER CONDITIONS. NUMBER OF DAYS WITH
THUNDERSTORM              0     MIXED PRECIP               0
HEAVY RAIN                0     RAIN                       0
LIGHT RAIN                0     FREEZING RAIN              0
LT FREEZING RAIN          0     HAIL                       0
HEAVY SNOW                0     SNOW                       0
LIGHT SNOW                4     SLEET                      0
FOG                       8     FOG W/VIS <= 1/4 MILE      2
HAZE                      2

-  INDICATES NEGATIVE NUMBERS.
R  INDICATES RECORD WAS SET OR TIED.
MM INDICATES DATA IS MISSING.
T  INDICATES TRACE AMOUNT.

$$
