000
CXUS53 KGLD 051014
CLMGLD

CLIMATE REPORT
NATIONAL WEATHER SERVICE GOODLAND
412 AM MDT THU OCT 5 2017

...................................

...THE GOODLAND KS CLIMATE SUMMARY FOR THE MONTH OF SEPTEMBER 2017...

CLIMATE NORMAL PERIOD 1981 TO 2010
CLIMATE RECORD PERIOD 1895 TO 2017

WEATHER         OBSERVED          NORMAL  DEPART  LAST YEAR`S
                 VALUE   DATE(S)  VALUE   FROM    VALUE  DATE(S)
                                          NORMAL
................................................................
TEMPERATURE (F)
RECORD
 HIGH             105   09/02/1939
 LOW               19   09/30/1985
HIGHEST            96   09/03        95       1       95  09/05
LOWEST             38   09/27        35       3       38  09/26
AVG. MAXIMUM     80.1              79.1     1.0     82.1
AVG. MINIMUM     51.5              50.1     1.4     51.7
MEAN             65.8              64.6     1.2     66.9
DAYS MAX >= 90     12               5.0     7.0        8
DAYS MAX <= 32      0               0.0     0.0        0
DAYS MIN <= 32      0               0.5    -0.5        0
DAYS MIN <= 0       0               0.0     0.0        0

PRECIPITATION (INCHES)
RECORD
 MAXIMUM         6.49   2013
 MINIMUM         0.01   1922
TOTALS           3.85              1.22    2.63     2.49
DAILY AVG.       0.13              0.04    0.09     0.08
DAYS >= .01         7               5.5     1.5        8
DAYS >= .10         4               2.9     1.1        5
DAYS >= .50         2               0.6     1.4        2
DAYS >= 1.00        2               0.2     1.8        1
GREATEST
 24 HR. TOTAL    1.73   09/24 TO 09/24              1.60

SNOWFALL (INCHES)
RECORDS
 TOTAL            5.8   1995
TOTALS            0.0               0.4    -0.4        T
SINCE 7/1           T               0.4    -0.4        T
SNOWDEPTH AVG.      0                                  0
DAYS >= 1.0         0               0.1    -0.1        0
GREATEST
 SNOW DEPTH         0                                  0
 24 HR TOTAL      0.0   09/30 TO 09/30           09/04 TO 09/04

DEGREE_DAYS
HEATING TOTAL     108               112      -4       58
 SINCE 7/1        108               124     -16       65
COOLING TOTAL     139               100      39      122
 SINCE 1/1        958               933      25     1071
.....................................................

WIND (MPH)
AVERAGE WIND SPEED              10.0
HIGHEST WIND SPEED/DIRECTION    39/190    DATE  09/22
HIGHEST GUST SPEED/DIRECTION    50/190    DATE  09/22

SKY COVER
AVERAGE SKY COVER           0.30

AVERAGE RH (PERCENT)     62

WEATHER CONDITIONS. NUMBER OF DAYS WITH
THUNDERSTORM              4     MIXED PRECIP               0
HEAVY RAIN                4     RAIN                       3
LIGHT RAIN                8     FREEZING RAIN              0
LT FREEZING RAIN          0     HAIL                       0
HEAVY SNOW                0     SNOW                       0
LIGHT SNOW                0     SLEET                      0
FOG                      11     FOG W/VIS <= 1/4 MILE      1
HAZE                      6

-  INDICATES NEGATIVE NUMBERS.
R  INDICATES RECORD WAS SET OR TIED.
MM INDICATES DATA IS MISSING.
T  INDICATES TRACE AMOUNT.

$$
