000
CXUS53 KGLD 031841
CLMGLD

CLIMATE REPORT
NATIONAL WEATHER SERVICE GOODLAND
1140 AM MST MON NOV 3 2014

...................................

...THE GOODLAND KS CLIMATE SUMMARY FOR THE MONTH OF OCTOBER 2014...

CLIMATE NORMAL PERIOD 1981 TO 2010
CLIMATE RECORD PERIOD 1895 TO 2014

WEATHER         OBSERVED          NORMAL  DEPART  LAST YEAR`S
                 VALUE   DATE(S)  VALUE   FROM    VALUE  DATE(S)
                                          NORMAL
................................................................
TEMPERATURE (F)
RECORD
 HIGH              96   10/17/1926
 LOW                1   10/29/1917
HIGHEST            89   10/24        87       2       83  10/10
LOWEST             23   10/31        22       1       28  10/16
AVG. MAXIMUM     70.8              66.2     4.6     63.1
AVG. MINIMUM     38.4              37.5     0.9     36.9
MEAN             54.6              51.9     2.7     50.0
DAYS MAX >= 90      0               0.5    -0.5        0
DAYS MAX <= 32      0               0.4    -0.4        0
DAYS MIN <= 32      5               7.4    -2.4        7
DAYS MIN <= 0       0               0.0     0.0        0

PRECIPITATION (INCHES)
RECORD
 MAXIMUM         4.94   1930
 MINIMUM         0.00   1910
TOTALS           0.44              1.37   -0.93     1.24
DAILY AVG.       0.01              0.04   -0.03     0.04
DAYS >= .01         3               5.6    -2.6        8
DAYS >= .10         2               2.9    -0.9        5
DAYS >= .50         0               0.8    -0.8        0
DAYS >= 1.00        0               0.3    -0.3        0
GREATEST
 24 HR. TOTAL    0.42   10/09 TO 10/10              0.41
 STORM TOTAL       MM
 (MM/DD(HH))            MM

SNOWFALL (INCHES)
RECORDS
 TOTAL           19.5   1997
TOTALS            0.0               2.2    -2.2      4.0
SINCE 7/1           T               2.6    -2.6      4.0
SNOWDEPTH AVG.      0                MM      MM        0
DAYS >= 1.0         0               0.5    -0.5        1
GREATEST
 SNOW DEPTH         0   MM                             2  10/18
 24 HR TOTAL      0.0   10/31 TO 10/31           10/18 TO 10/18
                                                          10/18 TO 10/18
                                                          10/18 TO 10/18

DEGREE_DAYS
HEATING TOTAL     315               416    -101      457
 SINCE 7/1        428               540    -112      511
COOLING TOTAL       1                 8      -7        0
 SINCE 1/1        920               941     -21     1181
.........................................................

WIND (MPH)
AVERAGE WIND SPEED              10.5
HIGHEST WIND SPEED/DIRECTION    39/350    DATE  10/05
HIGHEST GUST SPEED/DIRECTION    50/350    DATE  10/05

SKY COVER
AVERAGE SKY COVER           0.10

AVERAGE RH (PERCENT)     59

WEATHER CONDITIONS. NUMBER OF DAYS WITH
THUNDERSTORM              0     MIXED PRECIP               0
HEAVY RAIN                0     RAIN                       0
LIGHT RAIN                6     FREEZING RAIN              0
LT FREEZING RAIN          0     HAIL                       0
HEAVY SNOW                0     SNOW                       0
LIGHT SNOW                0     SLEET                      0
FOG                       5     FOG W/VIS <= 1/4 MILE      1
HAZE                      4

-  INDICATES NEGATIVE NUMBERS.
R  INDICATES RECORD WAS SET OR TIED.
MM INDICATES DATA IS MISSING.
T  INDICATES TRACE AMOUNT.

$$
