227
CXUS53 KGLD 031808
CLMGLD

CLIMATE REPORT
NATIONAL WEATHER SERVICE GOODLAND
1106 AM MST SAT DEC 3 2016

...................................

...THE GOODLAND KS CLIMATE SUMMARY FOR THE MONTH OF NOVEMBER 2016...

CLIMATE NORMAL PERIOD 1981 TO 2010
CLIMATE RECORD PERIOD 1895 TO 2016

WEATHER         OBSERVED          NORMAL  DEPART  LAST YEAR`S
                 VALUE   DATE(S)  VALUE   FROM    VALUE  DATE(S)
                                          NORMAL
................................................................
TEMPERATURE (F)
RECORD
 HIGH              87   11/10/1927
 LOW              -12   11/28/1952
HIGHEST            82   11/16        75       7       81  11/03
LOWEST             13   11/19         8       5       17  11/27
AVG. MAXIMUM     61.4              52.4     9.0     53.1
AVG. MINIMUM     29.7              25.7     4.0     26.6
MEAN             45.5              39.0     6.5     39.8
DAYS MAX >= 90      0               0.0     0.0        0
DAYS MAX <= 32      0               2.2    -2.2        3
DAYS MIN <= 32     17              22.8    -5.8       25
DAYS MIN <= 0       0               0.1    -0.1        0

PRECIPITATION (INCHES)
RECORD
 MAXIMUM         2.63   1946
 MINIMUM            T   2012
                        2002
                        1959
TOTALS           0.21              0.71   -0.50     0.89
DAILY AVG.       0.01              0.02   -0.01     0.03
DAYS >= .01         2               4.6    -2.6        6
DAYS >= .10         2               1.9     0.1        3
DAYS >= .50         0               0.3    -0.3        0
DAYS >= 1.00        0               0.1    -0.1        0
GREATEST
 24 HR. TOTAL    0.11   11/21 TO 11/22              0.29

SNOWFALL (INCHES)
RECORDS
 TOTAL           29.0   1908
TOTALS            0.6               4.6    -4.0      8.2
SINCE 7/1         0.6               7.2    -6.6      8.2
SNOWDEPTH AVG.      0                                  0
DAYS >= 1.0         0               1.4    -1.4        3
GREATEST
 SNOW DEPTH         1   11/18                          4  11/18
 24 HR TOTAL      0.6

DEGREE_DAYS
HEATING TOTAL     578               779    -201      745
 SINCE 7/1        863              1319    -456     1060
COOLING TOTAL       0                 0       0        0
 SINCE 1/1       1103               941     162     1145
........................................................

WIND (MPH)
AVERAGE WIND SPEED              12.6
HIGHEST WIND SPEED/DIRECTION    39/320    DATE  11/29
HIGHEST GUST SPEED/DIRECTION    52/280    DATE  11/27

SKY COVER
AVERAGE SKY COVER           0.10

AVERAGE RH (PERCENT)     54

WEATHER CONDITIONS. NUMBER OF DAYS WITH
THUNDERSTORM              0     MIXED PRECIP               0
HEAVY RAIN                0     RAIN                       1
LIGHT RAIN                3     FREEZING RAIN              0
LT FREEZING RAIN          0     HAIL                       0
HEAVY SNOW                0     SNOW                       0
LIGHT SNOW                4     SLEET                      0
FOG                       6     FOG W/VIS <= 1/4 MILE      0
HAZE                      0

-  INDICATES NEGATIVE NUMBERS.
R  INDICATES RECORD WAS SET OR TIED.
MM INDICATES DATA IS MISSING.
T  INDICATES TRACE AMOUNT.

$$
